{"id":5684,"date":"2025-09-06T13:26:21","date_gmt":"2025-09-06T06:26:21","guid":{"rendered":"https:\/\/gvgarden.asia\/?post_type=product&#038;p=5684"},"modified":"2025-09-19T15:22:09","modified_gmt":"2025-09-19T08:22:09","slug":"la-duong-xi-da-lat","status":"publish","type":"product","link":"https:\/\/gvgarden.asia\/?product=la-duong-xi-da-lat","title":{"rendered":"L\u00e1 D\u01b0\u01a1ng X\u1ec9"},"content":{"rendered":"<div id=\"ez-toc-container\" class=\"ez-toc-v2_0_76 counter-hierarchy ez-toc-counter ez-toc-grey ez-toc-container-direction\">\n<div class=\"ez-toc-title-container\">\n<p class=\"ez-toc-title\" style=\"cursor:inherit\">N\u1ed9i Dung B\u00e0i Vi\u1ebft<\/p>\n<span class=\"ez-toc-title-toggle\"><a href=\"#\" class=\"ez-toc-pull-right ez-toc-btn ez-toc-btn-xs ez-toc-btn-default ez-toc-toggle\" aria-label=\"Toggle Table of Content\"><span class=\"ez-toc-js-icon-con\"><span class=\"\"><span class=\"eztoc-hide\" style=\"display:none;\">Toggle<\/span><span class=\"ez-toc-icon-toggle-span\"><svg style=\"fill: #999;color:#999\" xmlns=\"http:\/\/www.w3.org\/2000\/svg\" class=\"list-377408\" width=\"20px\" height=\"20px\" viewBox=\"0 0 24 24\" fill=\"none\"><path d=\"M6 6H4v2h2V6zm14 0H8v2h12V6zM4 11h2v2H4v-2zm16 0H8v2h12v-2zM4 16h2v2H4v-2zm16 0H8v2h12v-2z\" fill=\"currentColor\"><\/path><\/svg><svg style=\"fill: #999;color:#999\" class=\"arrow-unsorted-368013\" xmlns=\"http:\/\/www.w3.org\/2000\/svg\" width=\"10px\" height=\"10px\" viewBox=\"0 0 24 24\" version=\"1.2\" baseProfile=\"tiny\"><path d=\"M18.2 9.3l-6.2-6.3-6.2 6.3c-.2.2-.3.4-.3.7s.1.5.3.7c.2.2.4.3.7.3h11c.3 0 .5-.1.7-.3.2-.2.3-.5.3-.7s-.1-.5-.3-.7zM5.8 14.7l6.2 6.3 6.2-6.3c.2-.2.3-.5.3-.7s-.1-.5-.3-.7c-.2-.2-.4-.3-.7-.3h-11c-.3 0-.5.1-.7.3-.2.2-.3.5-.3.7s.1.5.3.7z\"\/><\/svg><\/span><\/span><\/span><\/a><\/span><\/div>\n<nav><ul class='ez-toc-list ez-toc-list-level-1 eztoc-toggle-hide-by-default' ><li class='ez-toc-page-1 ez-toc-heading-level-2'><a class=\"ez-toc-link ez-toc-heading-1\" href=\"https:\/\/gvgarden.asia\/?product=la-duong-xi-da-lat\/#la_duong_xi_da_lat_%e2%80%93_ve_dep_tu_nhien_thanh_khiet\" >L\u00e1 D\u01b0\u01a1ng X\u1ec9 \u0110\u00e0 L\u1ea1t \u2013 V\u1ebb \u0110\u1eb9p T\u1ef1 Nhi\u00ean Thanh Khi\u1ebft<\/a><ul class='ez-toc-list-level-3' ><li class='ez-toc-heading-level-3'><a class=\"ez-toc-link ez-toc-heading-2\" href=\"https:\/\/gvgarden.asia\/?product=la-duong-xi-da-lat\/#gioi_thieu_ve_la_duong_xi_da_lat\" >Gi\u1edbi thi\u1ec7u v\u1ec1 l\u00e1 d\u01b0\u01a1ng x\u1ec9 \u0110\u00e0 L\u1ea1t<\/a><\/li><li class='ez-toc-page-1 ez-toc-heading-level-3'><a class=\"ez-toc-link ez-toc-heading-3\" href=\"https:\/\/gvgarden.asia\/?product=la-duong-xi-da-lat\/#y_nghia_cua_la_duong_xi\" >\u00dd ngh\u0129a c\u1ee7a l\u00e1 d\u01b0\u01a1ng x\u1ec9<\/a><ul class='ez-toc-list-level-4' ><li class='ez-toc-heading-level-4'><a class=\"ez-toc-link ez-toc-heading-4\" href=\"https:\/\/gvgarden.asia\/?product=la-duong-xi-da-lat\/#bieu_tuong_cua_su_kien_cuong_va_truong_ton\" >Bi\u1ec3u t\u01b0\u1ee3ng c\u1ee7a s\u1ef1 ki\u00ean c\u01b0\u1eddng v\u00e0 tr\u01b0\u1eddng t\u1ed3n<\/a><\/li><li class='ez-toc-page-1 ez-toc-heading-level-4'><a class=\"ez-toc-link ez-toc-heading-5\" href=\"https:\/\/gvgarden.asia\/?product=la-duong-xi-da-lat\/#y_nghia_phong_thuy\" >\u00dd ngh\u0129a phong th\u1ee7y<\/a><\/li><li class='ez-toc-page-1 ez-toc-heading-level-4'><a class=\"ez-toc-link ez-toc-heading-6\" href=\"https:\/\/gvgarden.asia\/?product=la-duong-xi-da-lat\/#bieu_trung_trong_nghe_thuat_cam_hoa\" >Bi\u1ec3u tr\u01b0ng trong ngh\u1ec7 thu\u1eadt c\u1eafm hoa<\/a><\/li><\/ul><\/li><li class='ez-toc-page-1 ez-toc-heading-level-3'><a class=\"ez-toc-link ez-toc-heading-7\" href=\"https:\/\/gvgarden.asia\/?product=la-duong-xi-da-lat\/#dac_diem_cua_la_duong_xi_da_lat\" >\u0110\u1eb7c \u0111i\u1ec3m c\u1ee7a l\u00e1 d\u01b0\u01a1ng x\u1ec9 \u0110\u00e0 L\u1ea1t<\/a><ul class='ez-toc-list-level-4' ><li class='ez-toc-heading-level-4'><a class=\"ez-toc-link ez-toc-heading-8\" href=\"https:\/\/gvgarden.asia\/?product=la-duong-xi-da-lat\/#hinh_dang_va_mau_sac\" >H\u00ecnh d\u00e1ng v\u00e0 m\u00e0u s\u1eafc<\/a><\/li><li class='ez-toc-page-1 ez-toc-heading-level-4'><a class=\"ez-toc-link ez-toc-heading-9\" href=\"https:\/\/gvgarden.asia\/?product=la-duong-xi-da-lat\/#do_ben\" >\u0110\u1ed9 b\u1ec1n<\/a><\/li><li class='ez-toc-page-1 ez-toc-heading-level-4'><a class=\"ez-toc-link ez-toc-heading-10\" href=\"https:\/\/gvgarden.asia\/?product=la-duong-xi-da-lat\/#nguon_goc_va_mua_vu\" >Ngu\u1ed3n g\u1ed1c v\u00e0 m\u00f9a v\u1ee5<\/a><\/li><\/ul><\/li><li class='ez-toc-page-1 ez-toc-heading-level-3'><a class=\"ez-toc-link ez-toc-heading-11\" href=\"https:\/\/gvgarden.asia\/?product=la-duong-xi-da-lat\/#ung_dung_cua_la_duong_xi_trong_doi_song_va_nghe_thuat\" >\u1ee8ng d\u1ee5ng c\u1ee7a l\u00e1 d\u01b0\u01a1ng x\u1ec9 trong \u0111\u1eddi s\u1ed1ng v\u00e0 ngh\u1ec7 thu\u1eadt<\/a><ul class='ez-toc-list-level-4' ><li class='ez-toc-heading-level-4'><a class=\"ez-toc-link ez-toc-heading-12\" href=\"https:\/\/gvgarden.asia\/?product=la-duong-xi-da-lat\/#trong_nghe_thuat_cam_hoa\" >Trong ngh\u1ec7 thu\u1eadt c\u1eafm hoa<\/a><\/li><li class='ez-toc-page-1 ez-toc-heading-level-4'><a class=\"ez-toc-link ez-toc-heading-13\" href=\"https:\/\/gvgarden.asia\/?product=la-duong-xi-da-lat\/#trang_tri_khong_gian_song\" >Trang tr\u00ed kh\u00f4ng gian s\u1ed1ng<\/a><\/li><li class='ez-toc-page-1 ez-toc-heading-level-4'><a class=\"ez-toc-link ez-toc-heading-14\" href=\"https:\/\/gvgarden.asia\/?product=la-duong-xi-da-lat\/#nghe_thuat_cam_hoa_nghe_thuat_diy\" >Ngh\u1ec7 thu\u1eadt c\u1eafm hoa ngh\u1ec7 thu\u1eadt &amp; DIY<\/a><\/li><\/ul><\/li><li class='ez-toc-page-1 ez-toc-heading-level-3'><a class=\"ez-toc-link ez-toc-heading-15\" href=\"https:\/\/gvgarden.asia\/?product=la-duong-xi-da-lat\/#tai_sao_nen_chon_la_duong_xi_da_lat_tu_gv_garden\" >T\u1ea1i sao n\u00ean ch\u1ecdn l\u00e1 d\u01b0\u01a1ng x\u1ec9 \u0110\u00e0 L\u1ea1t t\u1eeb GV Garden?<\/a><\/li><li class='ez-toc-page-1 ez-toc-heading-level-3'><a class=\"ez-toc-link ez-toc-heading-16\" href=\"https:\/\/gvgarden.asia\/?product=la-duong-xi-da-lat\/#ket_luan\" >K\u1ebft lu\u1eadn<\/a><\/li><\/ul><\/li><\/ul><\/nav><\/div>\n<h2><span class=\"ez-toc-section\" id=\"la_duong_xi_da_lat_%e2%80%93_ve_dep_tu_nhien_thanh_khiet\"><\/span><strong>L\u00e1 D\u01b0\u01a1ng X\u1ec9 \u0110\u00e0 L\u1ea1t \u2013 V\u1ebb \u0110\u1eb9p T\u1ef1 Nhi\u00ean Thanh Khi\u1ebft<\/strong><span class=\"ez-toc-section-end\"><\/span><\/h2>\n<h3><span class=\"ez-toc-section\" id=\"gioi_thieu_ve_la_duong_xi_da_lat\"><\/span><strong>Gi\u1edbi thi\u1ec7u v\u1ec1 l\u00e1 d\u01b0\u01a1ng x\u1ec9 \u0110\u00e0 L\u1ea1t<\/strong><span class=\"ez-toc-section-end\"><\/span><\/h3>\n<div>Trong ngh\u1ec7 thu\u1eadt c\u1eafm hoa, b\u00ean c\u1ea1nh nh\u1eefng b\u00f4ng hoa r\u1ef1c r\u1ee1 th\u00ec l\u00e1 ph\u1ee5 \u0111\u00f3ng vai tr\u00f2 v\u00f4 c\u00f9ng quan tr\u1ecdng. M\u1ed9t trong nh\u1eefng lo\u1ea1i l\u00e1 \u0111\u01b0\u1ee3c \u01b0a chu\u1ed9ng v\u00e0 s\u1eed d\u1ee5ng ph\u1ed5 bi\u1ebfn nh\u1ea5t ch\u00ednh l\u00e0 l\u00e1 d\u01b0\u01a1ng x\u1ec9 \u0110\u00e0 L\u1ea1t. V\u1edbi s\u1eafc xanh t\u01b0\u01a1i m\u00e1t, h\u00ecnh d\u00e1ng c\u00e2n \u0111\u1ed1i v\u00e0 \u0111\u1ed9 b\u1ec1n cao, l\u00e1 d\u01b0\u01a1ng x\u1ec9 kh\u00f4ng ch\u1ec9 g\u00f3p ph\u1ea7n l\u00e0m n\u1ed5i b\u1eadt v\u1ebb \u0111\u1eb9p c\u1ee7a hoa ch\u00ednh m\u00e0 c\u00f2n mang \u0111\u1ebfn c\u1ea3m gi\u00e1c h\u00e0i h\u00f2a, thanh khi\u1ebft cho t\u1ed5ng th\u1ec3.<\/div>\n<div><\/div>\n<div>\u0110\u00e0 L\u1ea1t \u2013 v\u00f9ng \u0111\u1ea5t n\u1ed5i ti\u1ebfng v\u1edbi kh\u00ed h\u1eadu \u00f4n h\u00f2a quanh n\u0103m \u2013 l\u00e0 n\u01a1i l\u00fd t\u01b0\u1edfng \u0111\u1ec3 tr\u1ed3ng v\u00e0 cung c\u1ea5p ngu\u1ed3n l\u00e1 d\u01b0\u01a1ng x\u1ec9 ch\u1ea5t l\u01b0\u1ee3ng cao. Ch\u00ednh v\u00ec v\u1eady, l\u00e1 d\u01b0\u01a1ng x\u1ec9 \u0110\u00e0 L\u1ea1t lu\u00f4n l\u00e0 l\u1ef1a ch\u1ecdn h\u00e0ng \u0111\u1ea7u c\u1ee7a c\u00e1c shop hoa, nh\u00e0 thi\u1ebft k\u1ebf hoa ngh\u1ec7 thu\u1eadt v\u00e0 nh\u1eefng ai y\u00eau th\u00edch trang tr\u00ed t\u1ef1 nhi\u00ean.<\/div>\n<h3><span class=\"ez-toc-section\" id=\"y_nghia_cua_la_duong_xi\"><\/span><strong>\u00dd ngh\u0129a c\u1ee7a l\u00e1 d\u01b0\u01a1ng x\u1ec9<\/strong><span class=\"ez-toc-section-end\"><\/span><\/h3>\n<h4><span class=\"ez-toc-section\" id=\"bieu_tuong_cua_su_kien_cuong_va_truong_ton\"><\/span><strong>Bi\u1ec3u t\u01b0\u1ee3ng c\u1ee7a s\u1ef1 ki\u00ean c\u01b0\u1eddng v\u00e0 tr\u01b0\u1eddng t\u1ed3n<\/strong><span class=\"ez-toc-section-end\"><\/span><\/h4>\n<div><\/div>\n<div>Trong t\u1ef1 nhi\u00ean, d\u01b0\u01a1ng x\u1ec9 l\u00e0 lo\u00e0i c\u00e2y s\u1ed1ng m\u1ea1nh m\u1ebd \u1edf nhi\u1ec1u m\u00f4i tr\u01b0\u1eddng kh\u00e1c nhau, t\u1eeb r\u1eebng s\u00e2u, khe n\u00fai cho \u0111\u1ebfn khu v\u01b0\u1eddn nh\u1ecf trong nh\u00e0. Ch\u00ednh v\u00ec v\u1eady, l\u00e1 d\u01b0\u01a1ng x\u1ec9 t\u01b0\u1ee3ng tr\u01b0ng cho s\u1ef1 b\u1ec1n b\u1ec9, d\u1ebbo dai v\u00e0 s\u1ee9c s\u1ed1ng tr\u01b0\u1eddng t\u1ed3n.<\/div>\n<h4><span class=\"ez-toc-section\" id=\"y_nghia_phong_thuy\"><\/span><strong> \u00dd ngh\u0129a phong th\u1ee7y<\/strong><span class=\"ez-toc-section-end\"><\/span><\/h4>\n<div>Trong phong th\u1ee7y, l\u00e1 d\u01b0\u01a1ng x\u1ec9 \u0111\u01b0\u1ee3c xem l\u00e0 bi\u1ec3u t\u01b0\u1ee3ng c\u1ee7a s\u1ef1 thanh l\u1ecdc v\u00e0 c\u00e2n b\u1eb1ng n\u0103ng l\u01b0\u1ee3ng. Khi \u0111\u01b0\u1ee3c \u0111\u1eb7t trong kh\u00f4ng gian s\u1ed1ng ho\u1eb7c s\u1ef1 ki\u1ec7n, l\u00e1 d\u01b0\u01a1ng x\u1ec9 mang l\u1ea1i c\u1ea3m gi\u00e1c b\u00ecnh y\u00ean, thu h\u00fat ngu\u1ed3n n\u0103ng l\u01b0\u1ee3ng t\u00edch c\u1ef1c.<\/div>\n<h4><span class=\"ez-toc-section\" id=\"bieu_trung_trong_nghe_thuat_cam_hoa\"><\/span><strong>Bi\u1ec3u tr\u01b0ng trong ngh\u1ec7 thu\u1eadt c\u1eafm hoa<\/strong><span class=\"ez-toc-section-end\"><\/span><\/h4>\n<div>Trong ngh\u1ec7 thu\u1eadt c\u1eafm hoa, l\u00e1 d\u01b0\u01a1ng x\u1ec9 kh\u00f4ng ch\u1ec9 l\u00e0 ph\u00f4ng n\u1ec1n l\u00e0m n\u1ed5i b\u1eadt v\u1ebb \u0111\u1eb9p c\u1ee7a hoa ch\u00ednh, m\u00e0 c\u00f2n g\u1ee3i l\u00ean s\u1ef1 tinh t\u1ebf, sang tr\u1ecdng v\u00e0 g\u1ea7n g\u0169i v\u1edbi thi\u00ean nhi\u00ean.<\/div>\n<h3><span class=\"ez-toc-section\" id=\"dac_diem_cua_la_duong_xi_da_lat\"><\/span><strong>\u0110\u1eb7c \u0111i\u1ec3m c\u1ee7a l\u00e1 d\u01b0\u01a1ng x\u1ec9 \u0110\u00e0 L\u1ea1t<\/strong><span class=\"ez-toc-section-end\"><\/span><\/h3>\n<h4><span class=\"ez-toc-section\" id=\"hinh_dang_va_mau_sac\"><\/span><strong>H\u00ecnh d\u00e1ng v\u00e0 m\u00e0u s\u1eafc<\/strong><span class=\"ez-toc-section-end\"><\/span><\/h4>\n<div>L\u00e1 c\u00f3 d\u1ea1ng l\u00f4ng chim, t\u00e1n x\u00f2e r\u1ed9ng v\u00e0 \u0111\u1ed1i x\u1ee9ng.<\/div>\n<div><\/div>\n<div>M\u00e0u xanh t\u01b0\u01a1i m\u00e1t, khi gi\u00e0 c\u00f3 m\u00e0u xanh \u0111\u1eadm h\u01a1n, t\u1ea1o chi\u1ec1u s\u00e2u cho t\u1ed5ng th\u1ec3 b\u00f3 hoa.<\/div>\n<div><\/div>\n<div>B\u1ec1 m\u1eb7t l\u00e1 nh\u1eb5n, g\u00e2n l\u00e1 r\u00f5 r\u00e0ng, gi\u00fap t\u00f4n l\u00ean v\u1ebb t\u1ef1 nhi\u00ean v\u00e0 thanh tho\u00e1t.<\/div>\n<h4><span class=\"ez-toc-section\" id=\"do_ben\"><\/span><strong>\u0110\u1ed9 b\u1ec1n<\/strong><span class=\"ez-toc-section-end\"><\/span><\/h4>\n<div>M\u1ed9t trong nh\u1eefng \u01b0u \u0111i\u1ec3m l\u1edbn nh\u1ea5t c\u1ee7a l\u00e1 d\u01b0\u01a1ng x\u1ec9 \u0110\u00e0 L\u1ea1t l\u00e0 \u0111\u1ed9 b\u1ec1n. Khi \u0111\u01b0\u1ee3c c\u1eaft v\u00e0 b\u1ea3o qu\u1ea3n \u0111\u00fang c\u00e1ch, l\u00e1 c\u00f3 th\u1ec3 gi\u1eef \u0111\u01b0\u1ee3c \u0111\u1ed9 t\u01b0\u01a1i l\u00e2u t\u1eeb 7 \u2013 10 ng\u00e0y. \u0110i\u1ec1u n\u00e0y gi\u00fap ti\u1ebft ki\u1ec7m chi ph\u00ed v\u00e0 \u0111\u1ea3m b\u1ea3o ch\u1ea5t l\u01b0\u1ee3ng cho c\u00e1c c\u1eeda h\u00e0ng hoa.<\/div>\n<h4><span class=\"ez-toc-section\" id=\"nguon_goc_va_mua_vu\"><\/span><strong>Ngu\u1ed3n g\u1ed1c v\u00e0 m\u00f9a v\u1ee5<\/strong><span class=\"ez-toc-section-end\"><\/span><\/h4>\n<div>L\u00e1 d\u01b0\u01a1ng x\u1ec9 \u1edf \u0110\u00e0 L\u1ea1t \u0111\u01b0\u1ee3c tr\u1ed3ng quanh n\u0103m, nh\u1edd kh\u00ed h\u1eadu m\u00e1t m\u1ebb v\u00e0 \u0111\u1ea5t \u0111ai m\u00e0u m\u1ee1. Nh\u1edd v\u1eady, ngu\u1ed3n cung lu\u00f4n \u1ed5n \u0111\u1ecbnh, ph\u1ee5c v\u1ee5 nhu c\u1ea7u trong n\u01b0\u1edbc v\u00e0 xu\u1ea5t kh\u1ea9u.<\/div>\n<h3><span class=\"ez-toc-section\" id=\"ung_dung_cua_la_duong_xi_trong_doi_song_va_nghe_thuat\"><\/span><strong>\u1ee8ng d\u1ee5ng c\u1ee7a l\u00e1 d\u01b0\u01a1ng x\u1ec9 trong \u0111\u1eddi s\u1ed1ng v\u00e0 ngh\u1ec7 thu\u1eadt<\/strong><span class=\"ez-toc-section-end\"><\/span><\/h3>\n<h4><span class=\"ez-toc-section\" id=\"trong_nghe_thuat_cam_hoa\"><\/span><strong>Trong ngh\u1ec7 thu\u1eadt c\u1eafm hoa<\/strong><span class=\"ez-toc-section-end\"><\/span><\/h4>\n<div>L\u00e0m n\u1ec1n cho b\u00f3 hoa t\u01b0\u01a1i: L\u00e1 d\u01b0\u01a1ng x\u1ec9 \u0111\u01b0\u1ee3c s\u1eed d\u1ee5ng \u0111\u1ec3 bao quanh, t\u1ea1o khung v\u00e0 l\u00e0m n\u1ed5i b\u1eadt c\u00e1c b\u00f4ng hoa ch\u00ednh nh\u01b0 h\u1ed3ng, ly, lan, c\u00e1t t\u01b0\u1eddng\u2026<\/div>\n<div><\/div>\n<div>Trang tr\u00ed l\u1eb5ng hoa, gi\u1ecf hoa: T\u0103ng s\u1ef1 t\u1ef1 nhi\u00ean, c\u00e2n \u0111\u1ed1i v\u00e0 sang tr\u1ecdng.<\/div>\n<div><\/div>\n<div>Hoa c\u01b0\u1edbi &amp; hoa s\u1ef1 ki\u1ec7n: L\u00e1 d\u01b0\u01a1ng x\u1ec9 mang l\u1ea1i v\u1ebb \u0111\u1eb9p m\u1ec1m m\u1ea1i, t\u1ea1o s\u1ef1 tinh t\u1ebf cho c\u00e1c m\u1eabu hoa c\u01b0\u1edbi, hoa b\u00e0n ti\u1ec7c.<\/div>\n<h4><span class=\"ez-toc-section\" id=\"trang_tri_khong_gian_song\"><\/span><strong>Trang tr\u00ed kh\u00f4ng gian s\u1ed1ng<\/strong><span class=\"ez-toc-section-end\"><\/span><\/h4>\n<div>Ngo\u00e0i c\u1eafm hoa, l\u00e1 d\u01b0\u01a1ng x\u1ec9 c\u00f2n \u0111\u01b0\u1ee3c d\u00f9ng \u0111\u1ec3 trang tr\u00ed ph\u00f2ng kh\u00e1ch, b\u00e0n l\u00e0m vi\u1ec7c, nh\u00e0 h\u00e0ng, kh\u00e1ch s\u1ea1n\u2026 gi\u00fap mang l\u1ea1i s\u1ef1 t\u01b0\u01a1i m\u1edbi v\u00e0 g\u1ea7n g\u0169i v\u1edbi thi\u00ean nhi\u00ean.<\/div>\n<h4><span class=\"ez-toc-section\" id=\"nghe_thuat_cam_hoa_nghe_thuat_diy\"><\/span><strong>Ngh\u1ec7 thu\u1eadt c\u1eafm hoa ngh\u1ec7 thu\u1eadt &amp; DIY<\/strong><span class=\"ez-toc-section-end\"><\/span><\/h4>\n<div><\/div>\n<div>L\u00e1 d\u01b0\u01a1ng x\u1ec9 \u0111\u01b0\u1ee3c c\u00e1c ngh\u1ec7 nh\u00e2n v\u00e0 ng\u01b0\u1eddi y\u00eau hoa t\u1eadn d\u1ee5ng \u0111\u1ec3 l\u00e0m v\u00f2ng hoa, backdrop ch\u1ee5p \u1ea3nh, ho\u1eb7c s\u1ea3n ph\u1ea9m handmade. S\u1ef1 m\u1ec1m m\u1ea1i v\u00e0 d\u1ec5 t\u1ea1o h\u00ecnh gi\u00fap l\u00e1 d\u01b0\u01a1ng x\u1ec9 tr\u1edf th\u00e0nh l\u1ef1a ch\u1ecdn linh ho\u1ea1t trong nhi\u1ec1u \u00fd t\u01b0\u1edfng s\u00e1ng t\u1ea1o.<\/div>\n<h3><span class=\"ez-toc-section\" id=\"tai_sao_nen_chon_la_duong_xi_da_lat_tu_gv_garden\"><\/span><strong>T\u1ea1i sao n\u00ean ch\u1ecdn l\u00e1 d\u01b0\u01a1ng x\u1ec9 \u0110\u00e0 L\u1ea1t t\u1eeb GV Garden?<\/strong><span class=\"ez-toc-section-end\"><\/span><\/h3>\n<div>Ch\u1ea5t l\u01b0\u1ee3ng cao: L\u00e1 \u0111\u01b0\u1ee3c thu ho\u1ea1ch t\u01b0\u01a1i m\u1ed7i ng\u00e0y, b\u1ea3o qu\u1ea3n c\u1ea9n th\u1eadn \u0111\u1ec3 gi\u1eef \u0111\u1ed9 xanh v\u00e0 b\u1ec1n.<\/div>\n<div><\/div>\n<div>Ngu\u1ed3n cung \u1ed5n \u0111\u1ecbnh: Ph\u1ee5c v\u1ee5 c\u1ea3 kh\u00e1ch l\u1ebb v\u00e0 kh\u00e1ch s\u1ec9 tr\u00ean to\u00e0n qu\u1ed1c.<\/div>\n<div><\/div>\n<div>Gi\u00e1 c\u1ea3 h\u1ee3p l\u00fd: Cam k\u1ebft m\u1ee9c gi\u00e1 c\u1ea1nh tranh cho kh\u00e1ch h\u00e0ng.<\/div>\n<div><\/div>\n<div>D\u1ecbch v\u1ee5 t\u1eadn t\u00e2m: H\u1ed7 tr\u1ee3 t\u01b0 v\u1ea5n l\u1ef1a ch\u1ecdn lo\u1ea1i l\u00e1 ph\u1ee5 ph\u00f9 h\u1ee3p v\u1edbi t\u1eebng m\u1ee5c \u0111\u00edch s\u1eed d\u1ee5ng.<\/div>\n<h3><span class=\"ez-toc-section\" id=\"ket_luan\"><\/span><strong>K\u1ebft lu\u1eadn<\/strong><span class=\"ez-toc-section-end\"><\/span><\/h3>\n<div>L\u00e1 d\u01b0\u01a1ng x\u1ec9 \u0110\u00e0 L\u1ea1t kh\u00f4ng ch\u1ec9 l\u00e0 lo\u1ea1i l\u00e1 ph\u1ee5 th\u00f4ng th\u01b0\u1eddng m\u00e0 c\u00f2n mang \u00fd ngh\u0129a phong th\u1ee7y, gi\u00e1 tr\u1ecb th\u1ea9m m\u1ef9 v\u00e0 s\u1ef1 ti\u1ec7n \u00edch cao trong ngh\u1ec7 thu\u1eadt c\u1eafm hoa c\u0169ng nh\u01b0 trang tr\u00ed kh\u00f4ng gian. V\u1edbi \u0111\u1ed9 b\u1ec1n, m\u00e0u s\u1eafc t\u01b0\u01a1i \u0111\u1eb9p v\u00e0 kh\u1ea3 n\u0103ng \u1ee9ng d\u1ee5ng linh ho\u1ea1t, l\u00e1 d\u01b0\u01a1ng x\u1ec9 x\u1ee9ng \u0111\u00e1ng l\u00e0 l\u1ef1a ch\u1ecdn \u0111\u1ed3ng h\u00e0nh c\u00f9ng m\u1ecdi thi\u1ebft k\u1ebf hoa ngh\u1ec7 thu\u1eadt.<\/div>\n<div><\/div>\n<div>T\u1ea1i GV Garden, ch\u00fang t\u00f4i t\u1ef1 h\u00e0o mang \u0111\u1ebfn cho kh\u00e1ch h\u00e0ng ngu\u1ed3n l\u00e1 d\u01b0\u01a1ng x\u1ec9 \u0110\u00e0 L\u1ea1t ch\u1ea5t l\u01b0\u1ee3ng cao, \u0111\u00e1p \u1ee9ng m\u1ecdi nhu c\u1ea7u t\u1eeb hoa c\u01b0\u1edbi, s\u1ef1 ki\u1ec7n cho \u0111\u1ebfn trang tr\u00ed th\u01b0\u1eddng ng\u00e0y.<\/div>\n","protected":false},"excerpt":{"rendered":"<p>L\u00e1 D\u01b0\u01a1ng X\u1ec9 \u0110\u00e0 L\u1ea1t \u2013 V\u1ebb \u0110\u1eb9p T\u1ef1 Nhi\u00ean Thanh Khi\u1ebft Gi\u1edbi thi\u1ec7u v\u1ec1 l\u00e1 d\u01b0\u01a1ng x\u1ec9 \u0110\u00e0 L\u1ea1t Trong ngh\u1ec7 thu\u1eadt c\u1eafm hoa, b\u00ean c\u1ea1nh nh\u1eefng b\u00f4ng hoa r\u1ef1c r\u1ee1 th\u00ec l\u00e1 ph\u1ee5 \u0111\u00f3ng vai tr\u00f2 v\u00f4 c\u00f9ng quan tr\u1ecdng. M\u1ed9t trong nh\u1eefng lo\u1ea1i l\u00e1 \u0111\u01b0\u1ee3c \u01b0a chu\u1ed9ng v\u00e0 s\u1eed d\u1ee5ng ph\u1ed5 bi\u1ebfn [&#8230;]\n","protected":false},"featured_media":5827,"comment_status":"open","ping_status":"closed","template":"","meta":[],"product_brand":[],"product_cat":[273,299],"product_tag":[469,465,466,467,468],"class_list":{"0":"post-5684","1":"product","2":"type-product","3":"status-publish","4":"has-post-thumbnail","6":"product_cat-hoa-noi-dia-viet-nam","7":"product_cat-hoa-la-phu-da-lat","8":"product_tag-la-duong-xi-dep","9":"product_tag-la-duong-xi-xanh","10":"product_tag-la-phu-cam-hoa-da-lat","11":"product_tag-mua-la-duong-xi-tuoi","12":"product_tag-trang-tri-hoa-tuoi-bang-la-duong-xi","14":"first","15":"instock","16":"shipping-taxable","17":"product-type-simple"},"_links":{"self":[{"href":"https:\/\/gvgarden.asia\/index.php?rest_route=\/wp\/v2\/product\/5684","targetHints":{"allow":["GET"]}}],"collection":[{"href":"https:\/\/gvgarden.asia\/index.php?rest_route=\/wp\/v2\/product"}],"about":[{"href":"https:\/\/gvgarden.asia\/index.php?rest_route=\/wp\/v2\/types\/product"}],"replies":[{"embeddable":true,"href":"https:\/\/gvgarden.asia\/index.php?rest_route=%2Fwp%2Fv2%2Fcomments&post=5684"}],"version-history":[{"count":1,"href":"https:\/\/gvgarden.asia\/index.php?rest_route=\/wp\/v2\/product\/5684\/revisions"}],"predecessor-version":[{"id":5685,"href":"https:\/\/gvgarden.asia\/index.php?rest_route=\/wp\/v2\/product\/5684\/revisions\/5685"}],"wp:featuredmedia":[{"embeddable":true,"href":"https:\/\/gvgarden.asia\/index.php?rest_route=\/wp\/v2\/media\/5827"}],"wp:attachment":[{"href":"https:\/\/gvgarden.asia\/index.php?rest_route=%2Fwp%2Fv2%2Fmedia&parent=5684"}],"wp:term":[{"taxonomy":"product_brand","embeddable":true,"href":"https:\/\/gvgarden.asia\/index.php?rest_route=%2Fwp%2Fv2%2Fproduct_brand&post=5684"},{"taxonomy":"product_cat","embeddable":true,"href":"https:\/\/gvgarden.asia\/index.php?rest_route=%2Fwp%2Fv2%2Fproduct_cat&post=5684"},{"taxonomy":"product_tag","embeddable":true,"href":"https:\/\/gvgarden.asia\/index.php?rest_route=%2Fwp%2Fv2%2Fproduct_tag&post=5684"}],"curies":[{"name":"wp","href":"https:\/\/api.w.org\/{rel}","templated":true}]}}