{"id":5655,"date":"2025-09-06T12:39:35","date_gmt":"2025-09-06T05:39:35","guid":{"rendered":"https:\/\/gvgarden.asia\/?post_type=product&#038;p=5655"},"modified":"2025-09-06T12:41:46","modified_gmt":"2025-09-06T05:41:46","slug":"hoa-hong-do-ot-da-lat","status":"publish","type":"product","link":"https:\/\/gvgarden.asia\/?product=hoa-hong-do-ot-da-lat","title":{"rendered":"Hoa H\u1ed3ng \u0110\u1ecf \u1edat"},"content":{"rendered":"<div id=\"ez-toc-container\" class=\"ez-toc-v2_0_76 counter-hierarchy ez-toc-counter ez-toc-grey ez-toc-container-direction\">\n<div class=\"ez-toc-title-container\">\n<p class=\"ez-toc-title\" style=\"cursor:inherit\">N\u1ed9i Dung B\u00e0i Vi\u1ebft<\/p>\n<span class=\"ez-toc-title-toggle\"><a href=\"#\" class=\"ez-toc-pull-right ez-toc-btn ez-toc-btn-xs ez-toc-btn-default ez-toc-toggle\" aria-label=\"Toggle Table of Content\"><span class=\"ez-toc-js-icon-con\"><span class=\"\"><span class=\"eztoc-hide\" style=\"display:none;\">Toggle<\/span><span class=\"ez-toc-icon-toggle-span\"><svg style=\"fill: #999;color:#999\" xmlns=\"http:\/\/www.w3.org\/2000\/svg\" class=\"list-377408\" width=\"20px\" height=\"20px\" viewBox=\"0 0 24 24\" fill=\"none\"><path d=\"M6 6H4v2h2V6zm14 0H8v2h12V6zM4 11h2v2H4v-2zm16 0H8v2h12v-2zM4 16h2v2H4v-2zm16 0H8v2h12v-2z\" fill=\"currentColor\"><\/path><\/svg><svg style=\"fill: #999;color:#999\" class=\"arrow-unsorted-368013\" xmlns=\"http:\/\/www.w3.org\/2000\/svg\" width=\"10px\" height=\"10px\" viewBox=\"0 0 24 24\" version=\"1.2\" baseProfile=\"tiny\"><path d=\"M18.2 9.3l-6.2-6.3-6.2 6.3c-.2.2-.3.4-.3.7s.1.5.3.7c.2.2.4.3.7.3h11c.3 0 .5-.1.7-.3.2-.2.3-.5.3-.7s-.1-.5-.3-.7zM5.8 14.7l6.2 6.3 6.2-6.3c.2-.2.3-.5.3-.7s-.1-.5-.3-.7c-.2-.2-.4-.3-.7-.3h-11c-.3 0-.5.1-.7.3-.2.2-.3.5-.3.7s.1.5.3.7z\"\/><\/svg><\/span><\/span><\/span><\/a><\/span><\/div>\n<nav><ul class='ez-toc-list ez-toc-list-level-1 eztoc-toggle-hide-by-default' ><li class='ez-toc-page-1 ez-toc-heading-level-2'><a class=\"ez-toc-link ez-toc-heading-1\" href=\"https:\/\/gvgarden.asia\/?product=hoa-hong-do-ot-da-lat\/#hoa_hong_do_ot_da_lat_%e2%80%93_net_dep_manh_me_tuoi_lau_cho_moi_khong_gian\" >Hoa H\u1ed3ng \u0110\u1ecf \u1edat \u0110\u00e0 L\u1ea1t \u2013 N\u00e9t \u0110\u1eb9p M\u1ea1nh M\u1ebd, T\u01b0\u01a1i L\u00e2u Cho M\u1ecdi Kh\u00f4ng Gian<\/a><ul class='ez-toc-list-level-3' ><li class='ez-toc-heading-level-3'><a class=\"ez-toc-link ez-toc-heading-2\" href=\"https:\/\/gvgarden.asia\/?product=hoa-hong-do-ot-da-lat\/#gioi_thieu_ve_hoa_hong_do_ot_da_lat\" >Gi\u1edbi thi\u1ec7u v\u1ec1 hoa h\u1ed3ng \u0111\u1ecf \u1edbt \u0110\u00e0 L\u1ea1t<\/a><\/li><li class='ez-toc-page-1 ez-toc-heading-level-3'><a class=\"ez-toc-link ez-toc-heading-3\" href=\"https:\/\/gvgarden.asia\/?product=hoa-hong-do-ot-da-lat\/#y_nghia_dac_biet_cua_hoa_hong_do_ot\" >\u00dd ngh\u0129a \u0111\u1eb7c bi\u1ec7t c\u1ee7a hoa h\u1ed3ng \u0111\u1ecf \u1edbt<\/a><\/li><li class='ez-toc-page-1 ez-toc-heading-level-3'><a class=\"ez-toc-link ez-toc-heading-4\" href=\"https:\/\/gvgarden.asia\/?product=hoa-hong-do-ot-da-lat\/#dac_diem_noi_bat_cua_hoa_hong_do_ot_trong_tai_da_lat\" >\u0110\u1eb7c \u0111i\u1ec3m n\u1ed5i b\u1eadt c\u1ee7a hoa h\u1ed3ng \u0111\u1ecf \u1edbt tr\u1ed3ng t\u1ea1i \u0110\u00e0 L\u1ea1t<\/a><ul class='ez-toc-list-level-4' ><li class='ez-toc-heading-level-4'><a class=\"ez-toc-link ez-toc-heading-5\" href=\"https:\/\/gvgarden.asia\/?product=hoa-hong-do-ot-da-lat\/#mau_sac_ruc_ro_tao_diem_nhan_manh_me\" >M\u00e0u s\u1eafc r\u1ef1c r\u1ee1, t\u1ea1o \u0111i\u1ec3m nh\u1ea5n m\u1ea1nh m\u1ebd<\/a><\/li><li class='ez-toc-page-1 ez-toc-heading-level-4'><a class=\"ez-toc-link ez-toc-heading-6\" href=\"https:\/\/gvgarden.asia\/?product=hoa-hong-do-ot-da-lat\/#canh_hoa_day_form_tron_deu\" >C\u00e1nh hoa d\u00e0y, form tr\u00f2n \u0111\u1ec1u<\/a><\/li><li class='ez-toc-page-1 ez-toc-heading-level-4'><a class=\"ez-toc-link ez-toc-heading-7\" href=\"https:\/\/gvgarden.asia\/?product=hoa-hong-do-ot-da-lat\/#do_ben_cao_%e2%80%93_tuoi_lau\" >\u0110\u1ed9 b\u1ec1n cao \u2013 t\u01b0\u01a1i l\u00e2u<\/a><\/li><li class='ez-toc-page-1 ez-toc-heading-level-4'><a class=\"ez-toc-link ez-toc-heading-8\" href=\"https:\/\/gvgarden.asia\/?product=hoa-hong-do-ot-da-lat\/#nguon_goc_trong_nuoc_%e2%80%93_on_dinh_quanh_nam\" >Ngu\u1ed3n g\u1ed1c trong n\u01b0\u1edbc \u2013 \u1ed5n \u0111\u1ecbnh quanh n\u0103m<\/a><\/li><\/ul><\/li><li class='ez-toc-page-1 ez-toc-heading-level-3'><a class=\"ez-toc-link ez-toc-heading-9\" href=\"https:\/\/gvgarden.asia\/?product=hoa-hong-do-ot-da-lat\/#ung_dung_da_dang_cua_hoa_hong_do_ot_da_lat\" >\u1ee8ng d\u1ee5ng \u0111a d\u1ea1ng c\u1ee7a hoa h\u1ed3ng \u0111\u1ecf \u1edbt \u0110\u00e0 L\u1ea1t<\/a><ul class='ez-toc-list-level-4' ><li class='ez-toc-heading-level-4'><a class=\"ez-toc-link ez-toc-heading-10\" href=\"https:\/\/gvgarden.asia\/?product=hoa-hong-do-ot-da-lat\/#lam_bo_hoa_tang_sang_trong_noi_bat\" >L\u00e0m b\u00f3 hoa t\u1eb7ng sang tr\u1ecdng, n\u1ed5i b\u1eadt<\/a><\/li><li class='ez-toc-page-1 ez-toc-heading-level-4'><a class=\"ez-toc-link ez-toc-heading-11\" href=\"https:\/\/gvgarden.asia\/?product=hoa-hong-do-ot-da-lat\/#cam_binh_trang_tri_nha_cua_%e2%80%93_khong_gian_song\" >C\u1eafm b\u00ecnh trang tr\u00ed nh\u00e0 c\u1eeda \u2013 kh\u00f4ng gian s\u1ed1ng<\/a><\/li><li class='ez-toc-page-1 ez-toc-heading-level-4'><a class=\"ez-toc-link ez-toc-heading-12\" href=\"https:\/\/gvgarden.asia\/?product=hoa-hong-do-ot-da-lat\/#dung_trong_su_kien_%e2%80%93_le_cuoi_%e2%80%93_showroom\" >D\u00f9ng trong s\u1ef1 ki\u1ec7n \u2013 l\u1ec5 c\u01b0\u1edbi \u2013 showroom<\/a><\/li><\/ul><\/li><li class='ez-toc-page-1 ez-toc-heading-level-3'><a class=\"ez-toc-link ez-toc-heading-13\" href=\"https:\/\/gvgarden.asia\/?product=hoa-hong-do-ot-da-lat\/#dat_mua_hoa_hong_do_ot_da_lat_tai_gv_garden\" >\u0110\u1eb7t mua hoa h\u1ed3ng \u0111\u1ecf \u1edbt \u0110\u00e0 L\u1ea1t t\u1ea1i GV Garden<\/a><\/li><\/ul><\/li><\/ul><\/nav><\/div>\n<h2><span class=\"ez-toc-section\" id=\"hoa_hong_do_ot_da_lat_%e2%80%93_net_dep_manh_me_tuoi_lau_cho_moi_khong_gian\"><\/span><strong>Hoa H\u1ed3ng \u0110\u1ecf \u1edat \u0110\u00e0 L\u1ea1t \u2013 N\u00e9t \u0110\u1eb9p M\u1ea1nh M\u1ebd, T\u01b0\u01a1i L\u00e2u Cho M\u1ecdi Kh\u00f4ng Gian<\/strong><span class=\"ez-toc-section-end\"><\/span><\/h2>\n<h3><span class=\"ez-toc-section\" id=\"gioi_thieu_ve_hoa_hong_do_ot_da_lat\"><\/span><strong>Gi\u1edbi thi\u1ec7u v\u1ec1 hoa h\u1ed3ng \u0111\u1ecf \u1edbt \u0110\u00e0 L\u1ea1t<\/strong><span class=\"ez-toc-section-end\"><\/span><\/h3>\n<div>\u0110\u00e0 L\u1ea1t \u2013 v\u00f9ng \u0111\u1ea5t \u0111\u01b0\u1ee3c m\u1ec7nh danh l\u00e0 &#8220;thi\u00ean \u0111\u01b0\u1eddng hoa&#8221; c\u1ee7a Vi\u1ec7t Nam, n\u1ed5i ti\u1ebfng v\u1edbi \u0111i\u1ec1u ki\u1ec7n kh\u00ed h\u1eadu l\u00fd t\u01b0\u1edfng \u0111\u1ec3 tr\u1ed3ng ra nh\u1eefng lo\u1ea1i hoa \u0111\u1eb9p, b\u1ec1n v\u00e0 c\u00f3 ch\u1ea5t l\u01b0\u1ee3ng v\u01b0\u1ee3t tr\u1ed9i. Trong \u0111\u00f3, hoa h\u1ed3ng \u0111\u1ecf \u1edbt \u0110\u00e0 L\u1ea1t l\u00e0 m\u1ed9t gi\u1ed1ng hoa \u0111ang r\u1ea5t \u0111\u01b0\u1ee3c \u01b0a chu\u1ed9ng t\u1ea1i c\u00e1c c\u1eeda h\u00e0ng hoa t\u01b0\u01a1i c\u0169ng nh\u01b0 trong c\u00e1c s\u1ef1 ki\u1ec7n ngh\u1ec7 thu\u1eadt trang tr\u00ed.<\/div>\n<div><\/div>\n<div>Kh\u00e1c v\u1edbi s\u1eafc \u0111\u1ecf truy\u1ec1n th\u1ed1ng hay \u0111\u1ecf nhung \u0111\u1eadm, hoa h\u1ed3ng \u0111\u1ecf \u1edbt c\u00f3 gam \u0111\u1ecf r\u1ef1c pha ch\u00fat s\u1eafc cam nh\u1eb9, t\u1ea1o n\u00ean v\u1ebb \u0111\u1eb9p m\u1ea1nh m\u1ebd, tr\u1ebb trung nh\u01b0ng kh\u00f4ng k\u00e9m ph\u1ea7n tinh t\u1ebf. \u0110\u00e2y l\u00e0 gi\u1ed1ng hoa \u0111\u01b0\u1ee3c ch\u0103m s\u00f3c theo ti\u00eau chu\u1ea9n t\u1ea1i c\u00e1c n\u00f4ng tr\u1ea1i l\u1edbn \u1edf \u0110\u00e0 L\u1ea1t, v\u1edbi k\u1ef9 thu\u1eadt canh t\u00e1c b\u00e0i b\u1ea3n gi\u00fap cho hoa c\u00f3 form \u0111\u1ec1u, c\u00e1nh d\u00e0y, \u0111\u1ed9 b\u1ec1n cao v\u00e0 l\u00ean m\u00e0u r\u1ef1c r\u1ee1.<\/div>\n<h3><span class=\"ez-toc-section\" id=\"y_nghia_dac_biet_cua_hoa_hong_do_ot\"><\/span><strong>\u00dd ngh\u0129a \u0111\u1eb7c bi\u1ec7t c\u1ee7a hoa h\u1ed3ng \u0111\u1ecf \u1edbt<\/strong><span class=\"ez-toc-section-end\"><\/span><\/h3>\n<div>T\u1eeb xa x\u01b0a, hoa h\u1ed3ng \u0111\u1ecf lu\u00f4n l\u00e0 bi\u1ec3u t\u01b0\u1ee3ng c\u1ee7a t\u00ecnh y\u00eau, s\u1ef1 n\u1ed3ng ch\u00e1y v\u00e0 \u0111am m\u00ea. Nh\u01b0ng ri\u00eang v\u1edbi hoa h\u1ed3ng \u0111\u1ecf \u1edbt \u2013 s\u1eafc \u0111\u1ecf thi\u00ean v\u1ec1 cam, l\u1ea1i mang nhi\u1ec1u t\u1ea7ng \u00fd ngh\u0129a h\u01a1n:<\/div>\n<div><\/div>\n<div>T\u00ecnh y\u00eau ch\u00e1y b\u1ecfng nh\u01b0ng hi\u1ec7n \u0111\u1ea1i v\u00e0 th\u1ef1c t\u1ebf<\/div>\n<div><\/div>\n<div>S\u1ee9c s\u1ed1ng m\u00e3nh li\u1ec7t, tinh th\u1ea7n d\u1ea5n th\u00e2n v\u00e0 kh\u00f4ng ng\u1ea1i th\u1eed th\u00e1ch<\/div>\n<div><\/div>\n<div>N\u0103ng l\u01b0\u1ee3ng t\u00edch c\u1ef1c, truy\u1ec1n \u0111\u1ed9ng l\u1ef1c m\u1ea1nh m\u1ebd<\/div>\n<div><\/div>\n<div>Ch\u00ednh v\u00ec v\u1eady, hoa h\u1ed3ng \u0111\u1ecf \u1edbt \u0110\u00e0 L\u1ea1t \u0111\u01b0\u1ee3c l\u1ef1a ch\u1ecdn nhi\u1ec1u trong c\u00e1c d\u1ecbp: l\u1ec5 t\u00ecnh nh\u00e2n, k\u1ef7 ni\u1ec7m ng\u00e0y c\u01b0\u1edbi, khai tr\u01b0\u01a1ng, sinh nh\u1eadt, ho\u1eb7c d\u00e0nh t\u1eb7ng cho nh\u1eefng ng\u01b0\u1eddi lu\u00f4n d\u00e1m ngh\u0129 \u2013 d\u00e1m l\u00e0m.<\/div>\n<h3><span class=\"ez-toc-section\" id=\"dac_diem_noi_bat_cua_hoa_hong_do_ot_trong_tai_da_lat\"><\/span><strong>\u0110\u1eb7c \u0111i\u1ec3m n\u1ed5i b\u1eadt c\u1ee7a hoa h\u1ed3ng \u0111\u1ecf \u1edbt tr\u1ed3ng t\u1ea1i \u0110\u00e0 L\u1ea1t<\/strong><span class=\"ez-toc-section-end\"><\/span><\/h3>\n<h4><span class=\"ez-toc-section\" id=\"mau_sac_ruc_ro_tao_diem_nhan_manh_me\"><\/span><strong>M\u00e0u s\u1eafc r\u1ef1c r\u1ee1, t\u1ea1o \u0111i\u1ec3m nh\u1ea5n m\u1ea1nh m\u1ebd<\/strong><span class=\"ez-toc-section-end\"><\/span><\/h4>\n<div>Hoa c\u00f3 t\u00f4ng \u0111\u1ecf r\u1ef1c r\u1ee1 nh\u01b0 m\u00e0u \u1edbt \u0111\u1ecf ch\u00edn, n\u1ed5i b\u1eadt h\u01a1n so v\u1edbi hoa h\u1ed3ng \u0111\u1ecf truy\u1ec1n th\u1ed1ng. S\u1eafc \u0111\u1ecf n\u00e0y c\u1ef1c k\u1ef3 \u0103n \u1ea3nh v\u00e0 b\u1eaft m\u1eaft khi k\u1ebft h\u1ee3p c\u00f9ng c\u00e1c lo\u1ea1i hoa tr\u1eafng nh\u01b0 baby, salem, hay c\u00e1c t\u00f4ng pastel nh\u1eb9 nh\u00e0ng.<\/div>\n<h4><span class=\"ez-toc-section\" id=\"canh_hoa_day_form_tron_deu\"><\/span><strong>C\u00e1nh hoa d\u00e0y, form tr\u00f2n \u0111\u1ec1u<\/strong><span class=\"ez-toc-section-end\"><\/span><\/h4>\n<div>Hoa h\u1ed3ng \u0111\u1ecf \u1edbt \u0110\u00e0 L\u1ea1t th\u01b0\u1eddng c\u00f3 c\u00e1nh to, d\u00e0y v\u00e0 x\u1ebfp xo\u00e1y chu\u1ea9n form ch\u00e2u \u00c2u, gi\u00fap hoa gi\u1eef d\u00e1ng t\u1ed1t, kh\u00f4ng d\u1ec5 r\u1ee5ng c\u00e1nh v\u00e0 gi\u1eef \u0111\u01b0\u1ee3c s\u1ef1 \u0111\u1ea7y \u0111\u1eb7n ngay c\u1ea3 khi n\u1edf r\u1ed9.<\/div>\n<h4><span class=\"ez-toc-section\" id=\"do_ben_cao_%e2%80%93_tuoi_lau\"><\/span><strong>\u0110\u1ed9 b\u1ec1n cao \u2013 t\u01b0\u01a1i l\u00e2u<\/strong><span class=\"ez-toc-section-end\"><\/span><\/h4>\n<div>\u0110\u01b0\u1ee3c tr\u1ed3ng \u1edf v\u00f9ng kh\u00ed h\u1eadu \u00f4n h\u00f2a v\u00e0 b\u1ea3o qu\u1ea3n k\u1ef9 l\u01b0\u1ee1ng, hoa h\u1ed3ng \u0111\u1ecf \u1edbt \u0110\u00e0 L\u1ea1t c\u00f3 th\u1ec3 gi\u1eef t\u01b0\u01a1i t\u1eeb 5 \u2013 7 ng\u00e0y, th\u00edch h\u1ee3p cho c\u1ea3 tr\u01b0ng b\u00e0y kh\u00f4ng gian l\u1eabn l\u00e0m hoa t\u1eb7ng.<\/div>\n<h4><span class=\"ez-toc-section\" id=\"nguon_goc_trong_nuoc_%e2%80%93_on_dinh_quanh_nam\"><\/span><strong>Ngu\u1ed3n g\u1ed1c trong n\u01b0\u1edbc \u2013 \u1ed5n \u0111\u1ecbnh quanh n\u0103m<\/strong><span class=\"ez-toc-section-end\"><\/span><\/h4>\n<div>So v\u1edbi hoa nh\u1eadp kh\u1ea9u, hoa h\u1ed3ng \u0111\u1ecf \u1edbt tr\u1ed3ng t\u1ea1i \u0110\u00e0 L\u1ea1t c\u00f3 l\u1ee3i th\u1ebf gi\u00e1 t\u1ed1t h\u01a1n, d\u1ec5 v\u1eadn chuy\u1ec3n, lu\u00f4n c\u00f3 ngu\u1ed3n h\u00e0ng \u1ed5n \u0111\u1ecbnh, \u0111\u1eb7c bi\u1ec7t ph\u00f9 h\u1ee3p cho shop hoa, s\u1ef1 ki\u1ec7n c\u1ea7n s\u1ed1 l\u01b0\u1ee3ng l\u1edbn.<\/div>\n<h3><span class=\"ez-toc-section\" id=\"ung_dung_da_dang_cua_hoa_hong_do_ot_da_lat\"><\/span><strong>\u1ee8ng d\u1ee5ng \u0111a d\u1ea1ng c\u1ee7a hoa h\u1ed3ng \u0111\u1ecf \u1edbt \u0110\u00e0 L\u1ea1t<\/strong><span class=\"ez-toc-section-end\"><\/span><\/h3>\n<h4><span class=\"ez-toc-section\" id=\"lam_bo_hoa_tang_sang_trong_noi_bat\"><\/span><strong>L\u00e0m b\u00f3 hoa t\u1eb7ng sang tr\u1ecdng, n\u1ed5i b\u1eadt<\/strong><span class=\"ez-toc-section-end\"><\/span><\/h4>\n<div>S\u1eafc \u0111\u1ecf \u1edbt t\u01b0\u1ee3ng tr\u01b0ng cho s\u1ef1 may m\u1eafn v\u00e0 quy\u1ebft \u0111o\u00e1n, ph\u00f9 h\u1ee3p \u0111\u1ec3 l\u00e0m b\u00f3 hoa t\u1eb7ng ng\u01b0\u1eddi y\u00eau, s\u1ebfp, \u0111\u1ed1i t\u00e1c, ho\u1eb7c b\u1ea1n b\u00e8 trong d\u1ecbp \u0111\u1eb7c bi\u1ec7t. B\u00f3 hoa ph\u1ed1i c\u00f9ng baby tr\u1eafng ho\u1eb7c l\u00e1 b\u1ea1c s\u1ebd t\u1ea1o hi\u1ec7u \u1ee9ng m\u00e0u t\u01b0\u01a1ng ph\u1ea3n c\u1ef1c k\u1ef3 cu\u1ed1n h\u00fat.<\/div>\n<h4><span class=\"ez-toc-section\" id=\"cam_binh_trang_tri_nha_cua_%e2%80%93_khong_gian_song\"><\/span><strong>C\u1eafm b\u00ecnh trang tr\u00ed nh\u00e0 c\u1eeda \u2013 kh\u00f4ng gian s\u1ed1ng<\/strong><span class=\"ez-toc-section-end\"><\/span><\/h4>\n<div>Ch\u1ec9 c\u1ea7n v\u00e0i c\u00e0nh hoa h\u1ed3ng \u0111\u1ecf \u1edbt c\u1eafm trong b\u00ecnh th\u1ee7y tinh ho\u1eb7c g\u1ed1m tr\u1eafng c\u0169ng \u0111\u00e3 \u0111\u1ee7 \u0111\u1ec3 l\u00e0m n\u1ed5i b\u1eadt c\u1ea3 kh\u00f4ng gian ph\u00f2ng kh\u00e1ch, b\u00e0n l\u00e0m vi\u1ec7c hay qu\u1ea7y l\u1ec5 t\u00e2n. M\u00e0u hoa t\u01b0\u01a1i l\u00e2u gi\u00fap b\u1ea1n kh\u00f4ng c\u1ea7n thay hoa th\u01b0\u1eddng xuy\u00ean.<\/div>\n<h4><span class=\"ez-toc-section\" id=\"dung_trong_su_kien_%e2%80%93_le_cuoi_%e2%80%93_showroom\"><\/span><strong>D\u00f9ng trong s\u1ef1 ki\u1ec7n \u2013 l\u1ec5 c\u01b0\u1edbi \u2013 showroom<\/strong><span class=\"ez-toc-section-end\"><\/span><\/h4>\n<div>Hoa h\u1ed3ng \u0111\u1ecf \u1edbt th\u01b0\u1eddng \u0111\u01b0\u1ee3c d\u00f9ng \u0111\u1ec3 t\u1ea1o m\u1ea3ng trang tr\u00ed s\u00e2n kh\u1ea5u, c\u1ed5ng hoa, backdrop ho\u1eb7c hoa b\u00e0n ti\u1ec7c cao c\u1ea5p trong \u0111\u00e1m c\u01b0\u1edbi, s\u1ef1 ki\u1ec7n doanh nghi\u1ec7p hay khai tr\u01b0\u01a1ng c\u1eeda h\u00e0ng.<\/div>\n<h3><span class=\"ez-toc-section\" id=\"dat_mua_hoa_hong_do_ot_da_lat_tai_gv_garden\"><\/span><strong>\u0110\u1eb7t mua hoa h\u1ed3ng \u0111\u1ecf \u1edbt \u0110\u00e0 L\u1ea1t t\u1ea1i GV Garden<\/strong><span class=\"ez-toc-section-end\"><\/span><\/h3>\n<div>GV Garden chuy\u00ean cung c\u1ea5p hoa h\u1ed3ng \u0111\u1ecf \u1edbt \u0110\u00e0 L\u1ea1t ch\u1ea5t l\u01b0\u1ee3ng cao, \u0111\u01b0\u1ee3c thu h\u00e1i trong ng\u00e0y, b\u1ea3o qu\u1ea3n chuy\u00ean nghi\u1ec7p v\u00e0 ph\u00e2n ph\u1ed1i s\u1ec9 \u2013 l\u1ebb tr\u00ean to\u00e0n qu\u1ed1c. Khi \u0111\u1eb7t hoa t\u1ea1i GV Garden, b\u1ea1n s\u1ebd nh\u1eadn \u0111\u01b0\u1ee3c:<\/div>\n<div><\/div>\n<div>Hoa \u0111\u00fang chu\u1ea9n, t\u01b0\u01a1i l\u00e2u, m\u00e0u s\u1eafc chu\u1ea9n \u0111\u1eb9p<\/div>\n<div><\/div>\n<div>Gi\u00e1 c\u1ea3 c\u1ea1nh tranh \u2013 ch\u00ednh s\u00e1ch gi\u00e1 s\u1ec9 h\u1ea5p d\u1eabn cho shop, s\u1ef1 ki\u1ec7n<\/div>\n<div><\/div>\n<div>T\u01b0 v\u1ea5n ph\u1ed1i hoa mi\u1ec5n ph\u00ed theo nhu c\u1ea7u v\u00e0 ng\u00e2n s\u00e1ch<\/div>\n<div><\/div>\n<div>Giao hoa t\u1eadn n\u01a1i nhanh ch\u00f3ng, \u0111\u00fang gi\u1edd<\/div>\n<div><\/div>\n<div>\ud83d\udc49 Li\u00ean h\u1ec7 ngay v\u1edbi GV Garden \u0111\u1ec3 \u0111\u1eb7t hoa h\u1ed3ng \u0111\u1ecf \u1edbt \u0110\u00e0 L\u1ea1t v\u1edbi gi\u00e1 t\u1ed1t nh\u1ea5t!<\/div>\n<div><\/div>\n","protected":false},"excerpt":{"rendered":"<p>Hoa H\u1ed3ng \u0110\u1ecf \u1edat \u0110\u00e0 L\u1ea1t \u2013 N\u00e9t \u0110\u1eb9p M\u1ea1nh M\u1ebd, T\u01b0\u01a1i L\u00e2u Cho M\u1ecdi Kh\u00f4ng Gian Gi\u1edbi thi\u1ec7u v\u1ec1 hoa h\u1ed3ng \u0111\u1ecf \u1edbt \u0110\u00e0 L\u1ea1t \u0110\u00e0 L\u1ea1t \u2013 v\u00f9ng \u0111\u1ea5t \u0111\u01b0\u1ee3c m\u1ec7nh danh l\u00e0 &#8220;thi\u00ean \u0111\u01b0\u1eddng hoa&#8221; c\u1ee7a Vi\u1ec7t Nam, n\u1ed5i ti\u1ebfng v\u1edbi \u0111i\u1ec1u ki\u1ec7n kh\u00ed h\u1eadu l\u00fd t\u01b0\u1edfng \u0111\u1ec3 tr\u1ed3ng ra nh\u1eefng lo\u1ea1i [&#8230;]\n","protected":false},"featured_media":0,"comment_status":"open","ping_status":"closed","template":"","meta":[],"product_brand":[],"product_cat":[273,298],"product_tag":[311,417,418,419,420,421],"class_list":{"0":"post-5655","1":"product","2":"type-product","3":"status-publish","5":"product_cat-hoa-noi-dia-viet-nam","6":"product_cat-hoa-hong-da-lat-hoa-noi-dia-viet-nam-2","7":"product_tag-hoa-hong-da-lat","8":"product_tag-hoa-hong-do-ot","9":"product_tag-hoa-hong-do-tuoi-lau","10":"product_tag-hoa-hong-form-chuan","11":"product_tag-hoa-hong-trong-tai-da-lat","12":"product_tag-hoa-tuoi-da-lat","14":"first","15":"instock","16":"shipping-taxable","17":"product-type-simple"},"_links":{"self":[{"href":"https:\/\/gvgarden.asia\/index.php?rest_route=\/wp\/v2\/product\/5655","targetHints":{"allow":["GET"]}}],"collection":[{"href":"https:\/\/gvgarden.asia\/index.php?rest_route=\/wp\/v2\/product"}],"about":[{"href":"https:\/\/gvgarden.asia\/index.php?rest_route=\/wp\/v2\/types\/product"}],"replies":[{"embeddable":true,"href":"https:\/\/gvgarden.asia\/index.php?rest_route=%2Fwp%2Fv2%2Fcomments&post=5655"}],"version-history":[{"count":3,"href":"https:\/\/gvgarden.asia\/index.php?rest_route=\/wp\/v2\/product\/5655\/revisions"}],"predecessor-version":[{"id":5658,"href":"https:\/\/gvgarden.asia\/index.php?rest_route=\/wp\/v2\/product\/5655\/revisions\/5658"}],"wp:attachment":[{"href":"https:\/\/gvgarden.asia\/index.php?rest_route=%2Fwp%2Fv2%2Fmedia&parent=5655"}],"wp:term":[{"taxonomy":"product_brand","embeddable":true,"href":"https:\/\/gvgarden.asia\/index.php?rest_route=%2Fwp%2Fv2%2Fproduct_brand&post=5655"},{"taxonomy":"product_cat","embeddable":true,"href":"https:\/\/gvgarden.asia\/index.php?rest_route=%2Fwp%2Fv2%2Fproduct_cat&post=5655"},{"taxonomy":"product_tag","embeddable":true,"href":"https:\/\/gvgarden.asia\/index.php?rest_route=%2Fwp%2Fv2%2Fproduct_tag&post=5655"}],"curies":[{"name":"wp","href":"https:\/\/api.w.org\/{rel}","templated":true}]}}