{"id":4388,"date":"2025-07-19T12:44:06","date_gmt":"2025-07-19T05:44:06","guid":{"rendered":"https:\/\/gvgarden.asia\/?post_type=product&#038;p=4388"},"modified":"2025-09-05T14:26:02","modified_gmt":"2025-09-05T07:26:02","slug":"lan-ho-diep-cat-canh-trang-tinh-khoi-sang-trong","status":"publish","type":"product","link":"https:\/\/gvgarden.asia\/?product=lan-ho-diep-cat-canh-trang-tinh-khoi-sang-trong","title":{"rendered":"Hoa Lan H\u1ed3 \u0110i\u1ec7p Tr\u1eafng C\u1eaft C\u00e0nh"},"content":{"rendered":"<div id=\"ez-toc-container\" class=\"ez-toc-v2_0_76 counter-hierarchy ez-toc-counter ez-toc-grey ez-toc-container-direction\">\n<div class=\"ez-toc-title-container\">\n<p class=\"ez-toc-title\" style=\"cursor:inherit\">N\u1ed9i Dung B\u00e0i Vi\u1ebft<\/p>\n<span class=\"ez-toc-title-toggle\"><a href=\"#\" class=\"ez-toc-pull-right ez-toc-btn ez-toc-btn-xs ez-toc-btn-default ez-toc-toggle\" aria-label=\"Toggle Table of Content\"><span class=\"ez-toc-js-icon-con\"><span class=\"\"><span class=\"eztoc-hide\" style=\"display:none;\">Toggle<\/span><span class=\"ez-toc-icon-toggle-span\"><svg style=\"fill: #999;color:#999\" xmlns=\"http:\/\/www.w3.org\/2000\/svg\" class=\"list-377408\" width=\"20px\" height=\"20px\" viewBox=\"0 0 24 24\" fill=\"none\"><path d=\"M6 6H4v2h2V6zm14 0H8v2h12V6zM4 11h2v2H4v-2zm16 0H8v2h12v-2zM4 16h2v2H4v-2zm16 0H8v2h12v-2z\" fill=\"currentColor\"><\/path><\/svg><svg style=\"fill: #999;color:#999\" class=\"arrow-unsorted-368013\" xmlns=\"http:\/\/www.w3.org\/2000\/svg\" width=\"10px\" height=\"10px\" viewBox=\"0 0 24 24\" version=\"1.2\" baseProfile=\"tiny\"><path d=\"M18.2 9.3l-6.2-6.3-6.2 6.3c-.2.2-.3.4-.3.7s.1.5.3.7c.2.2.4.3.7.3h11c.3 0 .5-.1.7-.3.2-.2.3-.5.3-.7s-.1-.5-.3-.7zM5.8 14.7l6.2 6.3 6.2-6.3c.2-.2.3-.5.3-.7s-.1-.5-.3-.7c-.2-.2-.4-.3-.7-.3h-11c-.3 0-.5.1-.7.3-.2.2-.3.5-.3.7s.1.5.3.7z\"\/><\/svg><\/span><\/span><\/span><\/a><\/span><\/div>\n<nav><ul class='ez-toc-list ez-toc-list-level-1 eztoc-toggle-hide-by-default' ><li class='ez-toc-page-1 ez-toc-heading-level-3'><a class=\"ez-toc-link ez-toc-heading-1\" href=\"https:\/\/gvgarden.asia\/?product=lan-ho-diep-cat-canh-trang-tinh-khoi-sang-trong\/#1_gioi_thieu_ve_lan_ho_diep_cat_canh_mau_trang\" >1. Gi\u1edbi thi\u1ec7u v\u1ec1 Lan H\u1ed3 \u0110i\u1ec7p C\u1eaft C\u00e0nh M\u00e0u Tr\u1eafng<\/a><\/li><li class='ez-toc-page-1 ez-toc-heading-level-3'><a class=\"ez-toc-link ez-toc-heading-2\" href=\"https:\/\/gvgarden.asia\/?product=lan-ho-diep-cat-canh-trang-tinh-khoi-sang-trong\/#2_y_nghia_cua_lan_ho_diep_cat_canh_mau_trang\" >2. \u00dd ngh\u0129a c\u1ee7a Lan H\u1ed3 \u0110i\u1ec7p C\u1eaft C\u00e0nh M\u00e0u Tr\u1eafng<\/a><\/li><li class='ez-toc-page-1 ez-toc-heading-level-3'><a class=\"ez-toc-link ez-toc-heading-3\" href=\"https:\/\/gvgarden.asia\/?product=lan-ho-diep-cat-canh-trang-tinh-khoi-sang-trong\/#3_dac_diem_noi_bat_cua_lan_ho_diep_cat_canh_mau_trang\" >3. \u0110\u1eb7c \u0111i\u1ec3m n\u1ed5i b\u1eadt c\u1ee7a Lan H\u1ed3 \u0110i\u1ec7p C\u1eaft C\u00e0nh M\u00e0u Tr\u1eafng<\/a><\/li><li class='ez-toc-page-1 ez-toc-heading-level-3'><a class=\"ez-toc-link ez-toc-heading-4\" href=\"https:\/\/gvgarden.asia\/?product=lan-ho-diep-cat-canh-trang-tinh-khoi-sang-trong\/#4_ung_dung_cua_lan_ho_diep_cat_canh_trang_trong_doi_song\" >4. \u1ee8ng d\u1ee5ng c\u1ee7a Lan H\u1ed3 \u0110i\u1ec7p C\u1eaft C\u00e0nh Tr\u1eafng trong \u0111\u1eddi s\u1ed1ng<\/a><\/li><li class='ez-toc-page-1 ez-toc-heading-level-3'><a class=\"ez-toc-link ez-toc-heading-5\" href=\"https:\/\/gvgarden.asia\/?product=lan-ho-diep-cat-canh-trang-tinh-khoi-sang-trong\/#5_cach_cham_soc_lan_ho_diep_cat_canh_trang_tai_nha_de_giu_hoa_tuoi_lau\" >5. C\u00e1ch ch\u0103m s\u00f3c Lan H\u1ed3 \u0110i\u1ec7p C\u1eaft C\u00e0nh Tr\u1eafng t\u1ea1i nh\u00e0 \u0111\u1ec3 gi\u1eef hoa t\u01b0\u01a1i l\u00e2u<\/a><\/li><li class='ez-toc-page-1 ez-toc-heading-level-3'><a class=\"ez-toc-link ez-toc-heading-6\" href=\"https:\/\/gvgarden.asia\/?product=lan-ho-diep-cat-canh-trang-tinh-khoi-sang-trong\/#6_mua_lan_ho_diep_cat_canh_trang_chat_luong_tai_gvgardencom\" >6. Mua Lan H\u1ed3 \u0110i\u1ec7p C\u1eaft C\u00e0nh Tr\u1eafng ch\u1ea5t l\u01b0\u1ee3ng t\u1ea1i GVgarden.com<\/a><\/li><\/ul><\/nav><\/div>\n<h3><span class=\"ez-toc-section\" id=\"1_gioi_thieu_ve_lan_ho_diep_cat_canh_mau_trang\"><\/span>1. Gi\u1edbi thi\u1ec7u v\u1ec1 Lan H\u1ed3 \u0110i\u1ec7p C\u1eaft C\u00e0nh M\u00e0u Tr\u1eafng<span class=\"ez-toc-section-end\"><\/span><\/h3>\n<div>Lan H\u1ed3 \u0110i\u1ec7p (t\u00ean khoa h\u1ecdc: Phalaenopsis) lu\u00f4n l\u00e0 bi\u1ec3u t\u01b0\u1ee3ng c\u1ee7a s\u1ef1 sang tr\u1ecdng, tinh t\u1ebf trong th\u1ebf gi\u1edbi hoa lan. Trong s\u1ed1 \u0111\u00f3, Lan H\u1ed3 \u0110i\u1ec7p c\u1eaft c\u00e0nh m\u00e0u tr\u1eafng n\u1ed5i b\u1eadt v\u1edbi v\u1ebb \u0111\u1eb9p thu\u1ea7n khi\u1ebft, thanh tao v\u00e0 \u0111\u1ea7y cu\u1ed1n h\u00fat. Nh\u1eefng c\u00e1nh hoa tr\u1eafng mu\u1ed1t, m\u1ec1m m\u1ea1i u\u1ed1n l\u01b0\u1ee3n nh\u01b0 c\u00e1nh b\u01b0\u1edbm, k\u1ebft h\u1ee3p c\u00f9ng h\u00ecnh d\u00e1ng duy\u00ean d\u00e1ng c\u1ee7a c\u00e0nh hoa, mang \u0111\u1ebfn s\u1ef1 \u0111\u1eb3ng c\u1ea5p v\u00e0 v\u1ebb \u0111\u1eb9p v\u0129nh c\u1eedu cho m\u1ecdi kh\u00f4ng gian.<\/div>\n<div><\/div>\n<div>Lan H\u1ed3 \u0110i\u1ec7p c\u00f3 ngu\u1ed3n g\u1ed1c t\u1eeb c\u00e1c v\u00f9ng nhi\u1ec7t \u0111\u1edbi \u1ea5m \u00e1p \u1edf \u0110\u00f4ng Nam \u00c1 v\u00e0 Australia. T\u00ean g\u1ecdi &#8220;Phalaenopsis&#8221; trong ti\u1ebfng Hy L\u1ea1p c\u00f3 ngh\u0129a l\u00e0 &#8220;gi\u1ed1ng b\u01b0\u1edbm \u0111\u00eam&#8221;, m\u00f4 t\u1ea3 ch\u00ednh x\u00e1c h\u00ecnh d\u00e1ng \u0111\u1ed9c \u0111\u00e1o c\u1ee7a b\u00f4ng hoa khi n\u1edf r\u1ed9. T\u1eeb khi \u0111\u01b0\u1ee3c kh\u00e1m ph\u00e1, Lan H\u1ed3 \u0110i\u1ec7p \u0111\u00e3 nhanh ch\u00f3ng tr\u1edf th\u00e0nh lo\u00e0i hoa \u0111\u01b0\u1ee3c y\u00eau th\u00edch tr\u00ean to\u00e0n c\u1ea7u, kh\u00f4ng ch\u1ec9 b\u1edfi v\u1ebb \u0111\u1eb9p ki\u00eau sa m\u00e0 c\u00f2n b\u1edfi \u0111\u1ed9 b\u1ec1n \u0111\u00e1ng kinh ng\u1ea1c c\u1ee7a hoa c\u1eaft c\u00e0nh.<\/div>\n<div><\/div>\n<div>Lan H\u1ed3 \u0110i\u1ec7p c\u1eaft c\u00e0nh m\u00e0u tr\u1eafng l\u00e0 l\u1ef1a ch\u1ecdn ho\u00e0n h\u1ea3o \u0111\u1ec3 th\u1ec3 hi\u1ec7n s\u1ef1 trong s\u00e1ng, l\u00f2ng t\u00f4n k\u00ednh v\u00e0 nh\u1eefng th\u00f4ng \u0111i\u1ec7p t\u00ecnh y\u00eau thu\u1ea7n khi\u1ebft, l\u00e0m cho ch\u00fang tr\u1edf th\u00e0nh m\u00f3n qu\u00e0 v\u00f4 c\u00f9ng \u00fd ngh\u0129a trong nhi\u1ec1u d\u1ecbp \u0111\u1eb7c bi\u1ec7t, \u0111\u1eb7c bi\u1ec7t l\u00e0 trong c\u00e1c s\u1ef1 ki\u1ec7n quan tr\u1ecdng.<\/div>\n<div><\/div>\n<h3><span class=\"ez-toc-section\" id=\"2_y_nghia_cua_lan_ho_diep_cat_canh_mau_trang\"><\/span>2. \u00dd ngh\u0129a c\u1ee7a Lan H\u1ed3 \u0110i\u1ec7p C\u1eaft C\u00e0nh M\u00e0u Tr\u1eafng<span class=\"ez-toc-section-end\"><\/span><\/h3>\n<div>Lan H\u1ed3 \u0110i\u1ec7p tr\u1eafng mang trong m\u00ecnh nh\u1eefng \u00fd ngh\u0129a s\u00e2u s\u1eafc v\u00e0 tinh t\u1ebf, l\u00e0m cho ch\u00fang tr\u1edf th\u00e0nh lo\u00e0i hoa \u0111\u01b0\u1ee3c tr\u00e2n tr\u1ecdng trong nhi\u1ec1u n\u1ec1n v\u0103n h\u00f3a:<\/div>\n<div><\/div>\n<div>\u00dd ngh\u0129a chung c\u1ee7a Lan H\u1ed3 \u0110i\u1ec7p: T\u01b0\u1ee3ng tr\u01b0ng cho v\u1ebb \u0111\u1eb9p thanh l\u1ecbch, sang tr\u1ecdng, s\u1ef1 gi\u00e0u c\u00f3, th\u1ecbnh v\u01b0\u1ee3ng v\u00e0 h\u1ea1nh ph\u00fac. Ch\u00fang c\u00f2n bi\u1ec3u tr\u01b0ng cho t\u00ecnh y\u00eau, s\u1ef1 ng\u01b0\u1ee1ng m\u1ed9 v\u00e0 l\u00f2ng t\u00f4n k\u00ednh.<\/div>\n<div><\/div>\n<div>\u00dd ngh\u0129a \u0111\u1eb7c bi\u1ec7t c\u1ee7a Lan H\u1ed3 \u0110i\u1ec7p Tr\u1eafng:<\/div>\n<div><\/div>\n<div>S\u1ef1 thu\u1ea7n khi\u1ebft v\u00e0 ng\u00e2y th\u01a1: M\u00e0u tr\u1eafng l\u00e0 bi\u1ec3u t\u01b0\u1ee3ng c\u1ee7a s\u1ef1 trong s\u00e1ng, tinh kh\u00f4i v\u00e0 kh\u00f4ng t\u00ec v\u1ebft. Lan H\u1ed3 \u0110i\u1ec7p tr\u1eafng th\u1ec3 hi\u1ec7n v\u1ebb \u0111\u1eb9p thanh khi\u1ebft, s\u1ef1 kh\u1edfi \u0111\u1ea7u m\u1edbi v\u00e0 l\u00f2ng trung th\u1ef1c, ng\u00e2y th\u01a1.<\/div>\n<div><\/div>\n<div>V\u1ebb \u0111\u1eb9p sang tr\u1ecdng v\u00e0 \u0111\u1eb3ng c\u1ea5p: V\u1edbi s\u1eafc tr\u1eafng tinh kh\u00f4i, Lan H\u1ed3 \u0110i\u1ec7p mang \u0111\u1ebfn s\u1ef1 tinh t\u1ebf, thanh l\u1ecbch v\u00e0 \u0111\u1eb3ng c\u1ea5p, ph\u00f9 h\u1ee3p v\u1edbi nh\u1eefng kh\u00f4ng gian hi\u1ec7n \u0111\u1ea1i, t\u1ed1i gi\u1ea3n ho\u1eb7c sang tr\u1ecdng b\u1eadc nh\u1ea5t.<\/div>\n<div><\/div>\n<div>L\u00f2ng t\u00f4n k\u00ednh v\u00e0 ng\u01b0\u1ee1ng m\u1ed9: Hoa tr\u1eafng th\u01b0\u1eddng \u0111\u01b0\u1ee3c d\u00f9ng \u0111\u1ec3 b\u00e0y t\u1ecf s\u1ef1 k\u00ednh tr\u1ecdng, ng\u01b0\u1ee1ng m\u1ed9 v\u00e0 l\u00f2ng bi\u1ebft \u01a1n ch\u00e2n th\u00e0nh \u0111\u1ed1i v\u1edbi nh\u1eefng ng\u01b0\u1eddi m\u00e0 ch\u00fang ta y\u00eau qu\u00fd ho\u1eb7c t\u00f4n tr\u1ecdng.<\/div>\n<div><\/div>\n<div>T\u00ecnh y\u00eau v\u0129nh c\u1eedu v\u00e0 s\u1ef1 g\u1eafn k\u1ebft: Trong t\u00ecnh y\u00eau, Lan H\u1ed3 \u0110i\u1ec7p tr\u1eafng bi\u1ec3u t\u01b0\u1ee3ng cho m\u1ed9t t\u00ecnh y\u00eau trong s\u00e1ng, b\u1ec1n ch\u1eb7t v\u00e0 v\u0129nh c\u1eedu, kh\u00f4ng v\u01b0\u1edbng b\u1eadn nh\u1eefng toan t\u00ednh, ch\u1ec9 c\u00f3 s\u1ef1 ch\u00e2n th\u00e0nh. \u0110\u00e2y l\u00e0 l\u1ef1a ch\u1ecdn ph\u1ed5 bi\u1ebfn cho hoa c\u01b0\u1edbi.<\/div>\n<div><\/div>\n<div>S\u1ef1 ch\u00e2n th\u00e0nh v\u00e0 l\u1eddi ch\u00fac t\u1ed1t \u0111\u1eb9p: Khi t\u1eb7ng Lan H\u1ed3 \u0110i\u1ec7p tr\u1eafng, b\u1ea1n \u0111ang g\u1eedi g\u1eafm nh\u1eefng l\u1eddi ch\u00fac t\u1ed1t \u0111\u1eb9p, s\u1ef1 ch\u00e2n th\u00e0nh v\u00e0 mong mu\u1ed1n nh\u1eefng \u0111i\u1ec1u may m\u1eafn \u0111\u1ebfn v\u1edbi ng\u01b0\u1eddi nh\u1eadn.<\/div>\n<div><\/div>\n<div>Alt \u1ea3nh: C\u00e0nh Lan H\u1ed3 \u0110i\u1ec7p tr\u1eafng mu\u1ed1t tinh kh\u00f4i<\/div>\n<div><\/div>\n<div>Alt \u1ea3nh: B\u00ecnh hoa Lan H\u1ed3 \u0110i\u1ec7p tr\u1eafng sang tr\u1ecdng<\/div>\n<div><\/div>\n<h3><span class=\"ez-toc-section\" id=\"3_dac_diem_noi_bat_cua_lan_ho_diep_cat_canh_mau_trang\"><\/span>3. \u0110\u1eb7c \u0111i\u1ec3m n\u1ed5i b\u1eadt c\u1ee7a Lan H\u1ed3 \u0110i\u1ec7p C\u1eaft C\u00e0nh M\u00e0u Tr\u1eafng<span class=\"ez-toc-section-end\"><\/span><\/h3>\n<div>Lan H\u1ed3 \u0110i\u1ec7p c\u1eaft c\u00e0nh tr\u1eafng s\u1edf h\u1eefu nh\u1eefng \u0111\u1eb7c \u0111i\u1ec3m ri\u00eang bi\u1ec7t, khi\u1ebfn ch\u00fang tr\u1edf th\u00e0nh l\u1ef1a ch\u1ecdn y\u00eau th\u00edch cho c\u1ea3 ng\u01b0\u1eddi y\u00eau hoa v\u00e0 c\u00e1c ngh\u1ec7 nh\u00e2n c\u1eafm hoa:<\/div>\n<div><\/div>\n<div>C\u1ea5u t\u1ea1o b\u00f4ng hoa: B\u00f4ng hoa Lan H\u1ed3 \u0110i\u1ec7p c\u00f3 h\u00ecnh d\u00e1ng \u0111\u1ed9c \u0111\u00e1o gi\u1ed1ng c\u00e1nh b\u01b0\u1edbm, v\u1edbi 5 c\u00e1nh hoa x\u00f2e r\u1ed9ng v\u00e0 m\u1ed9t c\u00e1nh m\u00f4i (labellum) n\u1ed5i b\u1eadt \u1edf trung t\u00e2m, th\u01b0\u1eddng c\u00f3 m\u00e0u tr\u1eafng thu\u1ea7n khi\u1ebft ho\u1eb7c \u0111\u00f4i khi c\u00f3 ch\u00fat \u0111i\u1ec3m nh\u1ea5n m\u00e0u v\u00e0ng nh\u1ea1t\/h\u1ed3ng nh\u1ea1t \u1edf ph\u1ea7n m\u00f4i. (Alt \u1ea3nh: C\u1eadn c\u1ea3nh b\u00f4ng Lan H\u1ed3 \u0110i\u1ec7p tr\u1eafng v\u1edbi m\u00f4i hoa)<\/div>\n<div><\/div>\n<div>Th\u00e2n c\u00e0nh: C\u00e0nh hoa Lan H\u1ed3 \u0110i\u1ec7p c\u1eaft c\u00e0nh th\u01b0\u1eddng d\u00e0i, th\u1eb3ng ho\u1eb7c h\u01a1i cong m\u1ec1m m\u1ea1i, mang nhi\u1ec1u b\u00f4ng hoa n\u1edf \u0111\u1ed3ng lo\u1ea1t ho\u1eb7c n\u1edf n\u1ed1i ti\u1ebfp nhau t\u1eeb g\u1ed1c \u0111\u1ebfn ng\u1ecdn, t\u1ea1o n\u00ean m\u1ed9t chu\u1ed7i hoa \u0111\u1eb9p m\u1eaft v\u00e0 \u1ea5n t\u01b0\u1ee3ng.<\/div>\n<div><\/div>\n<div>\u0110\u1ed9 b\u1ec1n v\u01b0\u1ee3t tr\u1ed9i: M\u1ed9t trong nh\u1eefng \u01b0u \u0111i\u1ec3m l\u1edbn nh\u1ea5t c\u1ee7a Lan H\u1ed3 \u0110i\u1ec7p c\u1eaft c\u00e0nh l\u00e0 kh\u1ea3 n\u0103ng gi\u1eef t\u01b0\u01a1i r\u1ea5t l\u00e2u. M\u1ed9t c\u00e0nh Lan H\u1ed3 \u0110i\u1ec7p tr\u1eafng c\u00f3 th\u1ec3 t\u01b0\u01a1i t\u1eafn trong b\u00ecnh t\u1eeb 2-4 tu\u1ea7n, th\u1eadm ch\u00ed l\u00e2u h\u01a1n n\u1ebfu \u0111\u01b0\u1ee3c ch\u0103m s\u00f3c k\u1ef9 l\u01b0\u1ee1ng, gi\u00fap b\u1ea1n th\u01b0\u1edfng th\u1ee9c v\u1ebb \u0111\u1eb9p c\u1ee7a ch\u00fang trong th\u1eddi gian d\u00e0i.<\/div>\n<div><\/div>\n<div>Kh\u00f4ng m\u00f9i ho\u1eb7c m\u00f9i r\u1ea5t nh\u1eb9: H\u1ea7u h\u1ebft c\u00e1c gi\u1ed1ng Lan H\u1ed3 \u0110i\u1ec7p kh\u00f4ng c\u00f3 m\u00f9i ho\u1eb7c ch\u1ec9 c\u00f3 m\u00f9i r\u1ea5t nh\u1eb9, \u0111\u00e2y l\u00e0 l\u1ee3i th\u1ebf l\u1edbn khi trang tr\u00ed \u1edf nh\u1eefng kh\u00f4ng gian k\u00edn ho\u1eb7c cho nh\u1eefng ng\u01b0\u1eddi nh\u1ea1y c\u1ea3m v\u1edbi m\u00f9i h\u01b0\u01a1ng.<\/div>\n<div><\/div>\n<h3><span class=\"ez-toc-section\" id=\"4_ung_dung_cua_lan_ho_diep_cat_canh_trang_trong_doi_song\"><\/span>4. \u1ee8ng d\u1ee5ng c\u1ee7a Lan H\u1ed3 \u0110i\u1ec7p C\u1eaft C\u00e0nh Tr\u1eafng trong \u0111\u1eddi s\u1ed1ng<span class=\"ez-toc-section-end\"><\/span><\/h3>\n<div>V\u1edbi v\u1ebb \u0111\u1eb9p thu\u1ea7n khi\u1ebft, sang tr\u1ecdng v\u00e0 \u0111\u1ed9 b\u1ec1n \u1ea5n t\u01b0\u1ee3ng, Lan H\u1ed3 \u0110i\u1ec7p c\u1eaft c\u00e0nh tr\u1eafng c\u00f3 nhi\u1ec1u \u1ee9ng d\u1ee5ng cao c\u1ea5p v\u00e0 ph\u1ed5 bi\u1ebfn trong \u0111\u1eddi s\u1ed1ng:<\/div>\n<div><\/div>\n<div>Hoa trang tr\u00ed n\u1ed9i th\u1ea5t cao c\u1ea5p: Lan H\u1ed3 \u0110i\u1ec7p tr\u1eafng l\u00e0 l\u1ef1a ch\u1ecdn ho\u00e0n h\u1ea3o \u0111\u1ec3 t\u00f4n l\u00ean v\u1ebb \u0111\u1eb9p tinh t\u1ebf v\u00e0 \u0111\u1eb3ng c\u1ea5p cho m\u1ecdi kh\u00f4ng gian:<\/div>\n<div><\/div>\n<div>C\u1eafm l\u1ecd trang tr\u00ed: \u0110\u1eb7t \u1edf b\u00e0n ti\u1ebfp kh\u00e1ch, b\u00e0n l\u00e0m vi\u1ec7c, s\u1ea3nh kh\u00e1ch s\u1ea1n, v\u0103n ph\u00f2ng, ph\u00f2ng gi\u00e1m \u0111\u1ed1c, mang \u0111\u1ebfn kh\u00f4ng kh\u00ed trang nh\u00e3 v\u00e0 thanh l\u1ecbch.<\/div>\n<div><\/div>\n<div>Trang tr\u00ed s\u1ef1 ki\u1ec7n: Ph\u00f9 h\u1ee3p cho c\u00e1c bu\u1ed5i ti\u1ec7c c\u01b0\u1edbi, h\u1ed9i ngh\u1ecb quan tr\u1ecdng, tri\u1ec3n l\u00e3m, mang \u0111\u1ebfn v\u1ebb \u0111\u1eb9p chuy\u00ean nghi\u1ec7p v\u00e0 tinh t\u1ebf. (Alt \u1ea3nh: B\u00ecnh Lan H\u1ed3 \u0110i\u1ec7p tr\u1eafng trang tr\u00ed ph\u00f2ng h\u1ecdp)<\/div>\n<div><\/div>\n<div>Qu\u00e0 t\u1eb7ng \u00fd ngh\u0129a v\u00e0 \u0111\u1eb3ng c\u1ea5p: Lan H\u1ed3 \u0110i\u1ec7p tr\u1eafng l\u00e0 m\u00f3n qu\u00e0 bi\u1ec3u \u0111\u1ea1t s\u1ef1 t\u00f4n tr\u1ecdng, l\u00f2ng bi\u1ebft \u01a1n s\u00e2u s\u1eafc v\u00e0 nh\u1eefng l\u1eddi ch\u00fac t\u1ed1t \u0111\u1eb9p, th\u01b0\u1eddng \u0111\u01b0\u1ee3c l\u1ef1a ch\u1ecdn trong c\u00e1c d\u1ecbp:<\/div>\n<div><\/div>\n<div>Qu\u00e0 t\u1eb7ng \u0111\u1ed1i t\u00e1c, c\u1ea5p tr\u00ean: Th\u1ec3 hi\u1ec7n s\u1ef1 tinh t\u1ebf, \u0111\u1eb3ng c\u1ea5p v\u00e0 l\u1eddi ch\u00fac th\u00e0nh c\u00f4ng, ph\u00e1t tri\u1ec3n b\u1ec1n v\u1eefng.<\/div>\n<div><\/div>\n<div>Ch\u00fac m\u1eebng \u0111\u00e1m c\u01b0\u1edbi, k\u1ef7 ni\u1ec7m ng\u00e0y c\u01b0\u1edbi: Mang \u00fd ngh\u0129a t\u00ecnh y\u00eau trong s\u00e1ng, h\u1ea1nh ph\u00fac v\u0129nh c\u1eedu.<\/div>\n<div><\/div>\n<div>T\u1eb7ng ng\u01b0\u1eddi th\u00e2n, b\u1ea1n b\u00e8: G\u1eedi g\u1eafm s\u1ef1 tr\u00e2n tr\u1ecdng, l\u00f2ng th\u00e0nh k\u00ednh v\u00e0 l\u1eddi ch\u00fac b\u00ecnh an, may m\u1eafn. (Alt \u1ea3nh: H\u1ed9p qu\u00e0 Lan H\u1ed3 \u0110i\u1ec7p tr\u1eafng c\u1eaft c\u00e0nh)<\/div>\n<div><\/div>\n<div>Hoa c\u01b0\u1edbi sang tr\u1ecdng: V\u1edbi \u00fd ngh\u0129a v\u1ec1 t\u00ecnh y\u00eau thu\u1ea7n khi\u1ebft v\u00e0 v\u0129nh c\u1eedu, Lan H\u1ed3 \u0110i\u1ec7p tr\u1eafng l\u00e0 m\u1ed9t trong nh\u1eefng lo\u00e0i hoa \u0111\u01b0\u1ee3c \u01b0u ti\u00ean h\u00e0ng \u0111\u1ea7u cho b\u00f3 hoa c\u00f4 d\u00e2u, hoa c\u00e0i \u00e1o ch\u00fa r\u1ec3, v\u00e0 hoa trang tr\u00ed ti\u1ec7c c\u01b0\u1edbi, \u0111\u1eb7c bi\u1ec7t ph\u00f9 h\u1ee3p v\u1edbi phong c\u00e1ch c\u01b0\u1edbi t\u1ed1i gi\u1ea3n, hi\u1ec7n \u0111\u1ea1i ho\u1eb7c c\u1ed5 \u0111i\u1ec3n sang tr\u1ecdng.<\/div>\n<div><\/div>\n<h3><span class=\"ez-toc-section\" id=\"5_cach_cham_soc_lan_ho_diep_cat_canh_trang_tai_nha_de_giu_hoa_tuoi_lau\"><\/span>5. C\u00e1ch ch\u0103m s\u00f3c Lan H\u1ed3 \u0110i\u1ec7p C\u1eaft C\u00e0nh Tr\u1eafng t\u1ea1i nh\u00e0 \u0111\u1ec3 gi\u1eef hoa t\u01b0\u01a1i l\u00e2u<span class=\"ez-toc-section-end\"><\/span><\/h3>\n<div>Lan H\u1ed3 \u0110i\u1ec7p c\u1eaft c\u00e0nh n\u1ed5i ti\u1ebfng v\u1edbi \u0111\u1ed9 b\u1ec1n, nh\u01b0ng vi\u1ec7c ch\u0103m s\u00f3c \u0111\u00fang c\u00e1ch s\u1ebd gi\u00fap nh\u1eefng c\u00e0nh hoa tr\u1eafng tinh kh\u00f4i c\u1ee7a b\u1ea1n gi\u1eef \u0111\u01b0\u1ee3c v\u1ebb \u0111\u1eb9p qu\u00fd ph\u00e1i l\u00e2u h\u01a1n n\u1eefa.<\/div>\n<div><\/div>\n<div>V\u1ec7 sinh b\u00ecnh hoa: Lu\u00f4n b\u1eaft \u0111\u1ea7u b\u1eb1ng m\u1ed9t b\u00ecnh hoa th\u1eadt s\u1ea1ch. R\u1eeda k\u1ef9 b\u00ecnh b\u1eb1ng x\u00e0 ph\u00f2ng v\u00e0 n\u01b0\u1edbc n\u00f3ng \u0111\u1ec3 lo\u1ea1i b\u1ecf m\u1ecdi vi khu\u1ea9n v\u00e0 c\u1eb7n b\u1ea9n, sau \u0111\u00f3 tr\u00e1ng l\u1ea1i b\u1eb1ng n\u01b0\u1edbc s\u1ea1ch. Vi khu\u1ea9n l\u00e0 nguy\u00ean nh\u00e2n ch\u00ednh khi\u1ebfn hoa nhanh h\u00e9o v\u00e0 n\u01b0\u1edbc b\u1ecb \u0111\u1ee5c.<\/div>\n<div><\/div>\n<div>C\u1eaft g\u1ed1c hoa \u0111\u00fang c\u00e1ch: Ngay khi nh\u1eadn hoa, d\u00f9ng k\u00e9o s\u1eafc ho\u1eb7c dao chuy\u00ean d\u1ee5ng \u0111\u1ec3 c\u1eaft ch\u00e9o m\u1ed9t g\u00f3c 45 \u0111\u1ed9 kho\u1ea3ng 2-3 cm \u1edf g\u1ed1c c\u00e0nh hoa. Thao t\u00e1c n\u00e0y c\u1ea7n \u0111\u01b0\u1ee3c th\u1ef1c hi\u1ec7n d\u01b0\u1edbi v\u00f2i n\u01b0\u1edbc ch\u1ea3y ho\u1eb7c trong m\u1ed9t ch\u1eadu n\u01b0\u1edbc nh\u1ecf. Vi\u1ec7c c\u1eaft d\u01b0\u1edbi n\u01b0\u1edbc gi\u00fap ng\u0103n kh\u00f4ng kh\u00ed l\u1ecdt v\u00e0o c\u00e1c m\u1ea1ch d\u1eabn c\u1ee7a hoa, \u0111\u1ea3m b\u1ea3o hoa c\u00f3 th\u1ec3 h\u00fat n\u01b0\u1edbc li\u00ean t\u1ee5c v\u00e0 hi\u1ec7u qu\u1ea3. (Alt \u1ea3nh: C\u1eaft ch\u00e9o g\u1ed1c c\u00e0nh Lan H\u1ed3 \u0110i\u1ec7p tr\u1eafng)<\/div>\n<div><\/div>\n<div>S\u1eed d\u1ee5ng d\u01b0\u1ee1ng ch\u1ea5t c\u1eafm hoa: Pha g\u00f3i d\u01b0\u1ee1ng ch\u1ea5t c\u1eafm hoa (floral food) v\u00e0o n\u01b0\u1edbc theo t\u1ef7 l\u1ec7 h\u01b0\u1edbng d\u1eabn tr\u00ean bao b\u00ec. Dung d\u1ecbch n\u00e0y cung c\u1ea5p dinh d\u01b0\u1ee1ng c\u1ea7n thi\u1ebft cho hoa v\u00e0 c\u00f3 ch\u1ea5t kh\u00e1ng khu\u1ea9n gi\u00fap n\u01b0\u1edbc s\u1ea1ch h\u01a1n. \u0110\u1ed1i v\u1edbi Lan H\u1ed3 \u0110i\u1ec7p, d\u01b0\u1ee1ng ch\u1ea5t c\u1eafm hoa \u0111\u1eb7c bi\u1ec7t quan tr\u1ecdng \u0111\u1ec3 duy tr\u00ec \u0111\u1ed9 t\u01b0\u01a1i v\u00e0 v\u1ebb \u0111\u1eb9p d\u00e0i l\u00e2u.<\/div>\n<div><\/div>\n<div>Thay n\u01b0\u1edbc th\u01b0\u1eddng xuy\u00ean: Thay to\u00e0n b\u1ed9 n\u01b0\u1edbc trong b\u00ecnh m\u1ed7i 2-3 ng\u00e0y m\u1ed9t l\u1ea7n. Khi thay n\u01b0\u1edbc, n\u00ean r\u1eeda s\u1ea1ch b\u00ecnh m\u1ed9t l\u1ea7n n\u1eefa v\u00e0 c\u1eaft l\u1ea1i g\u1ed1c hoa m\u1ed9t ch\u00fat (kho\u1ea3ng 1 cm) \u0111\u1ec3 lo\u1ea1i b\u1ecf ph\u1ea7n g\u1ed1c c\u00f3 th\u1ec3 \u0111\u00e3 b\u1ecb t\u1eafc ngh\u1ebdn ho\u1eb7c m\u1ec1m nh\u0169n, gi\u00fap hoa ti\u1ebfp t\u1ee5c h\u00fat n\u01b0\u1edbc t\u1ed1t.<\/div>\n<div><\/div>\n<div>V\u1ecb tr\u00ed \u0111\u1eb7t hoa: \u0110\u1eb7t b\u00ecnh Lan H\u1ed3 \u0110i\u1ec7p tr\u1eafng \u1edf n\u01a1i m\u00e1t m\u1ebb, tho\u00e1ng \u0111\u00e3ng, tr\u00e1nh \u00e1nh n\u1eafng m\u1eb7t tr\u1eddi tr\u1ef1c ti\u1ebfp, gi\u00f3 l\u00f9a m\u1ea1nh v\u00e0 c\u00e1c ngu\u1ed3n nhi\u1ec7t (nh\u01b0 TV, l\u00f2 s\u01b0\u1edfi, thi\u1ebft b\u1ecb \u0111i\u1ec7n t\u1eed). Nhi\u1ec7t \u0111\u1ed9 cao v\u00e0 lu\u1ed3ng kh\u00ed m\u1ea1nh s\u1ebd l\u00e0m hoa m\u1ea5t n\u01b0\u1edbc nhanh ch\u00f3ng. \u0110\u1ed3ng th\u1eddi, tr\u00e1nh \u0111\u1eb7t hoa g\u1ea7n c\u00e1c lo\u1ea1i tr\u00e1i c\u00e2y ch\u00edn, \u0111\u1eb7c bi\u1ec7t l\u00e0 chu\u1ed1i v\u00e0 t\u00e1o, v\u00ec ch\u00fang th\u1ea3i ra kh\u00ed ethylene \u2013 m\u1ed9t lo\u1ea1i kh\u00ed l\u00e0m hoa nhanh t\u00e0n. (Alt \u1ea3nh: B\u00ecnh Lan H\u1ed3 \u0110i\u1ec7p tr\u1eafng \u0111\u1eb7t c\u1ea1nh c\u1eeda s\u1ed5)<\/div>\n<div><\/div>\n<div>Ki\u1ec3m tra \u0111\u1ed9 \u1ea9m v\u00e0 phun s\u01b0\u01a1ng: Lan H\u1ed3 \u0110i\u1ec7p \u01b0a \u1ea9m. B\u1ea1n c\u00f3 th\u1ec3 phun s\u01b0\u01a1ng nh\u1eb9 nh\u00e0ng l\u00ean th\u00e2n v\u00e0 kh\u00f4ng kh\u00ed xung quanh hoa v\u00e0o bu\u1ed5i s\u00e1ng s\u1edbm, nh\u01b0ng tr\u00e1nh phun tr\u1ef1c ti\u1ebfp v\u00e0o c\u00e1nh hoa \u0111\u1ec3 tr\u00e1nh \u0111\u1ecdng n\u01b0\u1edbc g\u00e2y \u0111\u1ed1m ho\u1eb7c l\u00e0m \u00fang hoa.<\/div>\n<div><\/div>\n<div>Tu\u00e2n th\u1ee7 nh\u1eefng b\u01b0\u1edbc ch\u0103m s\u00f3c \u0111\u01a1n gi\u1ea3n n\u00e0y s\u1ebd gi\u00fap nh\u1eefng c\u00e0nh Lan H\u1ed3 \u0110i\u1ec7p c\u1eaft c\u00e0nh tr\u1eafng c\u1ee7a b\u1ea1n gi\u1eef \u0111\u01b0\u1ee3c v\u1ebb \u0111\u1eb9p thu\u1ea7n khi\u1ebft v\u00e0 sang tr\u1ecdng, t\u00f4 \u0111i\u1ec3m cho kh\u00f4ng gian s\u1ed1ng th\u00eam ph\u1ea7n tinh t\u1ebf v\u00e0 \u0111\u1eb3ng c\u1ea5p.<\/div>\n<div><\/div>\n<h3><span class=\"ez-toc-section\" id=\"6_mua_lan_ho_diep_cat_canh_trang_chat_luong_tai_gvgardencom\"><\/span>6. Mua Lan H\u1ed3 \u0110i\u1ec7p C\u1eaft C\u00e0nh Tr\u1eafng ch\u1ea5t l\u01b0\u1ee3ng t\u1ea1i GVgarden.com<span class=\"ez-toc-section-end\"><\/span><\/h3>\n<div>GVgarden.com t\u1ef1 h\u00e0o l\u00e0 \u0111\u1ecba ch\u1ec9 uy t\u00edn cung c\u1ea5p Lan H\u1ed3 \u0110i\u1ec7p c\u1eaft c\u00e0nh tr\u1eafng ch\u1ea5t l\u01b0\u1ee3ng cao, \u0111\u01b0\u1ee3c tuy\u1ec3n ch\u1ecdn k\u1ef9 l\u01b0\u1ee1ng t\u1eeb c\u00e1c v\u01b0\u1eddn \u01b0\u01a1m uy t\u00edn nh\u1ea5t. Ch\u00fang t\u00f4i cam k\u1ebft mang \u0111\u1ebfn nh\u1eefng c\u00e0nh hoa t\u01b0\u01a1i t\u1eafn, kh\u1ecfe m\u1ea1nh, v\u1edbi m\u00e0u s\u1eafc chu\u1ea9n v\u00e0 \u0111\u1ed9 b\u1ec1n v\u01b0\u1ee3t tr\u1ed9i, \u0111\u1ea3m b\u1ea3o v\u1ebb \u0111\u1eb9p ho\u00e0n h\u1ea3o khi \u0111\u1ebfn tay b\u1ea1n.<\/div>\n<div><\/div>\n<div>T\u1ea1i sao n\u00ean ch\u1ecdn mua Lan H\u1ed3 \u0110i\u1ec7p Tr\u1eafng t\u1ea1i GVgarden.com?<\/div>\n<div>Ch\u1ea5t l\u01b0\u1ee3ng v\u01b0\u1ee3t tr\u1ed9i: Hoa lu\u00f4n t\u01b0\u01a1i m\u1edbi, kh\u00f4ng s\u00e2u b\u1ec7nh, c\u00e1nh hoa nguy\u00ean v\u1eb9n v\u00e0 chu\u1ea9n form.<\/div>\n<div><\/div>\n<div>\u0110a d\u1ea1ng l\u1ef1a ch\u1ecdn: Cung c\u1ea5p nhi\u1ec1u gi\u1ed1ng v\u00e0 s\u1eafc th\u00e1i tr\u1eafng kh\u00e1c nhau c\u1ee7a Lan H\u1ed3 \u0110i\u1ec7p c\u1eaft c\u00e0nh, ph\u00f9 h\u1ee3p v\u1edbi m\u1ecdi s\u1edf th\u00edch v\u00e0 m\u1ee5c \u0111\u00edch s\u1eed d\u1ee5ng.<\/div>\n<div><\/div>\n<div>Gi\u00e1 c\u1ea3 c\u1ea1nh tranh: M\u1ee9c gi\u00e1 h\u1ee3p l\u00fd, t\u01b0\u01a1ng x\u1ee9ng v\u1edbi ch\u1ea5t l\u01b0\u1ee3ng v\u00e0 v\u1ebb \u0111\u1eb9p \u0111\u1eb3ng c\u1ea5p c\u1ee7a lo\u00e0i hoa n\u00e0y.<\/div>\n<div><\/div>\n<div>T\u01b0 v\u1ea5n t\u1eadn t\u00ecnh: \u0110\u1ed9i ng\u0169 chuy\u00ean gia c\u1ee7a ch\u00fang t\u00f4i lu\u00f4n s\u1eb5n s\u00e0ng h\u1ed7 tr\u1ee3 b\u1ea1n v\u1ec1 c\u00e1ch ch\u0103m s\u00f3c v\u00e0 l\u1ef1a ch\u1ecdn hoa ph\u00f9 h\u1ee3p nh\u1ea5t.<\/div>\n<div><\/div>\n<div>Giao h\u00e0ng nhanh ch\u00f3ng v\u00e0 chuy\u00ean nghi\u1ec7p: \u0110\u1ea3m b\u1ea3o hoa \u0111\u01b0\u1ee3c v\u1eadn chuy\u1ec3n c\u1ea9n th\u1eadn, an to\u00e0n v\u00e0 \u0111\u1ebfn tay b\u1ea1n trong t\u00ecnh tr\u1ea1ng t\u1ed1t nh\u1ea5t.<\/div>\n<div><\/div>\n<div>H\u00e3y truy c\u1eadp website GVgarden.com ho\u1eb7c li\u00ean h\u1ec7 ngay h\u00f4m nay \u0111\u1ec3 s\u1edf h\u1eefu nh\u1eefng c\u00e0nh Lan H\u1ed3 \u0110i\u1ec7p c\u1eaft c\u00e0nh tr\u1eafng tuy\u1ec7t \u0111\u1eb9p, mang v\u1ebb \u0111\u1eb9p thu\u1ea7n khi\u1ebft, sang tr\u1ecdng v\u00e0 v\u0129nh c\u1eedu \u0111\u1ebfn kh\u00f4ng gian c\u1ee7a b\u1ea1n!<\/div>\n","protected":false},"excerpt":{"rendered":"<p>1. Gi\u1edbi thi\u1ec7u v\u1ec1 Lan H\u1ed3 \u0110i\u1ec7p C\u1eaft C\u00e0nh M\u00e0u Tr\u1eafng Lan H\u1ed3 \u0110i\u1ec7p (t\u00ean khoa h\u1ecdc: Phalaenopsis) lu\u00f4n l\u00e0 bi\u1ec3u t\u01b0\u1ee3ng c\u1ee7a s\u1ef1 sang tr\u1ecdng, tinh t\u1ebf trong th\u1ebf gi\u1edbi hoa lan. Trong s\u1ed1 \u0111\u00f3, Lan H\u1ed3 \u0110i\u1ec7p c\u1eaft c\u00e0nh m\u00e0u tr\u1eafng n\u1ed5i b\u1eadt v\u1edbi v\u1ebb \u0111\u1eb9p thu\u1ea7n khi\u1ebft, thanh tao v\u00e0 \u0111\u1ea7y cu\u1ed1n [&#8230;]\n","protected":false},"featured_media":4478,"comment_status":"open","ping_status":"closed","template":"","meta":[],"product_brand":[],"product_cat":[275,304],"product_tag":[],"class_list":{"0":"post-4388","1":"product","2":"type-product","3":"status-publish","4":"has-post-thumbnail","6":"product_cat-hoa-lan","7":"product_cat-hoa-lan-ho-diep-hoa-lan","9":"first","10":"instock","11":"shipping-taxable","12":"product-type-simple"},"_links":{"self":[{"href":"https:\/\/gvgarden.asia\/index.php?rest_route=\/wp\/v2\/product\/4388","targetHints":{"allow":["GET"]}}],"collection":[{"href":"https:\/\/gvgarden.asia\/index.php?rest_route=\/wp\/v2\/product"}],"about":[{"href":"https:\/\/gvgarden.asia\/index.php?rest_route=\/wp\/v2\/types\/product"}],"replies":[{"embeddable":true,"href":"https:\/\/gvgarden.asia\/index.php?rest_route=%2Fwp%2Fv2%2Fcomments&post=4388"}],"version-history":[{"count":3,"href":"https:\/\/gvgarden.asia\/index.php?rest_route=\/wp\/v2\/product\/4388\/revisions"}],"predecessor-version":[{"id":5584,"href":"https:\/\/gvgarden.asia\/index.php?rest_route=\/wp\/v2\/product\/4388\/revisions\/5584"}],"wp:featuredmedia":[{"embeddable":true,"href":"https:\/\/gvgarden.asia\/index.php?rest_route=\/wp\/v2\/media\/4478"}],"wp:attachment":[{"href":"https:\/\/gvgarden.asia\/index.php?rest_route=%2Fwp%2Fv2%2Fmedia&parent=4388"}],"wp:term":[{"taxonomy":"product_brand","embeddable":true,"href":"https:\/\/gvgarden.asia\/index.php?rest_route=%2Fwp%2Fv2%2Fproduct_brand&post=4388"},{"taxonomy":"product_cat","embeddable":true,"href":"https:\/\/gvgarden.asia\/index.php?rest_route=%2Fwp%2Fv2%2Fproduct_cat&post=4388"},{"taxonomy":"product_tag","embeddable":true,"href":"https:\/\/gvgarden.asia\/index.php?rest_route=%2Fwp%2Fv2%2Fproduct_tag&post=4388"}],"curies":[{"name":"wp","href":"https:\/\/api.w.org\/{rel}","templated":true}]}}