{"id":4381,"date":"2025-07-19T12:43:44","date_gmt":"2025-07-19T05:43:44","guid":{"rendered":"https:\/\/gvgarden.asia\/?post_type=product&#038;p=4381"},"modified":"2025-09-06T09:03:43","modified_gmt":"2025-09-06T02:03:43","slug":"lan-ho-diep-cat-canh-vang-thinh-vuong-niem-vui","status":"publish","type":"product","link":"https:\/\/gvgarden.asia\/?product=lan-ho-diep-cat-canh-vang-thinh-vuong-niem-vui","title":{"rendered":"Hoa Lan H\u1ed3 \u0110i\u1ec7p V\u00e0ng"},"content":{"rendered":"<div id=\"ez-toc-container\" class=\"ez-toc-v2_0_76 counter-hierarchy ez-toc-counter ez-toc-grey ez-toc-container-direction\">\n<div class=\"ez-toc-title-container\">\n<p class=\"ez-toc-title\" style=\"cursor:inherit\">N\u1ed9i Dung B\u00e0i Vi\u1ebft<\/p>\n<span class=\"ez-toc-title-toggle\"><a href=\"#\" class=\"ez-toc-pull-right ez-toc-btn ez-toc-btn-xs ez-toc-btn-default ez-toc-toggle\" aria-label=\"Toggle Table of Content\"><span class=\"ez-toc-js-icon-con\"><span class=\"\"><span class=\"eztoc-hide\" style=\"display:none;\">Toggle<\/span><span class=\"ez-toc-icon-toggle-span\"><svg style=\"fill: #999;color:#999\" xmlns=\"http:\/\/www.w3.org\/2000\/svg\" class=\"list-377408\" width=\"20px\" height=\"20px\" viewBox=\"0 0 24 24\" fill=\"none\"><path d=\"M6 6H4v2h2V6zm14 0H8v2h12V6zM4 11h2v2H4v-2zm16 0H8v2h12v-2zM4 16h2v2H4v-2zm16 0H8v2h12v-2z\" fill=\"currentColor\"><\/path><\/svg><svg style=\"fill: #999;color:#999\" class=\"arrow-unsorted-368013\" xmlns=\"http:\/\/www.w3.org\/2000\/svg\" width=\"10px\" height=\"10px\" viewBox=\"0 0 24 24\" version=\"1.2\" baseProfile=\"tiny\"><path d=\"M18.2 9.3l-6.2-6.3-6.2 6.3c-.2.2-.3.4-.3.7s.1.5.3.7c.2.2.4.3.7.3h11c.3 0 .5-.1.7-.3.2-.2.3-.5.3-.7s-.1-.5-.3-.7zM5.8 14.7l6.2 6.3 6.2-6.3c.2-.2.3-.5.3-.7s-.1-.5-.3-.7c-.2-.2-.4-.3-.7-.3h-11c-.3 0-.5.1-.7.3-.2.2-.3.5-.3.7s.1.5.3.7z\"\/><\/svg><\/span><\/span><\/span><\/a><\/span><\/div>\n<nav><ul class='ez-toc-list ez-toc-list-level-1 eztoc-toggle-hide-by-default' ><li class='ez-toc-page-1 ez-toc-heading-level-3'><a class=\"ez-toc-link ez-toc-heading-1\" href=\"https:\/\/gvgarden.asia\/?product=lan-ho-diep-cat-canh-vang-thinh-vuong-niem-vui\/#1_gioi_thieu_ve_lan_ho_diep_cat_canh_mau_vang\" >1. Gi\u1edbi thi\u1ec7u v\u1ec1 Lan H\u1ed3 \u0110i\u1ec7p C\u1eaft C\u00e0nh M\u00e0u V\u00e0ng<\/a><\/li><li class='ez-toc-page-1 ez-toc-heading-level-3'><a class=\"ez-toc-link ez-toc-heading-2\" href=\"https:\/\/gvgarden.asia\/?product=lan-ho-diep-cat-canh-vang-thinh-vuong-niem-vui\/#2_y_nghia_cua_lan_ho_diep_cat_canh_mau_vang\" >2. \u00dd ngh\u0129a c\u1ee7a Lan H\u1ed3 \u0110i\u1ec7p C\u1eaft C\u00e0nh M\u00e0u V\u00e0ng<\/a><\/li><li class='ez-toc-page-1 ez-toc-heading-level-3'><a class=\"ez-toc-link ez-toc-heading-3\" href=\"https:\/\/gvgarden.asia\/?product=lan-ho-diep-cat-canh-vang-thinh-vuong-niem-vui\/#3_dac_diem_noi_bat_cua_lan_ho_diep_cat_canh_mau_vang\" >3. \u0110\u1eb7c \u0111i\u1ec3m n\u1ed5i b\u1eadt c\u1ee7a Lan H\u1ed3 \u0110i\u1ec7p C\u1eaft C\u00e0nh M\u00e0u V\u00e0ng<\/a><\/li><li class='ez-toc-page-1 ez-toc-heading-level-3'><a class=\"ez-toc-link ez-toc-heading-4\" href=\"https:\/\/gvgarden.asia\/?product=lan-ho-diep-cat-canh-vang-thinh-vuong-niem-vui\/#4_ung_dung_cua_lan_ho_diep_cat_canh_vang_trong_doi_song\" >4. \u1ee8ng d\u1ee5ng c\u1ee7a Lan H\u1ed3 \u0110i\u1ec7p C\u1eaft C\u00e0nh V\u00e0ng trong \u0111\u1eddi s\u1ed1ng<\/a><\/li><li class='ez-toc-page-1 ez-toc-heading-level-3'><a class=\"ez-toc-link ez-toc-heading-5\" href=\"https:\/\/gvgarden.asia\/?product=lan-ho-diep-cat-canh-vang-thinh-vuong-niem-vui\/#5_cach_cham_soc_lan_ho_diep_cat_canh_vang_tai_nha_de_giu_hoa_tuoi_lau\" >5. C\u00e1ch ch\u0103m s\u00f3c Lan H\u1ed3 \u0110i\u1ec7p C\u1eaft C\u00e0nh V\u00e0ng t\u1ea1i nh\u00e0 \u0111\u1ec3 gi\u1eef hoa t\u01b0\u01a1i l\u00e2u<\/a><\/li><li class='ez-toc-page-1 ez-toc-heading-level-3'><a class=\"ez-toc-link ez-toc-heading-6\" href=\"https:\/\/gvgarden.asia\/?product=lan-ho-diep-cat-canh-vang-thinh-vuong-niem-vui\/#6_mua_lan_ho_diep_cat_canh_vang_chat_luong_tai_gvgardenasia\" >6. Mua Lan H\u1ed3 \u0110i\u1ec7p C\u1eaft C\u00e0nh V\u00e0ng ch\u1ea5t l\u01b0\u1ee3ng t\u1ea1i GVgarden.asia<\/a><\/li><\/ul><\/nav><\/div>\n<h3><span class=\"ez-toc-section\" id=\"1_gioi_thieu_ve_lan_ho_diep_cat_canh_mau_vang\"><\/span><strong>1. Gi\u1edbi thi\u1ec7u v\u1ec1 Lan H\u1ed3 \u0110i\u1ec7p C\u1eaft C\u00e0nh M\u00e0u V\u00e0ng<\/strong><span class=\"ez-toc-section-end\"><\/span><\/h3>\n<div>Lan H\u1ed3 \u0110i\u1ec7p (t\u00ean khoa h\u1ecdc: Phalaenopsis), v\u1ed1n n\u1ed5i ti\u1ebfng v\u1edbi v\u1ebb \u0111\u1eb9p sang tr\u1ecdng v\u00e0 thanh l\u1ecbch, lu\u00f4n l\u00e0 l\u1ef1a ch\u1ecdn h\u00e0ng \u0111\u1ea7u cho nh\u1eefng kh\u00f4ng gian \u0111\u1eb3ng c\u1ea5p. Trong \u0111\u00f3, Lan H\u1ed3 \u0110i\u1ec7p c\u1eaft c\u00e0nh m\u00e0u v\u00e0ng mang m\u1ed9t s\u1eafc th\u00e1i \u0111\u1eb7c bi\u1ec7t r\u1ea1ng r\u1ee1 v\u00e0 cu\u1ed1n h\u00fat. V\u1edbi nh\u1eefng c\u00e1nh hoa m\u1ec1m m\u1ea1i nh\u01b0 c\u00e1nh b\u01b0\u1edbm, c\u00f9ng s\u1eafc v\u00e0ng t\u01b0\u01a1i s\u00e1ng, t\u1eeb v\u00e0ng chanh d\u1ecbu nh\u1eb9 \u0111\u1ebfn v\u00e0ng h\u1ed5 ph\u00e1ch n\u1ed3ng \u1ea5m, lo\u00e0i hoa n\u00e0y kh\u00f4ng ch\u1ec9 th\u1eafp s\u00e1ng kh\u00f4ng gian m\u00e0 c\u00f2n mang \u0111\u1ebfn c\u1ea3m gi\u00e1c vui t\u01b0\u01a1i, \u1ea5m \u00e1p v\u00e0 tr\u00e0n \u0111\u1ea7y n\u0103ng l\u01b0\u1ee3ng t\u00edch c\u1ef1c.<\/div>\n<div><\/div>\n<div>Lan H\u1ed3 \u0110i\u1ec7p c\u00f3 ngu\u1ed3n g\u1ed1c t\u1eeb c\u00e1c khu r\u1eebng nhi\u1ec7t \u0111\u1edbi \u1edf \u0110\u00f4ng Nam \u00c1 v\u00e0 Australia. T\u00ean g\u1ecdi &#8220;Phalaenopsis&#8221; trong ti\u1ebfng Hy L\u1ea1p c\u00f3 ngh\u0129a l\u00e0 &#8220;gi\u1ed1ng b\u01b0\u1edbm \u0111\u00eam&#8221;, m\u00f4 t\u1ea3 ch\u00ednh x\u00e1c h\u00ecnh d\u00e1ng \u0111\u1ed9c \u0111\u00e1o c\u1ee7a nh\u1eefng b\u00f4ng hoa n\u00e0y khi ch\u00fang e \u1ea5p khoe s\u1eafc. T\u1eeb khi \u0111\u01b0\u1ee3c kh\u00e1m ph\u00e1, Lan H\u1ed3 \u0110i\u1ec7p \u0111\u00e3 nhanh ch\u00f3ng tr\u1edf th\u00e0nh m\u1ed9t bi\u1ec3u t\u01b0\u1ee3ng c\u1ee7a s\u1ef1 tinh t\u1ebf, v\u00e0 \u0111\u1eb7c bi\u1ec7t, \u0111\u1ed9 b\u1ec1n c\u1ee7a hoa c\u1eaft c\u00e0nh \u0111\u00e3 khi\u1ebfn ch\u00fang tr\u1edf th\u00e0nh l\u1ef1a ch\u1ecdn \u01b0u ti\u00ean cho trang tr\u00ed v\u00e0 qu\u00e0 t\u1eb7ng.<\/div>\n<div><\/div>\n<div>Lan H\u1ed3 \u0110i\u1ec7p c\u1eaft c\u00e0nh m\u00e0u v\u00e0ng kh\u00f4ng ch\u1ec9 l\u00e0 m\u1ed9t m\u00f3n qu\u00e0 \u0111\u1eb9p m\u1eaft m\u00e0 c\u00f2n l\u00e0 th\u00f4ng \u0111i\u1ec7p \u00fd ngh\u0129a v\u1ec1 s\u1ef1 th\u1ecbnh v\u01b0\u1ee3ng, may m\u1eafn v\u00e0 h\u1ea1nh ph\u00fac vi\u00ean m\u00e3n, l\u00e0m cho ch\u00fang tr\u1edf n\u00ean v\u00f4 c\u00f9ng gi\u00e1 tr\u1ecb trong m\u1ecdi d\u1ecbp.<\/div>\n<h3><span class=\"ez-toc-section\" id=\"2_y_nghia_cua_lan_ho_diep_cat_canh_mau_vang\"><\/span><strong>2. \u00dd ngh\u0129a c\u1ee7a Lan H\u1ed3 \u0110i\u1ec7p C\u1eaft C\u00e0nh M\u00e0u V\u00e0ng<\/strong><span class=\"ez-toc-section-end\"><\/span><\/h3>\n<div>M\u1ed7i s\u1eafc th\u00e1i v\u00e0ng c\u1ee7a Lan H\u1ed3 \u0110i\u1ec7p \u0111\u1ec1u mang trong m\u00ecnh nh\u1eefng th\u00f4ng \u0111i\u1ec7p t\u00edch c\u1ef1c, l\u00e0m t\u0103ng th\u00eam gi\u00e1 tr\u1ecb v\u00e0 s\u1ee9c h\u00fat c\u1ee7a lo\u00e0i hoa n\u00e0y:<\/div>\n<div><\/div>\n<div>\u00dd ngh\u0129a chung c\u1ee7a Lan H\u1ed3 \u0110i\u1ec7p: T\u01b0\u1ee3ng tr\u01b0ng cho v\u1ebb \u0111\u1eb9p thanh l\u1ecbch, sang tr\u1ecdng, s\u1ef1 gi\u00e0u c\u00f3, th\u1ecbnh v\u01b0\u1ee3ng v\u00e0 h\u1ea1nh ph\u00fac. Ch\u00fang c\u00f2n bi\u1ec3u tr\u01b0ng cho t\u00ecnh y\u00eau, s\u1ef1 ng\u01b0\u1ee1ng m\u1ed9 v\u00e0 l\u00f2ng t\u00f4n k\u00ednh.<\/div>\n<div><\/div>\n<div>\u00dd ngh\u0129a \u0111\u1eb7c bi\u1ec7t c\u1ee7a Lan H\u1ed3 \u0110i\u1ec7p V\u00e0ng:<\/div>\n<div><\/div>\n<div>Th\u1ecbnh v\u01b0\u1ee3ng v\u00e0 t\u00e0i l\u1ed9c: M\u00e0u v\u00e0ng l\u00e0 bi\u1ec3u t\u01b0\u1ee3ng c\u1ee7a v\u00e0ng b\u1ea1c, ch\u00e2u b\u00e1u, do \u0111\u00f3 Lan H\u1ed3 \u0110i\u1ec7p v\u00e0ng mang \u00fd ngh\u0129a m\u1ea1nh m\u1ebd v\u1ec1 s\u1ef1 gi\u00e0u sang, ph\u00fa qu\u00fd, th\u1ecbnh v\u01b0\u1ee3ng v\u00e0 t\u00e0i l\u1ed9c d\u1ed3i d\u00e0o. \u0110\u00e2y l\u00e0 l\u1ef1a ch\u1ecdn l\u00fd t\u01b0\u1edfng \u0111\u1ec3 ch\u00fac m\u1eebng khai tr\u01b0\u01a1ng, th\u0103ng ch\u1ee9c, ho\u1eb7c t\u00e2n gia.<\/div>\n<div><\/div>\n<div>Ni\u1ec1m vui v\u00e0 h\u1ea1nh ph\u00fac: S\u1eafc v\u00e0ng r\u1ea1ng r\u1ee1 c\u1ee7a Lan H\u1ed3 \u0110i\u1ec7p t\u01b0\u1ee3ng tr\u01b0ng cho \u00e1nh n\u1eafng m\u1eb7t tr\u1eddi, ni\u1ec1m vui, s\u1ef1 l\u1ea1c quan v\u00e0 n\u0103ng l\u01b0\u1ee3ng t\u00edch c\u1ef1c. Ch\u00fang gi\u00fap xua tan s\u1ef1 u \u00e1m, mang \u0111\u1ebfn kh\u00f4ng kh\u00ed t\u01b0\u01a1i s\u00e1ng v\u00e0 h\u1ea1nh ph\u00fac cho kh\u00f4ng gian.<\/div>\n<div><\/div>\n<div>S\u1ef1 kh\u1edfi \u0111\u1ea7u m\u1edbi v\u00e0 hy v\u1ecdng: M\u00e0u v\u00e0ng c\u00f2n bi\u1ec3u tr\u01b0ng cho s\u1ef1 kh\u1edfi \u0111\u1ea7u m\u1edbi m\u1ebb, tr\u00e0n \u0111\u1ea7y hy v\u1ecdng v\u00e0 th\u00e0nh c\u00f4ng. Th\u00edch h\u1ee3p \u0111\u1ec3 t\u1eb7ng trong c\u00e1c d\u1ecbp nh\u01b0 t\u1ed1t nghi\u1ec7p, chuy\u1ec3n vi\u1ec7c, ho\u1eb7c m\u1ed9t ch\u1eb7ng \u0111\u01b0\u1eddng m\u1edbi trong cu\u1ed9c s\u1ed1ng.<\/div>\n<div><\/div>\n<div>T\u00ecnh b\u1ea1n ch\u00e2n th\u00e0nh: Lan H\u1ed3 \u0110i\u1ec7p v\u00e0ng c\u0169ng l\u00e0 bi\u1ec3u t\u01b0\u1ee3ng c\u1ee7a t\u00ecnh b\u1ea1n \u1ea5m \u00e1p, g\u1eafn k\u1ebft v\u00e0 b\u1ec1n ch\u1eb7t, th\u1ec3 hi\u1ec7n s\u1ef1 tr\u00e2n tr\u1ecdng \u0111\u1ed1i v\u1edbi nh\u1eefng m\u1ed1i quan h\u1ec7 th\u00e2n thi\u1ebft.<\/div>\n<div><\/div>\n<div>Alt \u1ea3nh: C\u00e0nh Lan H\u1ed3 \u0110i\u1ec7p v\u00e0ng r\u1ef1c r\u1ee1<\/div>\n<div><\/div>\n<div>Alt \u1ea3nh: Ch\u1eadu Lan H\u1ed3 \u0110i\u1ec7p v\u00e0ng mang t\u00e0i l\u1ed9c<\/div>\n<div><\/div>\n<h3><span class=\"ez-toc-section\" id=\"3_dac_diem_noi_bat_cua_lan_ho_diep_cat_canh_mau_vang\"><\/span><strong>3. \u0110\u1eb7c \u0111i\u1ec3m n\u1ed5i b\u1eadt c\u1ee7a Lan H\u1ed3 \u0110i\u1ec7p C\u1eaft C\u00e0nh M\u00e0u V\u00e0ng<\/strong><span class=\"ez-toc-section-end\"><\/span><\/h3>\n<div>Lan H\u1ed3 \u0110i\u1ec7p c\u1eaft c\u00e0nh v\u00e0ng s\u1edf h\u1eefu nh\u1eefng \u0111\u1eb7c \u0111i\u1ec3m ri\u00eang bi\u1ec7t, khi\u1ebfn ch\u00fang tr\u1edf th\u00e0nh m\u1ed9t trong nh\u1eefng lo\u00e0i hoa \u0111\u01b0\u1ee3c s\u0103n \u0111\u00f3n nh\u1ea5t:<\/div>\n<div><\/div>\n<div>C\u1ea5u t\u1ea1o b\u00f4ng hoa: B\u00f4ng hoa Lan H\u1ed3 \u0110i\u1ec7p c\u00f3 h\u00ecnh d\u00e1ng \u0111\u1ed9c \u0111\u00e1o nh\u01b0 c\u00e1nh b\u01b0\u1edbm, v\u1edbi 5 c\u00e1nh hoa x\u00f2e r\u1ed9ng v\u00e0 m\u1ed9t c\u00e1nh m\u00f4i (labellum) n\u1ed5i b\u1eadt \u1edf trung t\u00e2m, th\u01b0\u1eddng c\u00f3 c\u00e1c h\u1ecda ti\u1ebft, v\u00e2n ho\u1eb7c \u0111\u1ed1m m\u00e0u t\u01b0\u01a1ng ph\u1ea3n. S\u1eafc v\u00e0ng c\u1ee7a ch\u00fang v\u00f4 c\u00f9ng \u0111a d\u1ea1ng, t\u1eeb v\u00e0ng chanh, v\u00e0ng kem, \u0111\u1ebfn v\u00e0ng \u0111\u1eadm v\u00e0 v\u00e0ng pha n\u00e2u. (Alt \u1ea3nh: C\u1eadn c\u1ea3nh b\u00f4ng Lan H\u1ed3 \u0110i\u1ec7p v\u00e0ng v\u1edbi nh\u1ee5y \u0111\u1ed9c \u0111\u00e1o)<\/div>\n<div><\/div>\n<div>Th\u00e2n c\u00e0nh: C\u00e0nh hoa Lan H\u1ed3 \u0110i\u1ec7p c\u1eaft c\u00e0nh th\u01b0\u1eddng d\u00e0i, th\u1eb3ng ho\u1eb7c h\u01a1i cong m\u1ec1m m\u1ea1i, mang nhi\u1ec1u b\u00f4ng hoa n\u1edf \u0111\u1ed3ng lo\u1ea1t ho\u1eb7c n\u1ed1i ti\u1ebfp nhau, t\u1ea1o n\u00ean m\u1ed9t chu\u1ed7i hoa \u0111\u1eb9p m\u1eaft v\u00e0 \u1ea5n t\u01b0\u1ee3ng.<\/div>\n<div><\/div>\n<div>\u0110\u1ed9 b\u1ec1n v\u01b0\u1ee3t tr\u1ed9i: M\u1ed9t trong nh\u1eefng \u01b0u \u0111i\u1ec3m l\u1edbn nh\u1ea5t c\u1ee7a Lan H\u1ed3 \u0110i\u1ec7p c\u1eaft c\u00e0nh l\u00e0 kh\u1ea3 n\u0103ng gi\u1eef t\u01b0\u01a1i r\u1ea5t l\u00e2u. M\u1ed9t c\u00e0nh Lan H\u1ed3 \u0110i\u1ec7p v\u00e0ng c\u00f3 th\u1ec3 t\u01b0\u01a1i t\u1eafn trong b\u00ecnh t\u1eeb 2-4 tu\u1ea7n, th\u1eadm ch\u00ed l\u00e2u h\u01a1n n\u1ebfu \u0111\u01b0\u1ee3c ch\u0103m s\u00f3c k\u1ef9 l\u01b0\u1ee1ng, gi\u00fap b\u1ea1n th\u01b0\u1edfng th\u1ee9c v\u1ebb \u0111\u1eb9p c\u1ee7a ch\u00fang trong th\u1eddi gian d\u00e0i.<\/div>\n<div><\/div>\n<div>Kh\u00f4ng m\u00f9i ho\u1eb7c m\u00f9i r\u1ea5t nh\u1eb9: H\u1ea7u h\u1ebft c\u00e1c gi\u1ed1ng Lan H\u1ed3 \u0110i\u1ec7p kh\u00f4ng c\u00f3 m\u00f9i ho\u1eb7c ch\u1ec9 c\u00f3 m\u00f9i r\u1ea5t nh\u1eb9, \u0111\u00e2y l\u00e0 l\u1ee3i th\u1ebf l\u1edbn khi trang tr\u00ed \u1edf nh\u1eefng kh\u00f4ng gian k\u00edn ho\u1eb7c cho nh\u1eefng ng\u01b0\u1eddi nh\u1ea1y c\u1ea3m v\u1edbi m\u00f9i h\u01b0\u01a1ng.<\/div>\n<div><\/div>\n<h3><span class=\"ez-toc-section\" id=\"4_ung_dung_cua_lan_ho_diep_cat_canh_vang_trong_doi_song\"><\/span><strong>4. \u1ee8ng d\u1ee5ng c\u1ee7a Lan H\u1ed3 \u0110i\u1ec7p C\u1eaft C\u00e0nh V\u00e0ng trong \u0111\u1eddi s\u1ed1ng<\/strong><span class=\"ez-toc-section-end\"><\/span><\/h3>\n<div>V\u1edbi v\u1ebb \u0111\u1eb9p sang tr\u1ecdng, r\u1ea1ng r\u1ee1 v\u00e0 \u00fd ngh\u0129a t\u00e0i l\u1ed9c, Lan H\u1ed3 \u0110i\u1ec7p c\u1eaft c\u00e0nh v\u00e0ng c\u00f3 nhi\u1ec1u \u1ee9ng d\u1ee5ng cao c\u1ea5p v\u00e0 ph\u1ed5 bi\u1ebfn trong \u0111\u1eddi s\u1ed1ng:<\/div>\n<div><\/div>\n<div>Hoa trang tr\u00ed n\u1ed9i th\u1ea5t cao c\u1ea5p: Lan H\u1ed3 \u0110i\u1ec7p v\u00e0ng l\u00e0 l\u1ef1a ch\u1ecdn ho\u00e0n h\u1ea3o \u0111\u1ec3 th\u1eafp s\u00e1ng v\u00e0 t\u00f4n l\u00ean v\u1ebb \u0111\u1eb9p \u0111\u1eb3ng c\u1ea5p cho m\u1ecdi kh\u00f4ng gian:<\/div>\n<div><\/div>\n<div>C\u1eafm l\u1ecd trang tr\u00ed: \u0110\u1eb7t \u1edf b\u00e0n ti\u1ebfp kh\u00e1ch, b\u00e0n l\u00e0m vi\u1ec7c, s\u1ea3nh kh\u00e1ch s\u1ea1n, v\u0103n ph\u00f2ng, ph\u00f2ng gi\u00e1m \u0111\u1ed1c, mang \u0111\u1ebfn kh\u00f4ng kh\u00ed t\u01b0\u01a1i s\u00e1ng v\u00e0 sang tr\u1ecdng.<\/div>\n<div><\/div>\n<div>Trang tr\u00ed s\u1ef1 ki\u1ec7n: Ph\u00f9 h\u1ee3p cho c\u00e1c bu\u1ed5i ti\u1ec7c khai tr\u01b0\u01a1ng, h\u1ed9i ngh\u1ecb, s\u1ef1 ki\u1ec7n doanh nghi\u1ec7p, mang \u00fd ngh\u0129a ch\u00fac m\u1eebng th\u00e0nh c\u00f4ng v\u00e0 th\u1ecbnh v\u01b0\u1ee3ng. (Alt \u1ea3nh: B\u00ecnh Lan H\u1ed3 \u0110i\u1ec7p v\u00e0ng trang tr\u00ed v\u0103n ph\u00f2ng)<\/div>\n<div><\/div>\n<div>Qu\u00e0 t\u1eb7ng \u00fd ngh\u0129a v\u00e0 \u0111\u1eb3ng c\u1ea5p: Lan H\u1ed3 \u0110i\u1ec7p v\u00e0ng l\u00e0 m\u00f3n qu\u00e0 bi\u1ec3u \u0111\u1ea1t s\u1ef1 t\u00f4n tr\u1ecdng, l\u1eddi ch\u00fac may m\u1eafn, th\u1ecbnh v\u01b0\u1ee3ng v\u00e0 h\u1ea1nh ph\u00fac vi\u00ean m\u00e3n, th\u01b0\u1eddng \u0111\u01b0\u1ee3c l\u1ef1a ch\u1ecdn trong c\u00e1c d\u1ecbp:<\/div>\n<div><\/div>\n<div>Qu\u00e0 t\u1eb7ng \u0111\u1ed1i t\u00e1c, c\u1ea5p tr\u00ean: Th\u1ec3 hi\u1ec7n s\u1ef1 chuy\u00ean nghi\u1ec7p, \u0111\u1eb3ng c\u1ea5p v\u00e0 l\u1eddi ch\u00fac th\u00e0nh c\u00f4ng, ph\u00e1t \u0111\u1ea1t.<\/div>\n<div><\/div>\n<div>Ch\u00fac m\u1eebng khai tr\u01b0\u01a1ng, t\u00e2n gia: Mang \u00fd ngh\u0129a t\u00e0i l\u1ed9c d\u1ed3i d\u00e0o, ph\u00e1t tri\u1ec3n b\u1ec1n v\u1eefng.<\/div>\n<div><\/div>\n<div>T\u1eb7ng ng\u01b0\u1eddi th\u00e2n, b\u1ea1n b\u00e8: G\u1eedi g\u1eafm l\u1eddi ch\u00fac v\u1ec1 ni\u1ec1m vui, h\u1ea1nh ph\u00fac v\u00e0 cu\u1ed9c s\u1ed1ng sung t\u00fac. (Alt \u1ea3nh: H\u1ed9p qu\u00e0 Lan H\u1ed3 \u0110i\u1ec7p v\u00e0ng c\u1eaft c\u00e0nh cao c\u1ea5p)<\/div>\n<div><\/div>\n<div>Hoa c\u01b0\u1edbi \u0111\u1ed9c \u0111\u00e1o: M\u1eb7c d\u00f9 \u00edt ph\u1ed5 bi\u1ebfn h\u01a1n m\u00e0u tr\u1eafng hay h\u1ed3ng, Lan H\u1ed3 \u0110i\u1ec7p v\u00e0ng v\u1eabn \u0111\u01b0\u1ee3c s\u1eed d\u1ee5ng trong c\u00e1c b\u00f3 hoa c\u01b0\u1edbi ho\u1eb7c trang tr\u00ed ti\u1ec7c c\u01b0\u1edbi v\u1edbi phong c\u00e1ch hi\u1ec7n \u0111\u1ea1i, \u0111\u1ed9c \u0111\u00e1o, mang \u0111\u1ebfn s\u1ef1 \u1ea5m \u00e1p v\u00e0 h\u1ea1nh ph\u00fac cho ng\u00e0y tr\u1ecdng \u0111\u1ea1i.<\/div>\n<div><\/div>\n<h3><span class=\"ez-toc-section\" id=\"5_cach_cham_soc_lan_ho_diep_cat_canh_vang_tai_nha_de_giu_hoa_tuoi_lau\"><\/span><strong>5. C\u00e1ch ch\u0103m s\u00f3c Lan H\u1ed3 \u0110i\u1ec7p C\u1eaft C\u00e0nh V\u00e0ng t\u1ea1i nh\u00e0 \u0111\u1ec3 gi\u1eef hoa t\u01b0\u01a1i l\u00e2u<\/strong><span class=\"ez-toc-section-end\"><\/span><\/h3>\n<div>Lan H\u1ed3 \u0110i\u1ec7p c\u1eaft c\u00e0nh n\u1ed5i ti\u1ebfng v\u1edbi \u0111\u1ed9 b\u1ec1n, nh\u01b0ng vi\u1ec7c ch\u0103m s\u00f3c \u0111\u00fang c\u00e1ch s\u1ebd gi\u00fap nh\u1eefng c\u00e0nh hoa v\u00e0ng r\u1ea1ng r\u1ee1 c\u1ee7a b\u1ea1n gi\u1eef \u0111\u01b0\u1ee3c v\u1ebb \u0111\u1eb9p qu\u00fd ph\u00e1i l\u00e2u h\u01a1n n\u1eefa.<\/div>\n<div><\/div>\n<div>V\u1ec7 sinh b\u00ecnh hoa: Lu\u00f4n b\u1eaft \u0111\u1ea7u b\u1eb1ng m\u1ed9t b\u00ecnh hoa th\u1eadt s\u1ea1ch. R\u1eeda k\u1ef9 b\u00ecnh b\u1eb1ng x\u00e0 ph\u00f2ng v\u00e0 n\u01b0\u1edbc n\u00f3ng \u0111\u1ec3 lo\u1ea1i b\u1ecf m\u1ecdi vi khu\u1ea9n v\u00e0 c\u1eb7n b\u1ea9n, sau \u0111\u00f3 tr\u00e1ng l\u1ea1i b\u1eb1ng n\u01b0\u1edbc s\u1ea1ch. Vi khu\u1ea9n l\u00e0 nguy\u00ean nh\u00e2n ch\u00ednh khi\u1ebfn hoa nhanh h\u00e9o.<\/div>\n<div><\/div>\n<div>C\u1eaft g\u1ed1c hoa \u0111\u00fang c\u00e1ch: Ngay khi nh\u1eadn hoa, d\u00f9ng k\u00e9o s\u1eafc ho\u1eb7c dao chuy\u00ean d\u1ee5ng \u0111\u1ec3 c\u1eaft ch\u00e9o m\u1ed9t g\u00f3c 45 \u0111\u1ed9 kho\u1ea3ng 2-3 cm \u1edf g\u1ed1c c\u00e0nh hoa. Thao t\u00e1c n\u00e0y c\u1ea7n \u0111\u01b0\u1ee3c th\u1ef1c hi\u1ec7n d\u01b0\u1edbi v\u00f2i n\u01b0\u1edbc ch\u1ea3y ho\u1eb7c trong m\u1ed9t ch\u1eadu n\u01b0\u1edbc nh\u1ecf. Vi\u1ec7c c\u1eaft d\u01b0\u1edbi n\u01b0\u1edbc gi\u00fap ng\u0103n kh\u00f4ng kh\u00ed l\u1ecdt v\u00e0o c\u00e1c m\u1ea1ch d\u1eabn c\u1ee7a hoa, \u0111\u1ea3m b\u1ea3o hoa c\u00f3 th\u1ec3 h\u00fat n\u01b0\u1edbc li\u00ean t\u1ee5c v\u00e0 hi\u1ec7u qu\u1ea3. (Alt \u1ea3nh: C\u1eaft ch\u00e9o g\u1ed1c c\u00e0nh Lan H\u1ed3 \u0110i\u1ec7p v\u00e0ng)<\/div>\n<div><\/div>\n<div>S\u1eed d\u1ee5ng d\u01b0\u1ee1ng ch\u1ea5t c\u1eafm hoa: Pha g\u00f3i d\u01b0\u1ee1ng ch\u1ea5t c\u1eafm hoa (floral food) v\u00e0o n\u01b0\u1edbc theo t\u1ef7 l\u1ec7 h\u01b0\u1edbng d\u1eabn tr\u00ean bao b\u00ec. Dung d\u1ecbch n\u00e0y cung c\u1ea5p dinh d\u01b0\u1ee1ng c\u1ea7n thi\u1ebft cho hoa v\u00e0 c\u00f3 ch\u1ea5t kh\u00e1ng khu\u1ea9n gi\u00fap n\u01b0\u1edbc s\u1ea1ch h\u01a1n. \u0110\u1ed1i v\u1edbi Lan H\u1ed3 \u0110i\u1ec7p, d\u01b0\u1ee1ng ch\u1ea5t c\u1eafm hoa \u0111\u1eb7c bi\u1ec7t quan tr\u1ecdng \u0111\u1ec3 duy tr\u00ec \u0111\u1ed9 t\u01b0\u01a1i v\u00e0 v\u1ebb \u0111\u1eb9p d\u00e0i l\u00e2u.<\/div>\n<div><\/div>\n<div>Thay n\u01b0\u1edbc th\u01b0\u1eddng xuy\u00ean: Thay to\u00e0n b\u1ed9 n\u01b0\u1edbc trong b\u00ecnh m\u1ed7i 2-3 ng\u00e0y m\u1ed9t l\u1ea7n. Khi thay n\u01b0\u1edbc, n\u00ean r\u1eeda s\u1ea1ch b\u00ecnh m\u1ed9t l\u1ea7n n\u1eefa v\u00e0 c\u1eaft l\u1ea1i g\u1ed1c hoa m\u1ed9t ch\u00fat (kho\u1ea3ng 1 cm) \u0111\u1ec3 lo\u1ea1i b\u1ecf ph\u1ea7n g\u1ed1c c\u00f3 th\u1ec3 \u0111\u00e3 b\u1ecb t\u1eafc ngh\u1ebdn ho\u1eb7c m\u1ec1m nh\u0169n, gi\u00fap hoa ti\u1ebfp t\u1ee5c h\u00fat n\u01b0\u1edbc t\u1ed1t.<\/div>\n<div><\/div>\n<div>V\u1ecb tr\u00ed \u0111\u1eb7t hoa: \u0110\u1eb7t b\u00ecnh Lan H\u1ed3 \u0110i\u1ec7p v\u00e0ng \u1edf n\u01a1i m\u00e1t m\u1ebb, tho\u00e1ng \u0111\u00e3ng, tr\u00e1nh \u00e1nh n\u1eafng m\u1eb7t tr\u1eddi tr\u1ef1c ti\u1ebfp, gi\u00f3 l\u00f9a m\u1ea1nh v\u00e0 c\u00e1c ngu\u1ed3n nhi\u1ec7t (nh\u01b0 TV, l\u00f2 s\u01b0\u1edfi, thi\u1ebft b\u1ecb \u0111i\u1ec7n t\u1eed). Nhi\u1ec7t \u0111\u1ed9 cao v\u00e0 lu\u1ed3ng kh\u00ed m\u1ea1nh s\u1ebd l\u00e0m hoa m\u1ea5t n\u01b0\u1edbc nhanh ch\u00f3ng. \u0110\u1ed3ng th\u1eddi, tr\u00e1nh \u0111\u1eb7t hoa g\u1ea7n c\u00e1c lo\u1ea1i tr\u00e1i c\u00e2y ch\u00edn, \u0111\u1eb7c bi\u1ec7t l\u00e0 chu\u1ed1i v\u00e0 t\u00e1o, v\u00ec ch\u00fang th\u1ea3i ra kh\u00ed ethylene \u2013 m\u1ed9t lo\u1ea1i kh\u00ed l\u00e0m hoa nhanh t\u00e0n. (Alt \u1ea3nh: B\u00ecnh Lan H\u1ed3 \u0110i\u1ec7p v\u00e0ng \u0111\u1eb7t \u1edf v\u1ecb tr\u00ed tho\u00e1ng m\u00e1t)<\/div>\n<div><\/div>\n<div>Ki\u1ec3m tra \u0111\u1ed9 \u1ea9m v\u00e0 phun s\u01b0\u01a1ng: Lan H\u1ed3 \u0110i\u1ec7p \u01b0a \u1ea9m. B\u1ea1n c\u00f3 th\u1ec3 phun s\u01b0\u01a1ng nh\u1eb9 nh\u00e0ng l\u00ean th\u00e2n v\u00e0 kh\u00f4ng kh\u00ed xung quanh hoa v\u00e0o bu\u1ed5i s\u00e1ng s\u1edbm, nh\u01b0ng tr\u00e1nh phun tr\u1ef1c ti\u1ebfp v\u00e0o c\u00e1nh hoa \u0111\u1ec3 tr\u00e1nh \u0111\u1ecdng n\u01b0\u1edbc g\u00e2y \u0111\u1ed1m.<\/div>\n<div><\/div>\n<div>Tu\u00e2n th\u1ee7 nh\u1eefng b\u01b0\u1edbc ch\u0103m s\u00f3c \u0111\u01a1n gi\u1ea3n n\u00e0y s\u1ebd gi\u00fap nh\u1eefng c\u00e0nh Lan H\u1ed3 \u0110i\u1ec7p c\u1eaft c\u00e0nh v\u00e0ng c\u1ee7a b\u1ea1n gi\u1eef \u0111\u01b0\u1ee3c v\u1ebb \u0111\u1eb9p r\u1ea1ng r\u1ee1 v\u00e0 mang l\u1ea1i may m\u1eafn, t\u00e0i l\u1ed9c cho kh\u00f4ng gian s\u1ed1ng.<\/div>\n<div><\/div>\n<h3><span class=\"ez-toc-section\" id=\"6_mua_lan_ho_diep_cat_canh_vang_chat_luong_tai_gvgardenasia\"><\/span><strong>6. Mua Lan H\u1ed3 \u0110i\u1ec7p C\u1eaft C\u00e0nh V\u00e0ng ch\u1ea5t l\u01b0\u1ee3ng t\u1ea1i GVgarden.asia<\/strong><span class=\"ez-toc-section-end\"><\/span><\/h3>\n<div>GVgarden.asia t\u1ef1 h\u00e0o l\u00e0 \u0111\u1ecba ch\u1ec9 uy t\u00edn cung c\u1ea5p Lan H\u1ed3 \u0110i\u1ec7p c\u1eaft c\u00e0nh v\u00e0ng ch\u1ea5t l\u01b0\u1ee3ng cao, \u0111\u01b0\u1ee3c tuy\u1ec3n ch\u1ecdn k\u1ef9 l\u01b0\u1ee1ng t\u1eeb c\u00e1c v\u01b0\u1eddn \u01b0\u01a1m uy t\u00edn nh\u1ea5t. Ch\u00fang t\u00f4i cam k\u1ebft mang \u0111\u1ebfn nh\u1eefng c\u00e0nh hoa t\u01b0\u01a1i t\u1eafn, kh\u1ecfe m\u1ea1nh, v\u1edbi m\u00e0u s\u1eafc chu\u1ea9n v\u00e0 \u0111\u1ed9 b\u1ec1n v\u01b0\u1ee3t tr\u1ed9i, \u0111\u1ea3m b\u1ea3o v\u1ebb \u0111\u1eb9p ho\u00e0n h\u1ea3o khi \u0111\u1ebfn tay b\u1ea1n.<\/div>\n<div><\/div>\n<div>T\u1ea1i sao n\u00ean ch\u1ecdn mua Lan H\u1ed3 \u0110i\u1ec7p V\u00e0ng t\u1ea1i GVgarden.asia?<\/div>\n<div>Ch\u1ea5t l\u01b0\u1ee3ng v\u01b0\u1ee3t tr\u1ed9i: Hoa lu\u00f4n t\u01b0\u01a1i m\u1edbi, kh\u00f4ng s\u00e2u b\u1ec7nh, c\u00e1nh hoa nguy\u00ean v\u1eb9n v\u00e0 chu\u1ea9n form.<\/div>\n<div><\/div>\n<div>\u0110a d\u1ea1ng l\u1ef1a ch\u1ecdn: Cung c\u1ea5p nhi\u1ec1u s\u1eafc th\u00e1i v\u00e0ng kh\u00e1c nhau c\u1ee7a Lan H\u1ed3 \u0110i\u1ec7p c\u1eaft c\u00e0nh, ph\u00f9 h\u1ee3p v\u1edbi m\u1ecdi s\u1edf th\u00edch v\u00e0 m\u1ee5c \u0111\u00edch s\u1eed d\u1ee5ng.<\/div>\n<div><\/div>\n<div>Gi\u00e1 c\u1ea3 c\u1ea1nh tranh: M\u1ee9c gi\u00e1 h\u1ee3p l\u00fd, t\u01b0\u01a1ng x\u1ee9ng v\u1edbi ch\u1ea5t l\u01b0\u1ee3ng v\u00e0 v\u1ebb \u0111\u1eb9p \u0111\u1eb3ng c\u1ea5p c\u1ee7a lo\u00e0i hoa n\u00e0y.<\/div>\n<div><\/div>\n<div>T\u01b0 v\u1ea5n t\u1eadn t\u00ecnh: \u0110\u1ed9i ng\u0169 chuy\u00ean gia c\u1ee7a ch\u00fang t\u00f4i lu\u00f4n s\u1eb5n s\u00e0ng h\u1ed7 tr\u1ee3 b\u1ea1n v\u1ec1 c\u00e1ch ch\u0103m s\u00f3c v\u00e0 l\u1ef1a ch\u1ecdn hoa ph\u00f9 h\u1ee3p nh\u1ea5t.<\/div>\n<div><\/div>\n<div>Giao h\u00e0ng nhanh ch\u00f3ng v\u00e0 chuy\u00ean nghi\u1ec7p: \u0110\u1ea3m b\u1ea3o hoa \u0111\u01b0\u1ee3c v\u1eadn chuy\u1ec3n c\u1ea9n th\u1eadn, an to\u00e0n v\u00e0 \u0111\u1ebfn tay b\u1ea1n trong t\u00ecnh tr\u1ea1ng t\u1ed1t nh\u1ea5t.<\/div>\n<div><\/div>\n<div>H\u00e3y truy c\u1eadp website GVgarden.asia ho\u1eb7c li\u00ean h\u1ec7 ngay h\u00f4m nay \u0111\u1ec3 s\u1edf h\u1eefu nh\u1eefng c\u00e0nh Lan H\u1ed3 \u0110i\u1ec7p c\u1eaft c\u00e0nh v\u00e0ng tuy\u1ec7t \u0111\u1eb9p, mang \u00e1nh s\u00e1ng th\u1ecbnh v\u01b0\u1ee3ng, ni\u1ec1m vui v\u00e0 s\u1ef1 \u0111\u1eb3ng c\u1ea5p \u0111\u1ebfn kh\u00f4ng gian c\u1ee7a b\u1ea1n!<\/div>\n","protected":false},"excerpt":{"rendered":"<p>1. Gi\u1edbi thi\u1ec7u v\u1ec1 Lan H\u1ed3 \u0110i\u1ec7p C\u1eaft C\u00e0nh M\u00e0u V\u00e0ng Lan H\u1ed3 \u0110i\u1ec7p (t\u00ean khoa h\u1ecdc: Phalaenopsis), v\u1ed1n n\u1ed5i ti\u1ebfng v\u1edbi v\u1ebb \u0111\u1eb9p sang tr\u1ecdng v\u00e0 thanh l\u1ecbch, lu\u00f4n l\u00e0 l\u1ef1a ch\u1ecdn h\u00e0ng \u0111\u1ea7u cho nh\u1eefng kh\u00f4ng gian \u0111\u1eb3ng c\u1ea5p. Trong \u0111\u00f3, Lan H\u1ed3 \u0110i\u1ec7p c\u1eaft c\u00e0nh m\u00e0u v\u00e0ng mang m\u1ed9t s\u1eafc th\u00e1i \u0111\u1eb7c [&#8230;]\n","protected":false},"featured_media":4476,"comment_status":"open","ping_status":"closed","template":"","meta":[],"product_brand":[],"product_cat":[275,304],"product_tag":[323],"class_list":{"0":"post-4381","1":"product","2":"type-product","3":"status-publish","4":"has-post-thumbnail","6":"product_cat-hoa-lan","7":"product_cat-hoa-lan-ho-diep-hoa-lan","8":"product_tag-hoa-lan-ho-diep","10":"first","11":"instock","12":"shipping-taxable","13":"product-type-simple"},"_links":{"self":[{"href":"https:\/\/gvgarden.asia\/index.php?rest_route=\/wp\/v2\/product\/4381","targetHints":{"allow":["GET"]}}],"collection":[{"href":"https:\/\/gvgarden.asia\/index.php?rest_route=\/wp\/v2\/product"}],"about":[{"href":"https:\/\/gvgarden.asia\/index.php?rest_route=\/wp\/v2\/types\/product"}],"replies":[{"embeddable":true,"href":"https:\/\/gvgarden.asia\/index.php?rest_route=%2Fwp%2Fv2%2Fcomments&post=4381"}],"version-history":[{"count":3,"href":"https:\/\/gvgarden.asia\/index.php?rest_route=\/wp\/v2\/product\/4381\/revisions"}],"predecessor-version":[{"id":5616,"href":"https:\/\/gvgarden.asia\/index.php?rest_route=\/wp\/v2\/product\/4381\/revisions\/5616"}],"wp:featuredmedia":[{"embeddable":true,"href":"https:\/\/gvgarden.asia\/index.php?rest_route=\/wp\/v2\/media\/4476"}],"wp:attachment":[{"href":"https:\/\/gvgarden.asia\/index.php?rest_route=%2Fwp%2Fv2%2Fmedia&parent=4381"}],"wp:term":[{"taxonomy":"product_brand","embeddable":true,"href":"https:\/\/gvgarden.asia\/index.php?rest_route=%2Fwp%2Fv2%2Fproduct_brand&post=4381"},{"taxonomy":"product_cat","embeddable":true,"href":"https:\/\/gvgarden.asia\/index.php?rest_route=%2Fwp%2Fv2%2Fproduct_cat&post=4381"},{"taxonomy":"product_tag","embeddable":true,"href":"https:\/\/gvgarden.asia\/index.php?rest_route=%2Fwp%2Fv2%2Fproduct_tag&post=4381"}],"curies":[{"name":"wp","href":"https:\/\/api.w.org\/{rel}","templated":true}]}}