{"id":4364,"date":"2025-07-19T12:43:43","date_gmt":"2025-07-19T05:43:43","guid":{"rendered":"https:\/\/gvgarden.asia\/?post_type=product&#038;p=4364"},"modified":"2025-09-19T16:31:51","modified_gmt":"2025-09-19T09:31:51","slug":"hoa-hong-cam-quoc-vuong","status":"publish","type":"product","link":"https:\/\/gvgarden.asia\/?product=hoa-hong-cam-quoc-vuong","title":{"rendered":"Hoa H\u1ed3ng Cam Qu\u1ed1c V\u01b0\u01a1ng"},"content":{"rendered":"<div id=\"ez-toc-container\" class=\"ez-toc-v2_0_76 counter-hierarchy ez-toc-counter ez-toc-grey ez-toc-container-direction\">\n<div class=\"ez-toc-title-container\">\n<p class=\"ez-toc-title\" style=\"cursor:inherit\">N\u1ed9i Dung B\u00e0i Vi\u1ebft<\/p>\n<span class=\"ez-toc-title-toggle\"><a href=\"#\" class=\"ez-toc-pull-right ez-toc-btn ez-toc-btn-xs ez-toc-btn-default ez-toc-toggle\" aria-label=\"Toggle Table of Content\"><span class=\"ez-toc-js-icon-con\"><span class=\"\"><span class=\"eztoc-hide\" style=\"display:none;\">Toggle<\/span><span class=\"ez-toc-icon-toggle-span\"><svg style=\"fill: #999;color:#999\" xmlns=\"http:\/\/www.w3.org\/2000\/svg\" class=\"list-377408\" width=\"20px\" height=\"20px\" viewBox=\"0 0 24 24\" fill=\"none\"><path d=\"M6 6H4v2h2V6zm14 0H8v2h12V6zM4 11h2v2H4v-2zm16 0H8v2h12v-2zM4 16h2v2H4v-2zm16 0H8v2h12v-2z\" fill=\"currentColor\"><\/path><\/svg><svg style=\"fill: #999;color:#999\" class=\"arrow-unsorted-368013\" xmlns=\"http:\/\/www.w3.org\/2000\/svg\" width=\"10px\" height=\"10px\" viewBox=\"0 0 24 24\" version=\"1.2\" baseProfile=\"tiny\"><path d=\"M18.2 9.3l-6.2-6.3-6.2 6.3c-.2.2-.3.4-.3.7s.1.5.3.7c.2.2.4.3.7.3h11c.3 0 .5-.1.7-.3.2-.2.3-.5.3-.7s-.1-.5-.3-.7zM5.8 14.7l6.2 6.3 6.2-6.3c.2-.2.3-.5.3-.7s-.1-.5-.3-.7c-.2-.2-.4-.3-.7-.3h-11c-.3 0-.5.1-.7.3-.2.2-.3.5-.3.7s.1.5.3.7z\"\/><\/svg><\/span><\/span><\/span><\/a><\/span><\/div>\n<nav><ul class='ez-toc-list ez-toc-list-level-1 eztoc-toggle-hide-by-default' ><li class='ez-toc-page-1 ez-toc-heading-level-2'><a class=\"ez-toc-link ez-toc-heading-1\" href=\"https:\/\/gvgarden.asia\/?product=hoa-hong-cam-quoc-vuong\/#hoa_hong_cam_quoc_vuong_%e2%80%93_doa_hong_cua_su_dam_me_va_dang_cap\" >Hoa H\u1ed3ng Cam Qu\u1ed1c V\u01b0\u01a1ng \u2013 \u0110\u00f3a H\u1ed3ng C\u1ee7a S\u1ef1 \u0110am M\u00ea V\u00e0 \u0110\u1eb3ng C\u1ea5p<\/a><ul class='ez-toc-list-level-3' ><li class='ez-toc-heading-level-3'><a class=\"ez-toc-link ez-toc-heading-2\" href=\"https:\/\/gvgarden.asia\/?product=hoa-hong-cam-quoc-vuong\/#gioi_thieu_ve_hoa_hong_cam_quoc_vuong_da_lat\" >Gi\u1edbi thi\u1ec7u v\u1ec1 hoa h\u1ed3ng Cam Qu\u1ed1c V\u01b0\u01a1ng \u0110\u00e0 L\u1ea1t<\/a><\/li><li class='ez-toc-page-1 ez-toc-heading-level-3'><a class=\"ez-toc-link ez-toc-heading-3\" href=\"https:\/\/gvgarden.asia\/?product=hoa-hong-cam-quoc-vuong\/#y_nghia_dac_biet_cua_hoa_hong_cam_quoc_vuong\" >\u00dd ngh\u0129a \u0111\u1eb7c bi\u1ec7t c\u1ee7a hoa h\u1ed3ng Cam Qu\u1ed1c V\u01b0\u01a1ng<\/a><ul class='ez-toc-list-level-4' ><li class='ez-toc-heading-level-4'><a class=\"ez-toc-link ez-toc-heading-4\" href=\"https:\/\/gvgarden.asia\/?product=hoa-hong-cam-quoc-vuong\/#bieu_tuong_cua_dam_me_va_su_quyet_doan\" >Bi\u1ec3u t\u01b0\u1ee3ng c\u1ee7a \u0111am m\u00ea v\u00e0 s\u1ef1 quy\u1ebft \u0111o\u00e1n<\/a><\/li><li class='ez-toc-page-1 ez-toc-heading-level-4'><a class=\"ez-toc-link ez-toc-heading-5\" href=\"https:\/\/gvgarden.asia\/?product=hoa-hong-cam-quoc-vuong\/#su_vuong_gia_trong_ve_ngoai\" >S\u1ef1 v\u01b0\u01a1ng gi\u1ea3 trong v\u1ebb ngo\u00e0i<\/a><\/li><\/ul><\/li><li class='ez-toc-page-1 ez-toc-heading-level-3'><a class=\"ez-toc-link ez-toc-heading-6\" href=\"https:\/\/gvgarden.asia\/?product=hoa-hong-cam-quoc-vuong\/#dac_diem_noi_bat_cua_hoa_hong_cam_quoc_vuong\" >\u0110\u1eb7c \u0111i\u1ec3m n\u1ed5i b\u1eadt c\u1ee7a hoa h\u1ed3ng Cam Qu\u1ed1c V\u01b0\u01a1ng<\/a><ul class='ez-toc-list-level-4' ><li class='ez-toc-heading-level-4'><a class=\"ez-toc-link ez-toc-heading-7\" href=\"https:\/\/gvgarden.asia\/?product=hoa-hong-cam-quoc-vuong\/#mau_cam_dong_ruc_ro_sac_net\" >M\u00e0u cam \u0111\u1ed3ng r\u1ef1c r\u1ee1, s\u1eafc n\u00e9t<\/a><\/li><li class='ez-toc-page-1 ez-toc-heading-level-4'><a class=\"ez-toc-link ez-toc-heading-8\" href=\"https:\/\/gvgarden.asia\/?product=hoa-hong-cam-quoc-vuong\/#form_bong_dep_canh_cuon_deu\" >Form b\u00f4ng \u0111\u1eb9p, c\u00e1nh cu\u1ed9n \u0111\u1ec1u<\/a><\/li><li class='ez-toc-page-1 ez-toc-heading-level-4'><a class=\"ez-toc-link ez-toc-heading-9\" href=\"https:\/\/gvgarden.asia\/?product=hoa-hong-cam-quoc-vuong\/#canh_khoe_la_xanh_dam\" >C\u00e0nh kh\u1ecfe, l\u00e1 xanh \u0111\u1eadm<\/a><\/li><\/ul><\/li><li class='ez-toc-page-1 ez-toc-heading-level-3'><a class=\"ez-toc-link ez-toc-heading-10\" href=\"https:\/\/gvgarden.asia\/?product=hoa-hong-cam-quoc-vuong\/#ung_dung_cua_hoa_hong_cam_quoc_vuong_trong_doi_song\" >\u1ee8ng d\u1ee5ng c\u1ee7a hoa h\u1ed3ng Cam Qu\u1ed1c V\u01b0\u01a1ng trong \u0111\u1eddi s\u1ed1ng<\/a><ul class='ez-toc-list-level-4' ><li class='ez-toc-heading-level-4'><a class=\"ez-toc-link ez-toc-heading-11\" href=\"https:\/\/gvgarden.asia\/?product=hoa-hong-cam-quoc-vuong\/#lam_hoa_tang_sang_trong_khac_biet\" >L\u00e0m hoa t\u1eb7ng sang tr\u1ecdng, kh\u00e1c bi\u1ec7t<\/a><\/li><li class='ez-toc-page-1 ez-toc-heading-level-4'><a class=\"ez-toc-link ez-toc-heading-12\" href=\"https:\/\/gvgarden.asia\/?product=hoa-hong-cam-quoc-vuong\/#trang_tri_tiec_cuoi_hien_dai\" >Trang tr\u00ed ti\u1ec7c c\u01b0\u1edbi hi\u1ec7n \u0111\u1ea1i<\/a><\/li><\/ul><\/li><li class='ez-toc-page-1 ez-toc-heading-level-3'><a class=\"ez-toc-link ez-toc-heading-13\" href=\"https:\/\/gvgarden.asia\/?product=hoa-hong-cam-quoc-vuong\/#hoa_trang_tri_su_kien_showroom_le_khai_truong\" >Hoa trang tr\u00ed s\u1ef1 ki\u1ec7n, showroom, l\u1ec5 khai tr\u01b0\u01a1ng<\/a><\/li><li class='ez-toc-page-1 ez-toc-heading-level-3'><a class=\"ez-toc-link ez-toc-heading-14\" href=\"https:\/\/gvgarden.asia\/?product=hoa-hong-cam-quoc-vuong\/#mua_hoa_hong_cam_quoc_vuong_da_lat_o_dau_uy_tin\" >Mua hoa h\u1ed3ng Cam Qu\u1ed1c V\u01b0\u01a1ng \u0110\u00e0 L\u1ea1t \u1edf \u0111\u00e2u uy t\u00edn?<\/a><\/li><li class='ez-toc-page-1 ez-toc-heading-level-3'><a class=\"ez-toc-link ez-toc-heading-15\" href=\"https:\/\/gvgarden.asia\/?product=hoa-hong-cam-quoc-vuong\/#%e2%9c%85_ket_luan\" >\u2705 K\u1ebft lu\u1eadn<\/a><\/li><\/ul><\/li><\/ul><\/nav><\/div>\n<h2><span class=\"ez-toc-section\" id=\"hoa_hong_cam_quoc_vuong_%e2%80%93_doa_hong_cua_su_dam_me_va_dang_cap\"><\/span><strong>Hoa H\u1ed3ng Cam Qu\u1ed1c V\u01b0\u01a1ng \u2013 \u0110\u00f3a H\u1ed3ng C\u1ee7a S\u1ef1 \u0110am M\u00ea V\u00e0 \u0110\u1eb3ng C\u1ea5p<\/strong><span class=\"ez-toc-section-end\"><\/span><\/h2>\n<h3><span class=\"ez-toc-section\" id=\"gioi_thieu_ve_hoa_hong_cam_quoc_vuong_da_lat\"><\/span><strong>Gi\u1edbi thi\u1ec7u v\u1ec1 hoa h\u1ed3ng Cam Qu\u1ed1c V\u01b0\u01a1ng \u0110\u00e0 L\u1ea1t<\/strong><span class=\"ez-toc-section-end\"><\/span><\/h3>\n<div>Hoa h\u1ed3ng Cam Qu\u1ed1c V\u01b0\u01a1ng l\u00e0 m\u1ed9t trong nh\u1eefng gi\u1ed1ng h\u1ed3ng n\u1ed5i b\u1eadt t\u1ea1i \u0110\u00e0 L\u1ea1t, \u0111\u01b0\u1ee3c y\u00eau th\u00edch nh\u1edd m\u00e0u s\u1eafc cam r\u1ef1c l\u1eeda v\u00e0 form b\u00f4ng chu\u1ea9n xo\u1eafn \u0111\u1eb9p m\u1eaft. Hoa c\u00f3 ngu\u1ed3n g\u1ed1c t\u1eeb gi\u1ed1ng nh\u1eadp, \u0111\u01b0\u1ee3c tr\u1ed3ng v\u00e0 th\u00edch nghi r\u1ea5t t\u1ed1t trong \u0111i\u1ec1u ki\u1ec7n kh\u00ed h\u1eadu \u00f4n \u0111\u1edbi \u0110\u00e0 L\u1ea1t, t\u1ea1o n\u00ean nh\u1eefng b\u00f4ng hoa \u0111\u1ea1t chu\u1ea9n xu\u1ea5t s\u1eafc v\u1ec1 c\u1ea3 th\u1ea9m m\u1ef9 l\u1eabn \u0111\u1ed9 b\u1ec1n.<\/div>\n<div><\/div>\n<div>\u0110\u00e2y l\u00e0 lo\u1ea1i hoa \u0111\u01b0\u1ee3c c\u00e1c shop hoa ngh\u1ec7 thu\u1eadt, wedding planner v\u00e0 nh\u00e0 t\u1ed5 ch\u1ee9c s\u1ef1 ki\u1ec7n \u01b0u ti\u00ean ch\u1ecdn l\u1ef1a \u0111\u1ec3 t\u1ea1o \u0111i\u1ec3m nh\u1ea5n sang tr\u1ecdng, tinh t\u1ebf nh\u01b0ng v\u1eabn tr\u1ebb trung v\u00e0 n\u1ed5i b\u1eadt.<\/div>\n<div><\/div>\n<h3><span class=\"ez-toc-section\" id=\"y_nghia_dac_biet_cua_hoa_hong_cam_quoc_vuong\"><\/span><strong>\u00dd ngh\u0129a \u0111\u1eb7c bi\u1ec7t c\u1ee7a hoa h\u1ed3ng Cam Qu\u1ed1c V\u01b0\u01a1ng<\/strong><span class=\"ez-toc-section-end\"><\/span><\/h3>\n<h4><span class=\"ez-toc-section\" id=\"bieu_tuong_cua_dam_me_va_su_quyet_doan\"><\/span><strong>Bi\u1ec3u t\u01b0\u1ee3ng c\u1ee7a \u0111am m\u00ea v\u00e0 s\u1ef1 quy\u1ebft \u0111o\u00e1n<\/strong><span class=\"ez-toc-section-end\"><\/span><\/h4>\n<div>S\u1eafc cam l\u00e0 \u0111\u1ea1i di\u1ec7n cho s\u1ee9c s\u1ed1ng m\u1ea1nh m\u1ebd, \u0111am m\u00ea ch\u00e1y b\u1ecfng v\u00e0 tinh th\u1ea7n kh\u00f4ng ng\u1ea1i th\u1eed th\u00e1ch. Ch\u00ednh v\u00ec th\u1ebf, hoa h\u1ed3ng cam th\u01b0\u1eddng \u0111\u01b0\u1ee3c d\u00f9ng \u0111\u1ec3 th\u1ec3 hi\u1ec7n:<\/div>\n<div><\/div>\n<div>T\u00ecnh y\u00eau m\u00e3nh li\u1ec7t, ch\u1ee7 \u0111\u1ed9ng<\/div>\n<div>S\u1ef1 ng\u01b0\u1ee1ng m\u1ed9 pha ch\u00fat t\u00f4n k\u00ednh<\/div>\n<div>Kh\u00ed ch\u1ea5t c\u1ee7a ng\u01b0\u1eddi th\u00e0nh \u0111\u1ea1t, t\u1ef1 tin<\/div>\n<div><\/div>\n<div>V\u1edbi m\u00e0u s\u1eafc n\u1ed5i b\u1eadt, hoa Cam Qu\u1ed1c V\u01b0\u01a1ng kh\u00f4ng ch\u1ec9 n\u00f3i thay l\u1eddi y\u00eau m\u00e0 c\u00f2n l\u00e0 l\u1eddi kh\u1eb3ng \u0111\u1ecbnh v\u1ec1 s\u1ef1 kh\u00e1c bi\u1ec7t v\u00e0 gu th\u1ea9m m\u1ef9 c\u00e1 nh\u00e2n.<\/div>\n<h4><span class=\"ez-toc-section\" id=\"su_vuong_gia_trong_ve_ngoai\"><\/span><strong>S\u1ef1 v\u01b0\u01a1ng gi\u1ea3 trong v\u1ebb ngo\u00e0i<\/strong><span class=\"ez-toc-section-end\"><\/span><\/h4>\n<div>T\u00ean g\u1ecdi \u201cCam Qu\u1ed1c V\u01b0\u01a1ng\u201d kh\u00f4ng ph\u1ea3i ng\u1eabu nhi\u00ean. Hoa c\u00f3 h\u00ecnh d\u00e1ng b\u00f4ng chu\u1ea9n t\u1ea7ng, d\u00e0y c\u00e1nh, \u0111\u01b0\u1eddng cu\u1ed9n xo\u1eafn s\u1eafc n\u00e9t \u2013 th\u1ec3 hi\u1ec7n v\u1ebb \u0111\u1eb9p uy quy\u1ec1n v\u00e0 qu\u00fd ph\u00e1i, r\u1ea5t ph\u00f9 h\u1ee3p v\u1edbi nh\u1eefng ai y\u00eau th\u00edch v\u1ebb \u0111\u1eb9p ho\u00e0ng gia, kh\u00e1c bi\u1ec7t v\u00e0 \u0111\u1eb3ng c\u1ea5p.<\/div>\n<div><\/div>\n<h3><span class=\"ez-toc-section\" id=\"dac_diem_noi_bat_cua_hoa_hong_cam_quoc_vuong\"><\/span><strong>\u0110\u1eb7c \u0111i\u1ec3m n\u1ed5i b\u1eadt c\u1ee7a hoa h\u1ed3ng Cam Qu\u1ed1c V\u01b0\u01a1ng<\/strong><span class=\"ez-toc-section-end\"><\/span><\/h3>\n<h4><span class=\"ez-toc-section\" id=\"mau_cam_dong_ruc_ro_sac_net\"><\/span><strong>M\u00e0u cam \u0111\u1ed3ng r\u1ef1c r\u1ee1, s\u1eafc n\u00e9t<\/strong><span class=\"ez-toc-section-end\"><\/span><\/h4>\n<div>Cam \u0111\u1ed3ng \u2013 cam ch\u00e1y n\u1ed5i b\u1eadt, c\u00f3 \u0111\u1ed9 t\u01b0\u01a1i cao<\/div>\n<div>Gi\u1eef m\u00e0u r\u1ea5t t\u1ed1t khi c\u1eafm n\u01b0\u1edbc ho\u1eb7c k\u1ebft h\u1ee3p hoa ph\u1ee5<\/div>\n<div>Kh\u00f4ng phai m\u00e0u trong \u0111i\u1ec1u ki\u1ec7n n\u1eafng nh\u1eb9 ho\u1eb7c khi c\u1eafm b\u00e0n<\/div>\n<h4><span class=\"ez-toc-section\" id=\"form_bong_dep_canh_cuon_deu\"><\/span><strong>Form b\u00f4ng \u0111\u1eb9p, c\u00e1nh cu\u1ed9n \u0111\u1ec1u<\/strong><span class=\"ez-toc-section-end\"><\/span><\/h4>\n<div>B\u00f4ng n\u1edf h\u00ecnh ch\u00e9n ho\u1eb7c tr\u00f2n ch\u1eb7t t\u00f9y v\u00e0o \u0111\u1ed9 tu\u1ed5i b\u00f4ng<\/div>\n<div>\u0110\u01b0\u1eddng k\u00ednh hoa t\u1eeb 5\u20138cm, nhi\u1ec1u l\u1edbp c\u00e1nh, d\u00e0y, m\u1ecbn<\/div>\n<div>C\u00e1nh hoa cu\u1ed9n \u0111\u1ec1u, t\u1ea1o chi\u1ec1u s\u00e2u v\u00e0 c\u1ea3m gi\u00e1c b\u00f4ng d\u00e0y<\/div>\n<h4><span class=\"ez-toc-section\" id=\"canh_khoe_la_xanh_dam\"><\/span><strong>C\u00e0nh kh\u1ecfe, l\u00e1 xanh \u0111\u1eadm<\/strong><span class=\"ez-toc-section-end\"><\/span><\/h4>\n<div>C\u00e0nh th\u1eb3ng, d\u00e0i t\u1eeb 50\u201370cm, ph\u00f9 h\u1ee3p c\u1eafm b\u00ecnh, b\u00f3 tr\u00f2n ho\u1eb7c c\u1eafm x\u1ed1p<\/div>\n<div>L\u00e1 c\u00f3 m\u00e0u xanh \u0111\u1eadm, b\u00f3ng m\u01b0\u1ee3t, \u00edt s\u00e2u b\u1ec7nh<\/div>\n<div>Th\u1eddi gian t\u01b0\u01a1i t\u1eeb 5\u20137 ng\u00e0y, gi\u1eef d\u00e1ng t\u1ed1t, kh\u00f4ng r\u1ee5ng c\u00e1nh s\u1edbm<\/div>\n<div><\/div>\n<h3><span class=\"ez-toc-section\" id=\"ung_dung_cua_hoa_hong_cam_quoc_vuong_trong_doi_song\"><\/span><strong>\u1ee8ng d\u1ee5ng c\u1ee7a hoa h\u1ed3ng Cam Qu\u1ed1c V\u01b0\u01a1ng trong \u0111\u1eddi s\u1ed1ng<\/strong><span class=\"ez-toc-section-end\"><\/span><\/h3>\n<h4><span class=\"ez-toc-section\" id=\"lam_hoa_tang_sang_trong_khac_biet\"><\/span><strong>L\u00e0m hoa t\u1eb7ng sang tr\u1ecdng, kh\u00e1c bi\u1ec7t<\/strong><span class=\"ez-toc-section-end\"><\/span><\/h4>\n<div>Hoa h\u1ed3ng cam Qu\u1ed1c V\u01b0\u01a1ng \u0111\u01b0\u1ee3c d\u00f9ng ph\u1ed5 bi\u1ebfn \u0111\u1ec3 b\u00f3 hoa t\u1eb7ng:<\/div>\n<div>Ng\u01b0\u1eddi y\u00eau trong d\u1ecbp \u0111\u1eb7c bi\u1ec7t: sinh nh\u1eadt, Valentine<\/div>\n<div>B\u1ea1n b\u00e8, \u0111\u1ed1i t\u00e1c n\u1eef c\u00e1 t\u00ednh v\u00e0 quy\u1ec1n l\u1ef1c<\/div>\n<div>T\u1eb7ng m\u1eb9, c\u00f4 gi\u00e1o th\u1ec3 hi\u1ec7n s\u1ef1 bi\u1ebft \u01a1n, k\u00ednh tr\u1ecdng<\/div>\n<div>B\u00f3 hoa t\u1eeb 5\u201315 b\u00f4ng ph\u1ed1i c\u00f9ng baby, l\u00e1 b\u1ea1c, eucalyptus ho\u1eb7c hoa ph\u1ee5 nh\u1eadp kh\u1ea9u s\u1ebd c\u1ef1c k\u1ef3 \u1ea5n t\u01b0\u1ee3ng.<\/div>\n<h4><span class=\"ez-toc-section\" id=\"trang_tri_tiec_cuoi_hien_dai\"><\/span><strong>Trang tr\u00ed ti\u1ec7c c\u01b0\u1edbi hi\u1ec7n \u0111\u1ea1i<\/strong><span class=\"ez-toc-section-end\"><\/span><\/h4>\n<div>D\u00f9ng l\u00e0m hoa c\u1ea7m tay c\u00f4 d\u00e2u theo tone n\u00f3ng, r\u1ef1c r\u1ee1<\/div>\n<div>Trang tr\u00ed c\u1ed5ng hoa, b\u00e0n gallery, background ch\u1ee5p h\u00ecnh<\/div>\n<div>Ph\u00f9 h\u1ee3p v\u1edbi phong c\u00e1ch ti\u1ec7c c\u01b0\u1edbi tropical, rustic, ho\u1eb7c bohemian<\/div>\n<div><\/div>\n<h3><span class=\"ez-toc-section\" id=\"hoa_trang_tri_su_kien_showroom_le_khai_truong\"><\/span><strong>Hoa trang tr\u00ed s\u1ef1 ki\u1ec7n, showroom, l\u1ec5 khai tr\u01b0\u01a1ng<\/strong><span class=\"ez-toc-section-end\"><\/span><\/h3>\n<div>C\u1eafm b\u00ecnh \u0111\u1ec3 b\u00e0n h\u1ecdp, b\u00e0n ti\u1ebfp t\u00e2n ho\u1eb7c khu tr\u01b0ng b\u00e0y<\/div>\n<div>C\u1eafm l\u1eb5ng ch\u00fac m\u1eebng l\u1ec5 khai tr\u01b0\u01a1ng, k\u1ef7 ni\u1ec7m c\u00f4ng ty<\/div>\n<div>D\u00f9ng l\u00e0m hoa \u0111\u1ea1i s\u1ea3nh kh\u00e1ch s\u1ea1n, spa, th\u1ea9m m\u1ef9 vi\u1ec7n<\/div>\n<div><\/div>\n<h3><span class=\"ez-toc-section\" id=\"mua_hoa_hong_cam_quoc_vuong_da_lat_o_dau_uy_tin\"><\/span><strong>Mua hoa h\u1ed3ng Cam Qu\u1ed1c V\u01b0\u01a1ng \u0110\u00e0 L\u1ea1t \u1edf \u0111\u00e2u uy t\u00edn?<\/strong><span class=\"ez-toc-section-end\"><\/span><\/h3>\n<div>T\u1ea1i GV Garden, ch\u00fang t\u00f4i cung c\u1ea5p hoa h\u1ed3ng Cam Qu\u1ed1c V\u01b0\u01a1ng \u0110\u00e0 L\u1ea1t chu\u1ea9n v\u01b0\u1eddn:<\/div>\n<div><\/div>\n<div>Tuy\u1ec3n ch\u1ecdn t\u1eebng b\u00f4ng \u0111\u00fang m\u00e0u, \u0111\u00fang size<\/div>\n<div><\/div>\n<div>Giao nhanh to\u00e0n qu\u1ed1c \u2013 nh\u1eadn hoa t\u01b0\u01a1i trong ng\u00e0y<\/div>\n<div><\/div>\n<div>H\u1ed7 tr\u1ee3 ph\u1ed1i m\u00e0u, b\u00f3 s\u1eb5n ho\u1eb7c \u0111\u00f3ng th\u00f9ng s\u1ec9 theo y\u00eau c\u1ea7u<\/div>\n<div><\/div>\n<div>Gi\u00e1 t\u1ed1t cho kh\u00e1ch \u0111\u1ea1i l\u00fd, ti\u1ec7m hoa, planner s\u1ef1 ki\u1ec7n<\/div>\n<div><\/div>\n<div>\ud83d\udc49 Li\u00ean h\u1ec7 \u0111\u1eb7t h\u00e0ng nhanh qua Zalo \/ Hotline \/ Fanpage GV Garden.<\/div>\n<div><\/div>\n<h3><span class=\"ez-toc-section\" id=\"%e2%9c%85_ket_luan\"><\/span>\u2705 <strong>K\u1ebft lu\u1eadn<\/strong><span class=\"ez-toc-section-end\"><\/span><\/h3>\n<div>Hoa h\u1ed3ng Cam Qu\u1ed1c V\u01b0\u01a1ng l\u00e0 s\u1ef1 k\u1ebft h\u1ee3p gi\u1eefa v\u1ebb \u0111\u1eb9p truy\u1ec1n th\u1ed1ng v\u00e0 s\u1ef1 n\u1ed5i b\u1eadt hi\u1ec7n \u0111\u1ea1i, mang \u0111\u1ebfn nhi\u1ec1u c\u1ea3m x\u00fac v\u00e0 \u1ee9ng d\u1ee5ng th\u1ef1c t\u1ebf cao. N\u1ebfu b\u1ea1n \u0111ang t\u00ecm ki\u1ebfm m\u1ed9t lo\u00e0i hoa \u0111\u1ed9c \u0111\u00e1o, s\u1eafc s\u1ea3o v\u00e0 kh\u00ed ch\u1ea5t th\u00ec \u0111\u00e2y ch\u00ednh l\u00e0 l\u1ef1a ch\u1ecdn l\u00fd t\u01b0\u1edfng t\u1eeb v\u00f9ng \u0111\u1ea5t hoa \u0110\u00e0 L\u1ea1t.<\/div>\n","protected":false},"excerpt":{"rendered":"<p>Hoa H\u1ed3ng Cam Qu\u1ed1c V\u01b0\u01a1ng \u2013 \u0110\u00f3a H\u1ed3ng C\u1ee7a S\u1ef1 \u0110am M\u00ea V\u00e0 \u0110\u1eb3ng C\u1ea5p Gi\u1edbi thi\u1ec7u v\u1ec1 hoa h\u1ed3ng Cam Qu\u1ed1c V\u01b0\u01a1ng \u0110\u00e0 L\u1ea1t Hoa h\u1ed3ng Cam Qu\u1ed1c V\u01b0\u01a1ng l\u00e0 m\u1ed9t trong nh\u1eefng gi\u1ed1ng h\u1ed3ng n\u1ed5i b\u1eadt t\u1ea1i \u0110\u00e0 L\u1ea1t, \u0111\u01b0\u1ee3c y\u00eau th\u00edch nh\u1edd m\u00e0u s\u1eafc cam r\u1ef1c l\u1eeda v\u00e0 form b\u00f4ng chu\u1ea9n xo\u1eafn [&#8230;]\n","protected":false},"featured_media":5843,"comment_status":"open","ping_status":"closed","template":"","meta":[],"product_brand":[],"product_cat":[298,273],"product_tag":[359,360,312,356,357,358],"class_list":{"0":"post-4364","1":"product","2":"type-product","3":"status-publish","4":"has-post-thumbnail","6":"product_cat-hoa-hong-da-lat-hoa-noi-dia-viet-nam-2","7":"product_cat-hoa-noi-dia-viet-nam","8":"product_tag-giong-hoa-hong-da-lat","9":"product_tag-hoa-cam-su-kien","10":"product_tag-hoa-hong-cam-da-lat","11":"product_tag-hoa-hong-cam-quoc-vuong","12":"product_tag-hoa-hong-cam-ruc","13":"product_tag-hoa-hong-dep-da-lat","15":"first","16":"instock","17":"shipping-taxable","18":"product-type-simple"},"_links":{"self":[{"href":"https:\/\/gvgarden.asia\/index.php?rest_route=\/wp\/v2\/product\/4364","targetHints":{"allow":["GET"]}}],"collection":[{"href":"https:\/\/gvgarden.asia\/index.php?rest_route=\/wp\/v2\/product"}],"about":[{"href":"https:\/\/gvgarden.asia\/index.php?rest_route=\/wp\/v2\/types\/product"}],"replies":[{"embeddable":true,"href":"https:\/\/gvgarden.asia\/index.php?rest_route=%2Fwp%2Fv2%2Fcomments&post=4364"}],"version-history":[{"count":3,"href":"https:\/\/gvgarden.asia\/index.php?rest_route=\/wp\/v2\/product\/4364\/revisions"}],"predecessor-version":[{"id":5628,"href":"https:\/\/gvgarden.asia\/index.php?rest_route=\/wp\/v2\/product\/4364\/revisions\/5628"}],"wp:featuredmedia":[{"embeddable":true,"href":"https:\/\/gvgarden.asia\/index.php?rest_route=\/wp\/v2\/media\/5843"}],"wp:attachment":[{"href":"https:\/\/gvgarden.asia\/index.php?rest_route=%2Fwp%2Fv2%2Fmedia&parent=4364"}],"wp:term":[{"taxonomy":"product_brand","embeddable":true,"href":"https:\/\/gvgarden.asia\/index.php?rest_route=%2Fwp%2Fv2%2Fproduct_brand&post=4364"},{"taxonomy":"product_cat","embeddable":true,"href":"https:\/\/gvgarden.asia\/index.php?rest_route=%2Fwp%2Fv2%2Fproduct_cat&post=4364"},{"taxonomy":"product_tag","embeddable":true,"href":"https:\/\/gvgarden.asia\/index.php?rest_route=%2Fwp%2Fv2%2Fproduct_tag&post=4364"}],"curies":[{"name":"wp","href":"https:\/\/api.w.org\/{rel}","templated":true}]}}