{"id":4358,"date":"2025-07-19T12:43:42","date_gmt":"2025-07-19T05:43:42","guid":{"rendered":"https:\/\/gvgarden.asia\/?post_type=product&#038;p=4358"},"modified":"2025-09-06T12:01:50","modified_gmt":"2025-09-06T05:01:50","slug":"hoa-hong-cam-london-da-lat","status":"publish","type":"product","link":"https:\/\/gvgarden.asia\/?product=hoa-hong-cam-london-da-lat","title":{"rendered":"Hoa H\u1ed3ng Cam London"},"content":{"rendered":"<div id=\"ez-toc-container\" class=\"ez-toc-v2_0_76 counter-hierarchy ez-toc-counter ez-toc-grey ez-toc-container-direction\">\n<div class=\"ez-toc-title-container\">\n<p class=\"ez-toc-title\" style=\"cursor:inherit\">N\u1ed9i Dung B\u00e0i Vi\u1ebft<\/p>\n<span class=\"ez-toc-title-toggle\"><a href=\"#\" class=\"ez-toc-pull-right ez-toc-btn ez-toc-btn-xs ez-toc-btn-default ez-toc-toggle\" aria-label=\"Toggle Table of Content\"><span class=\"ez-toc-js-icon-con\"><span class=\"\"><span class=\"eztoc-hide\" style=\"display:none;\">Toggle<\/span><span class=\"ez-toc-icon-toggle-span\"><svg style=\"fill: #999;color:#999\" xmlns=\"http:\/\/www.w3.org\/2000\/svg\" class=\"list-377408\" width=\"20px\" height=\"20px\" viewBox=\"0 0 24 24\" fill=\"none\"><path d=\"M6 6H4v2h2V6zm14 0H8v2h12V6zM4 11h2v2H4v-2zm16 0H8v2h12v-2zM4 16h2v2H4v-2zm16 0H8v2h12v-2z\" fill=\"currentColor\"><\/path><\/svg><svg style=\"fill: #999;color:#999\" class=\"arrow-unsorted-368013\" xmlns=\"http:\/\/www.w3.org\/2000\/svg\" width=\"10px\" height=\"10px\" viewBox=\"0 0 24 24\" version=\"1.2\" baseProfile=\"tiny\"><path d=\"M18.2 9.3l-6.2-6.3-6.2 6.3c-.2.2-.3.4-.3.7s.1.5.3.7c.2.2.4.3.7.3h11c.3 0 .5-.1.7-.3.2-.2.3-.5.3-.7s-.1-.5-.3-.7zM5.8 14.7l6.2 6.3 6.2-6.3c.2-.2.3-.5.3-.7s-.1-.5-.3-.7c-.2-.2-.4-.3-.7-.3h-11c-.3 0-.5.1-.7.3-.2.2-.3.5-.3.7s.1.5.3.7z\"\/><\/svg><\/span><\/span><\/span><\/a><\/span><\/div>\n<nav><ul class='ez-toc-list ez-toc-list-level-1 eztoc-toggle-hide-by-default' ><li class='ez-toc-page-1 ez-toc-heading-level-2'><a class=\"ez-toc-link ez-toc-heading-1\" href=\"https:\/\/gvgarden.asia\/?product=hoa-hong-cam-london-da-lat\/#hoa_hong_cam_london_da_lat_%e2%80%93_ruc_ro_sang_trong_va_an_tuong\" >Hoa H\u1ed3ng Cam London \u0110\u00e0 L\u1ea1t \u2013 R\u1ef1c R\u1ee1, Sang Tr\u1ecdng V\u00e0 \u1ea4n T\u01b0\u1ee3ng<\/a><ul class='ez-toc-list-level-3' ><li class='ez-toc-heading-level-3'><a class=\"ez-toc-link ez-toc-heading-2\" href=\"https:\/\/gvgarden.asia\/?product=hoa-hong-cam-london-da-lat\/#%f0%9f%8c%bf_gioi_thieu_ve_hoa_hong_cam_london\" >\ud83c\udf3f Gi\u1edbi thi\u1ec7u v\u1ec1 hoa h\u1ed3ng Cam London<\/a><\/li><li class='ez-toc-page-1 ez-toc-heading-level-3'><a class=\"ez-toc-link ez-toc-heading-3\" href=\"https:\/\/gvgarden.asia\/?product=hoa-hong-cam-london-da-lat\/#%f0%9f%8c%b8_y_nghia_cua_hoa_hong_cam_london\" >\ud83c\udf38 \u00dd ngh\u0129a c\u1ee7a hoa h\u1ed3ng Cam London<\/a><ul class='ez-toc-list-level-4' ><li class='ez-toc-heading-level-4'><a class=\"ez-toc-link ez-toc-heading-4\" href=\"https:\/\/gvgarden.asia\/?product=hoa-hong-cam-london-da-lat\/#%f0%9f%92%96_the_hien_tinh_yeu_manh_liet_va_niem_dam_me_chay_bong\" >\ud83d\udc96 Th\u1ec3 hi\u1ec7n t\u00ecnh y\u00eau m\u00e3nh li\u1ec7t v\u00e0 ni\u1ec1m \u0111am m\u00ea ch\u00e1y b\u1ecfng<\/a><\/li><li class='ez-toc-page-1 ez-toc-heading-level-4'><a class=\"ez-toc-link ez-toc-heading-5\" href=\"https:\/\/gvgarden.asia\/?product=hoa-hong-cam-london-da-lat\/#%f0%9f%8e%89_bieu_tuong_cua_su_thanh_cong_va_may_man\" >\ud83c\udf89 Bi\u1ec3u t\u01b0\u1ee3ng c\u1ee7a s\u1ef1 th\u00e0nh c\u00f4ng v\u00e0 may m\u1eafn<\/a><\/li><\/ul><\/li><li class='ez-toc-page-1 ez-toc-heading-level-3'><a class=\"ez-toc-link ez-toc-heading-6\" href=\"https:\/\/gvgarden.asia\/?product=hoa-hong-cam-london-da-lat\/#%f0%9f%8c%bc_dac_diem_noi_bat_cua_hoa_hong_cam_london_da_lat\" >\ud83c\udf3c \u0110\u1eb7c \u0111i\u1ec3m n\u1ed5i b\u1eadt c\u1ee7a hoa h\u1ed3ng Cam London \u0110\u00e0 L\u1ea1t<\/a><ul class='ez-toc-list-level-4' ><li class='ez-toc-heading-level-4'><a class=\"ez-toc-link ez-toc-heading-7\" href=\"https:\/\/gvgarden.asia\/?product=hoa-hong-cam-london-da-lat\/#%f0%9f%8c%88_mau_cam_do_dam_%e2%80%93_noi_bat_va_sang_trong\" >\ud83c\udf08 M\u00e0u cam \u0111\u1ecf \u0111\u1eadm \u2013 n\u1ed5i b\u1eadt v\u00e0 sang tr\u1ecdng<\/a><\/li><li class='ez-toc-page-1 ez-toc-heading-level-4'><a class=\"ez-toc-link ez-toc-heading-8\" href=\"https:\/\/gvgarden.asia\/?product=hoa-hong-cam-london-da-lat\/#%f0%9f%8c%b9_bong_lon_form_xoan_manh_va_ben_dang\" >\ud83c\udf39 B\u00f4ng l\u1edbn, form xo\u1eafn m\u1ea1nh v\u00e0 b\u1ec1n d\u00e1ng<\/a><\/li><li class='ez-toc-page-1 ez-toc-heading-level-4'><a class=\"ez-toc-link ez-toc-heading-9\" href=\"https:\/\/gvgarden.asia\/?product=hoa-hong-cam-london-da-lat\/#%f0%9f%8d%83_canh_khoe_de_bao_quan_va_van_chuyen\" >\ud83c\udf43 C\u00e0nh kh\u1ecfe, d\u1ec5 b\u1ea3o qu\u1ea3n v\u00e0 v\u1eadn chuy\u1ec3n<\/a><\/li><\/ul><\/li><li class='ez-toc-page-1 ez-toc-heading-level-3'><a class=\"ez-toc-link ez-toc-heading-10\" href=\"https:\/\/gvgarden.asia\/?product=hoa-hong-cam-london-da-lat\/#%f0%9f%92%90_ung_dung_cua_hoa_hong_cam_london_trong_doi_song\" >\ud83d\udc90 \u1ee8ng d\u1ee5ng c\u1ee7a hoa h\u1ed3ng Cam London trong \u0111\u1eddi s\u1ed1ng<\/a><ul class='ez-toc-list-level-4' ><li class='ez-toc-heading-level-4'><a class=\"ez-toc-link ez-toc-heading-11\" href=\"https:\/\/gvgarden.asia\/?product=hoa-hong-cam-london-da-lat\/#%f0%9f%8e%81_lam_bo_hoa_tang_sang_trong\" >\ud83c\udf81 L\u00e0m b\u00f3 hoa t\u1eb7ng sang tr\u1ecdng<\/a><\/li><li class='ez-toc-page-1 ez-toc-heading-level-4'><a class=\"ez-toc-link ez-toc-heading-12\" href=\"https:\/\/gvgarden.asia\/?product=hoa-hong-cam-london-da-lat\/#%f0%9f%92%8d_trang_tri_le_cuoi_%e2%80%93_diem_nhan_day_cam_xuc\" >\ud83d\udc8d Trang tr\u00ed l\u1ec5 c\u01b0\u1edbi \u2013 \u0111i\u1ec3m nh\u1ea5n \u0111\u1ea7y c\u1ea3m x\u00fac<\/a><\/li><li class='ez-toc-page-1 ez-toc-heading-level-4'><a class=\"ez-toc-link ez-toc-heading-13\" href=\"https:\/\/gvgarden.asia\/?product=hoa-hong-cam-london-da-lat\/#%f0%9f%8f%a1_cam_binh_va_decor_khong_gian_nghe_thuat\" >\ud83c\udfe1 C\u1eafm b\u00ecnh v\u00e0 decor kh\u00f4ng gian ngh\u1ec7 thu\u1eadt<\/a><\/li><li class='ez-toc-page-1 ez-toc-heading-level-4'><a class=\"ez-toc-link ez-toc-heading-14\" href=\"https:\/\/gvgarden.asia\/?product=hoa-hong-cam-london-da-lat\/#%f0%9f%9b%92_mua_hoa_hong_cam_london_da_lat_tai_gv_garden\" >\ud83d\uded2 Mua hoa h\u1ed3ng Cam London \u0110\u00e0 L\u1ea1t t\u1ea1i GV Garden<\/a><\/li><li class='ez-toc-page-1 ez-toc-heading-level-4'><a class=\"ez-toc-link ez-toc-heading-15\" href=\"https:\/\/gvgarden.asia\/?product=hoa-hong-cam-london-da-lat\/#%e2%9c%85_ket_luan\" >\u2705 K\u1ebft lu\u1eadn<\/a><\/li><\/ul><\/li><\/ul><\/li><\/ul><\/nav><\/div>\n<h2><span class=\"ez-toc-section\" id=\"hoa_hong_cam_london_da_lat_%e2%80%93_ruc_ro_sang_trong_va_an_tuong\"><\/span><strong>Hoa H\u1ed3ng Cam London \u0110\u00e0 L\u1ea1t \u2013 R\u1ef1c R\u1ee1, Sang Tr\u1ecdng V\u00e0 \u1ea4n T\u01b0\u1ee3ng<\/strong><span class=\"ez-toc-section-end\"><\/span><\/h2>\n<h3><span class=\"ez-toc-section\" id=\"%f0%9f%8c%bf_gioi_thieu_ve_hoa_hong_cam_london\"><\/span>\ud83c\udf3f <strong>Gi\u1edbi thi\u1ec7u v\u1ec1 hoa h\u1ed3ng Cam London<\/strong><span class=\"ez-toc-section-end\"><\/span><\/h3>\n<div>Hoa h\u1ed3ng Cam London l\u00e0 m\u1ed9t trong nh\u1eefng gi\u1ed1ng h\u1ed3ng ngo\u1ea1i n\u1ed5i b\u1eadt t\u1ea1i \u0110\u00e0 L\u1ea1t, c\u00f3 ngu\u1ed3n g\u1ed1c t\u1eeb c\u00e1c nh\u00e0 v\u01b0\u1eddn ch\u00e2u \u00c2u. V\u1edbi s\u1eafc cam pha \u0111\u1ecf quy\u1ebfn r\u0169 c\u00f9ng ki\u1ec3u c\u00e1nh xo\u1eafn m\u1ea1nh \u0111\u1eb7c tr\u01b0ng, Cam London chinh ph\u1ee5c m\u1ecdi t\u00edn \u0111\u1ed3 y\u00eau hoa b\u1edfi v\u1ebb ngo\u00e0i r\u1ef1c r\u1ee1, kh\u1ecfe kho\u1eafn v\u00e0 \u0111\u1ea7y s\u1ee9c s\u1ed1ng.<\/div>\n<div><\/div>\n<div>Tr\u1ed3ng t\u1ea1i \u0110\u00e0 L\u1ea1t, hoa h\u1ed3ng Cam London ph\u00e1t tri\u1ec3n \u1ed5n \u0111\u1ecbnh, b\u00f4ng to chu\u1ea9n form, m\u00e0u s\u1eafc \u0111\u1eadm, gi\u1eef t\u01b0\u01a1i l\u00e2u v\u00e0 r\u1ea5t \u0111\u01b0\u1ee3c \u01b0a chu\u1ed9ng trong gi\u1edbi ngh\u1ec7 nh\u00e2n hoa, studio ch\u1ee5p \u1ea3nh v\u00e0 wedding planner.<\/div>\n<div><\/div>\n<h3><span class=\"ez-toc-section\" id=\"%f0%9f%8c%b8_y_nghia_cua_hoa_hong_cam_london\"><\/span>\ud83c\udf38 <strong>\u00dd ngh\u0129a c\u1ee7a hoa h\u1ed3ng Cam London<\/strong><span class=\"ez-toc-section-end\"><\/span><\/h3>\n<h4><span class=\"ez-toc-section\" id=\"%f0%9f%92%96_the_hien_tinh_yeu_manh_liet_va_niem_dam_me_chay_bong\"><\/span>\ud83d\udc96 <strong>Th\u1ec3 hi\u1ec7n t\u00ecnh y\u00eau m\u00e3nh li\u1ec7t v\u00e0 ni\u1ec1m \u0111am m\u00ea ch\u00e1y b\u1ecfng<\/strong><span class=\"ez-toc-section-end\"><\/span><\/h4>\n<div>Kh\u00e1c v\u1edbi v\u1ebb d\u1ecbu d\u00e0ng c\u1ee7a nh\u1eefng gi\u1ed1ng h\u1ed3ng pastel, hoa h\u1ed3ng Cam London mang s\u1eafc cam \u0111\u1ecf r\u1ef1c, bi\u1ec3u tr\u01b0ng cho t\u00ecnh y\u00eau m\u00e3nh li\u1ec7t, \u0111am m\u00ea cu\u1ed3ng nhi\u1ec7t v\u00e0 kh\u00e1t v\u1ecdng ch\u00e1y b\u1ecfng.<\/div>\n<div><\/div>\n<div>Ph\u00f9 h\u1ee3p \u0111\u1ec3 t\u1eb7ng ng\u01b0\u1eddi y\u00eau, ng\u01b0\u1eddi b\u1ea1n \u0111\u1eddi<\/div>\n<div><\/div>\n<div>L\u00e0 th\u00f4ng \u0111i\u1ec7p cho s\u1ef1 g\u1eafn b\u00f3 m\u1ea1nh m\u1ebd, t\u00ecnh c\u1ea3m s\u00e2u \u0111\u1eadm<\/div>\n<div><\/div>\n<h4><span class=\"ez-toc-section\" id=\"%f0%9f%8e%89_bieu_tuong_cua_su_thanh_cong_va_may_man\"><\/span>\ud83c\udf89 <strong>Bi\u1ec3u t\u01b0\u1ee3ng c\u1ee7a s\u1ef1 th\u00e0nh c\u00f4ng v\u00e0 may m\u1eafn<\/strong><span class=\"ez-toc-section-end\"><\/span><\/h4>\n<div>S\u1eafc cam c\u0169ng l\u00e0 m\u00e0u c\u1ee7a:<\/div>\n<div>N\u0103ng l\u01b0\u1ee3ng t\u00edch c\u1ef1c, s\u1ef1 ph\u00e1t tri\u1ec3n v\u00e0 th\u0103ng ti\u1ebfn<\/div>\n<div>L\u00fd t\u01b0\u1edfng \u0111\u1ec3 ch\u00fac m\u1eebng khai tr\u01b0\u01a1ng, t\u1eb7ng \u0111\u1ed1i t\u00e1c ho\u1eb7c g\u1eedi l\u1eddi c\u1ea3m \u01a1n trang tr\u1ecdng<\/div>\n<div><\/div>\n<h3><span class=\"ez-toc-section\" id=\"%f0%9f%8c%bc_dac_diem_noi_bat_cua_hoa_hong_cam_london_da_lat\"><\/span>\ud83c\udf3c <strong>\u0110\u1eb7c \u0111i\u1ec3m n\u1ed5i b\u1eadt c\u1ee7a hoa h\u1ed3ng Cam London \u0110\u00e0 L\u1ea1t<\/strong><span class=\"ez-toc-section-end\"><\/span><\/h3>\n<h4><span class=\"ez-toc-section\" id=\"%f0%9f%8c%88_mau_cam_do_dam_%e2%80%93_noi_bat_va_sang_trong\"><\/span>\ud83c\udf08 <strong>M\u00e0u cam \u0111\u1ecf \u0111\u1eadm \u2013 n\u1ed5i b\u1eadt v\u00e0 sang tr\u1ecdng<\/strong><span class=\"ez-toc-section-end\"><\/span><\/h4>\n<div>M\u00e0u cam pha \u0111\u1ecf \u1ea5m \u00e1p, d\u1ec5 t\u1ea1o \u0111i\u1ec3m nh\u1ea5n<\/div>\n<div>Th\u1ec3 hi\u1ec7n c\u00e1 t\u00ednh m\u1ea1nh m\u1ebd, ph\u00f9 h\u1ee3p v\u1edbi phong c\u00e1ch thi\u1ebft k\u1ebf hi\u1ec7n \u0111\u1ea1i, ngh\u1ec7 thu\u1eadt<\/div>\n<div>L\u00e0 m\u00e0u hoa &#8220;hi\u1ebfm c\u00f3 kh\u00f3 t\u00ecm&#8221; trong d\u00f2ng h\u1ed3ng \u0110\u00e0 L\u1ea1t<\/div>\n<h4><span class=\"ez-toc-section\" id=\"%f0%9f%8c%b9_bong_lon_form_xoan_manh_va_ben_dang\"><\/span>\ud83c\udf39 <strong>B\u00f4ng l\u1edbn, form xo\u1eafn m\u1ea1nh v\u00e0 b\u1ec1n d\u00e1ng<\/strong><span class=\"ez-toc-section-end\"><\/span><\/h4>\n<div>\u0110\u01b0\u1eddng k\u00ednh hoa t\u1eeb 8\u201310cm, n\u1edf tr\u00f2n \u0111\u1ec1u, c\u00e1nh d\u00e0y<\/div>\n<div>C\u00e1nh hoa xo\u1eafn r\u00f5 r\u1ec7t, t\u1ea1o chi\u1ec1u s\u00e2u b\u1eaft m\u1eaft<\/div>\n<div>Gi\u1eef form l\u00e2u khi c\u1eafm, kh\u00f4ng d\u1ec5 x\u00f2e g\u00e3y d\u00f9 th\u1eddi ti\u1ebft n\u00f3ng<\/div>\n<h4><span class=\"ez-toc-section\" id=\"%f0%9f%8d%83_canh_khoe_de_bao_quan_va_van_chuyen\"><\/span>\ud83c\udf43 <strong>C\u00e0nh kh\u1ecfe, d\u1ec5 b\u1ea3o qu\u1ea3n v\u00e0 v\u1eadn chuy\u1ec3n<\/strong><span class=\"ez-toc-section-end\"><\/span><\/h4>\n<div>Th\u00e2n th\u1eb3ng, c\u1ee9ng, l\u00e1 xanh b\u00f3ng<\/div>\n<div>C\u00f3 th\u1ec3 \u0111\u1ec3 5\u20137 ng\u00e0y t\u01b0\u01a1i \u0111\u1eb9p khi b\u1ea3o qu\u1ea3n \u0111\u00fang c\u00e1ch<\/div>\n<div>Ph\u00f9 h\u1ee3p cho c\u00e1c shop hoa c\u1ea7n hoa giao xa ho\u1eb7c hoa s\u1ef1 ki\u1ec7n d\u00e0i ng\u00e0y<\/div>\n<div><\/div>\n<h3><span class=\"ez-toc-section\" id=\"%f0%9f%92%90_ung_dung_cua_hoa_hong_cam_london_trong_doi_song\"><\/span>\ud83d\udc90 <strong>\u1ee8ng d\u1ee5ng c\u1ee7a hoa h\u1ed3ng Cam London trong \u0111\u1eddi s\u1ed1ng<\/strong><span class=\"ez-toc-section-end\"><\/span><\/h3>\n<h4><span class=\"ez-toc-section\" id=\"%f0%9f%8e%81_lam_bo_hoa_tang_sang_trong\"><\/span>\ud83c\udf81 <strong>L\u00e0m b\u00f3 hoa t\u1eb7ng sang tr\u1ecdng<\/strong><span class=\"ez-toc-section-end\"><\/span><\/h4>\n<div>K\u1ebft h\u1ee3p Cam London v\u1edbi baby tr\u1eafng, hoa l\u1ee5a, l\u00e1 b\u1ea1c ho\u1eb7c hoa c\u1ea9m t\u00fa c\u1ea7u<\/div>\n<div><\/div>\n<div>R\u1ea5t \u0111\u01b0\u1ee3c \u01b0a chu\u1ed9ng trong c\u00e1c d\u1ecbp: sinh nh\u1eadt, l\u1ec5 t\u1ed1t nghi\u1ec7p, ng\u00e0y k\u1ef7 ni\u1ec7m, 20\/10, 8\/3<\/div>\n<div><\/div>\n<div>G\u1eedi g\u1eafm th\u00f4ng \u0111i\u1ec7p: &#8220;B\u1ea1n l\u00e0 ng\u01b0\u1eddi \u0111\u1eb7c bi\u1ec7t v\u00e0 t\u00f4i r\u1ea5t tr\u00e2n tr\u1ecdng \u0111i\u1ec1u \u0111\u00f3&#8221;<\/div>\n<h4><span class=\"ez-toc-section\" id=\"%f0%9f%92%8d_trang_tri_le_cuoi_%e2%80%93_diem_nhan_day_cam_xuc\"><\/span>\ud83d\udc8d <strong>Trang tr\u00ed l\u1ec5 c\u01b0\u1edbi \u2013 \u0111i\u1ec3m nh\u1ea5n \u0111\u1ea7y c\u1ea3m x\u00fac<\/strong><span class=\"ez-toc-section-end\"><\/span><\/h4>\n<div>S\u1eed d\u1ee5ng Cam London trong hoa c\u1ea7m tay c\u00f4 d\u00e2u, hoa c\u00e0i \u00e1o ch\u00fa r\u1ec3, hoa b\u00e0n ti\u1ec7c<\/div>\n<div><\/div>\n<div>Ph\u1ed1i c\u00f9ng tone nude, cam \u0111\u1ea5t, tr\u1eafng kem t\u1ea1o hi\u1ec7u \u1ee9ng \u1ea5m \u00e1p, sang tr\u1ecdng<\/div>\n<div><\/div>\n<div>R\u1ea5t ph\u00f9 h\u1ee3p cho \u0111\u00e1m c\u01b0\u1edbi m\u00f9a thu ho\u1eb7c phong c\u00e1ch vintage \u2013 rustic<\/div>\n<div><\/div>\n<h4><span class=\"ez-toc-section\" id=\"%f0%9f%8f%a1_cam_binh_va_decor_khong_gian_nghe_thuat\"><\/span>\ud83c\udfe1 <strong>C\u1eafm b\u00ecnh v\u00e0 decor kh\u00f4ng gian ngh\u1ec7 thu\u1eadt<\/strong><span class=\"ez-toc-section-end\"><\/span><\/h4>\n<div>Ch\u1ec9 c\u1ea7n v\u00e0i b\u00f4ng Cam London trong l\u1ecd th\u1ee7y tinh \u0111\u00e3 \u0111\u1ee7 \u0111\u1ec3 t\u00f4 \u0111i\u1ec3m ph\u00f2ng kh\u00e1ch ho\u1eb7c b\u00e0n l\u00e0m vi\u1ec7c<\/div>\n<div><\/div>\n<div>S\u1eafc hoa r\u1ef1c r\u1ee1 gi\u00fap k\u00edch th\u00edch n\u0103ng l\u01b0\u1ee3ng t\u00edch c\u1ef1c, truy\u1ec1n c\u1ea3m h\u1ee9ng s\u00e1ng t\u1ea1o<\/div>\n<div><\/div>\n<div>Th\u01b0\u1eddng \u0111\u01b0\u1ee3c s\u1eed d\u1ee5ng t\u1ea1i studio, spa, showroom, homestay cao c\u1ea5p<\/div>\n<h4><span class=\"ez-toc-section\" id=\"%f0%9f%9b%92_mua_hoa_hong_cam_london_da_lat_tai_gv_garden\"><\/span>\ud83d\uded2 <strong>Mua hoa h\u1ed3ng Cam London \u0110\u00e0 L\u1ea1t t\u1ea1i GV Garden<\/strong><span class=\"ez-toc-section-end\"><\/span><\/h4>\n<div>GV Garden hi\u1ec7n l\u00e0 m\u1ed9t trong nh\u1eefng \u0111\u1ecba ch\u1ec9 uy t\u00edn cung c\u1ea5p hoa h\u1ed3ng Cam London \u0110\u00e0 L\u1ea1t chu\u1ea9n form \u2013 chu\u1ea9n m\u00e0u \u2013 \u0111\u1ed9 b\u1ec1n cao cho kh\u00e1ch s\u1ec9 v\u00e0 l\u1ebb tr\u00ean to\u00e0n qu\u1ed1c.<\/div>\n<div><\/div>\n<div>T\u1ea1i sao n\u00ean ch\u1ecdn Cam London t\u1ea1i GV Garden?<\/div>\n<div><\/div>\n<div>Hoa chu\u1ea9n gi\u1ed1ng nh\u1eadp, \u0111\u01b0\u1ee3c ch\u0103m s\u00f3c k\u1ef9 l\u01b0\u1ee1ng t\u1ea1i v\u01b0\u1eddn \u0110\u00e0 L\u1ea1t<\/div>\n<div><\/div>\n<div>Giao hoa t\u01b0\u01a1i trong ng\u00e0y, \u0111\u1ea3m b\u1ea3o \u0111\u1ed9 n\u1edf \u0111\u1eb9p nh\u1ea5t<\/div>\n<div><\/div>\n<div>H\u1ed7 tr\u1ee3 t\u01b0 v\u1ea5n ph\u1ed1i hoa, c\u1eafm hoa v\u00e0 decor theo nhu c\u1ea7u<\/div>\n<div><\/div>\n<div>C\u00f3 s\u1eb5n h\u00e0ng s\u1ec9 cho c\u00e1c shop hoa, wedding planner v\u00e0 ti\u1ec7m decor<\/div>\n<div><\/div>\n<div>\ud83d\udcde Li\u00ean h\u1ec7 ngay v\u1edbi GV Garden \u0111\u1ec3 \u0111\u01b0\u1ee3c t\u01b0 v\u1ea5n v\u00e0 ch\u1ed1t \u0111\u01a1n hoa Cam London \u0111\u1eb9p nh\u1ea5t h\u00f4m nay!<\/div>\n<h4><span class=\"ez-toc-section\" id=\"%e2%9c%85_ket_luan\"><\/span>\u2705 <strong>K\u1ebft lu\u1eadn<\/strong><span class=\"ez-toc-section-end\"><\/span><\/h4>\n<div>Hoa h\u1ed3ng Cam London \u0110\u00e0 L\u1ea1t kh\u00f4ng ch\u1ec9 g\u00e2y \u1ea5n t\u01b0\u1ee3ng b\u1edfi m\u00e0u s\u1eafc r\u1ef1c r\u1ee1 m\u00e0 c\u00f2n l\u00e0 th\u00f4ng \u0111i\u1ec7p v\u1ec1 \u0111am m\u00ea, s\u1ef1 tr\u00e2n tr\u1ecdng v\u00e0 t\u00ecnh y\u00eau b\u1ec1n b\u1ec9. D\u00f9 l\u00e0 b\u00f3 hoa t\u1eb7ng, hoa c\u01b0\u1edbi hay trang tr\u00ed, Cam London \u0111\u1ec1u gi\u00fap n\u00e2ng t\u1ea7m c\u1ea3m x\u00fac v\u00e0 v\u1ebb \u0111\u1eb9p kh\u00f4ng gian m\u1ed9t c\u00e1ch r\u00f5 r\u1ec7t.<\/div>\n","protected":false},"excerpt":{"rendered":"<p>Hoa H\u1ed3ng Cam London \u0110\u00e0 L\u1ea1t \u2013 R\u1ef1c R\u1ee1, Sang Tr\u1ecdng V\u00e0 \u1ea4n T\u01b0\u1ee3ng \ud83c\udf3f Gi\u1edbi thi\u1ec7u v\u1ec1 hoa h\u1ed3ng Cam London Hoa h\u1ed3ng Cam London l\u00e0 m\u1ed9t trong nh\u1eefng gi\u1ed1ng h\u1ed3ng ngo\u1ea1i n\u1ed5i b\u1eadt t\u1ea1i \u0110\u00e0 L\u1ea1t, c\u00f3 ngu\u1ed3n g\u1ed1c t\u1eeb c\u00e1c nh\u00e0 v\u01b0\u1eddn ch\u00e2u \u00c2u. V\u1edbi s\u1eafc cam pha \u0111\u1ecf quy\u1ebfn r\u0169 c\u00f9ng [&#8230;]\n","protected":false},"featured_media":4405,"comment_status":"open","ping_status":"closed","template":"","meta":[],"product_brand":[],"product_cat":[273,298],"product_tag":[380,381,377,382,379,378],"class_list":{"0":"post-4358","1":"product","2":"type-product","3":"status-publish","4":"has-post-thumbnail","6":"product_cat-hoa-noi-dia-viet-nam","7":"product_cat-hoa-hong-da-lat-hoa-noi-dia-viet-nam-2","8":"product_tag-giong-hoa-london-nhap-khau","9":"product_tag-hoa-cam-london-da-lat-cam-binh","10":"product_tag-hoa-hong-cam-london","11":"product_tag-hoa-su-kien-cam-london","12":"product_tag-hong-cam-do-da-lat","13":"product_tag-hong-cam-london-canh-xoan","15":"first","16":"instock","17":"shipping-taxable","18":"product-type-simple"},"_links":{"self":[{"href":"https:\/\/gvgarden.asia\/index.php?rest_route=\/wp\/v2\/product\/4358","targetHints":{"allow":["GET"]}}],"collection":[{"href":"https:\/\/gvgarden.asia\/index.php?rest_route=\/wp\/v2\/product"}],"about":[{"href":"https:\/\/gvgarden.asia\/index.php?rest_route=\/wp\/v2\/types\/product"}],"replies":[{"embeddable":true,"href":"https:\/\/gvgarden.asia\/index.php?rest_route=%2Fwp%2Fv2%2Fcomments&post=4358"}],"version-history":[{"count":3,"href":"https:\/\/gvgarden.asia\/index.php?rest_route=\/wp\/v2\/product\/4358\/revisions"}],"predecessor-version":[{"id":5639,"href":"https:\/\/gvgarden.asia\/index.php?rest_route=\/wp\/v2\/product\/4358\/revisions\/5639"}],"wp:featuredmedia":[{"embeddable":true,"href":"https:\/\/gvgarden.asia\/index.php?rest_route=\/wp\/v2\/media\/4405"}],"wp:attachment":[{"href":"https:\/\/gvgarden.asia\/index.php?rest_route=%2Fwp%2Fv2%2Fmedia&parent=4358"}],"wp:term":[{"taxonomy":"product_brand","embeddable":true,"href":"https:\/\/gvgarden.asia\/index.php?rest_route=%2Fwp%2Fv2%2Fproduct_brand&post=4358"},{"taxonomy":"product_cat","embeddable":true,"href":"https:\/\/gvgarden.asia\/index.php?rest_route=%2Fwp%2Fv2%2Fproduct_cat&post=4358"},{"taxonomy":"product_tag","embeddable":true,"href":"https:\/\/gvgarden.asia\/index.php?rest_route=%2Fwp%2Fv2%2Fproduct_tag&post=4358"}],"curies":[{"name":"wp","href":"https:\/\/api.w.org\/{rel}","templated":true}]}}