{"id":4354,"date":"2025-07-19T12:43:41","date_gmt":"2025-07-19T05:43:41","guid":{"rendered":"https:\/\/gvgarden.asia\/?post_type=product&#038;p=4354"},"modified":"2025-09-06T12:22:39","modified_gmt":"2025-09-06T05:22:39","slug":"hoa-hong-hoa-diem","status":"publish","type":"product","link":"https:\/\/gvgarden.asia\/?product=hoa-hong-hoa-diem","title":{"rendered":"Hoa H\u1ed3ng H\u1ecfa Di\u1ec7m"},"content":{"rendered":"<div id=\"ez-toc-container\" class=\"ez-toc-v2_0_76 counter-hierarchy ez-toc-counter ez-toc-grey ez-toc-container-direction\">\n<div class=\"ez-toc-title-container\">\n<p class=\"ez-toc-title\" style=\"cursor:inherit\">N\u1ed9i Dung B\u00e0i Vi\u1ebft<\/p>\n<span class=\"ez-toc-title-toggle\"><a href=\"#\" class=\"ez-toc-pull-right ez-toc-btn ez-toc-btn-xs ez-toc-btn-default ez-toc-toggle\" aria-label=\"Toggle Table of Content\"><span class=\"ez-toc-js-icon-con\"><span class=\"\"><span class=\"eztoc-hide\" style=\"display:none;\">Toggle<\/span><span class=\"ez-toc-icon-toggle-span\"><svg style=\"fill: #999;color:#999\" xmlns=\"http:\/\/www.w3.org\/2000\/svg\" class=\"list-377408\" width=\"20px\" height=\"20px\" viewBox=\"0 0 24 24\" fill=\"none\"><path d=\"M6 6H4v2h2V6zm14 0H8v2h12V6zM4 11h2v2H4v-2zm16 0H8v2h12v-2zM4 16h2v2H4v-2zm16 0H8v2h12v-2z\" fill=\"currentColor\"><\/path><\/svg><svg style=\"fill: #999;color:#999\" class=\"arrow-unsorted-368013\" xmlns=\"http:\/\/www.w3.org\/2000\/svg\" width=\"10px\" height=\"10px\" viewBox=\"0 0 24 24\" version=\"1.2\" baseProfile=\"tiny\"><path d=\"M18.2 9.3l-6.2-6.3-6.2 6.3c-.2.2-.3.4-.3.7s.1.5.3.7c.2.2.4.3.7.3h11c.3 0 .5-.1.7-.3.2-.2.3-.5.3-.7s-.1-.5-.3-.7zM5.8 14.7l6.2 6.3 6.2-6.3c.2-.2.3-.5.3-.7s-.1-.5-.3-.7c-.2-.2-.4-.3-.7-.3h-11c-.3 0-.5.1-.7.3-.2.2-.3.5-.3.7s.1.5.3.7z\"\/><\/svg><\/span><\/span><\/span><\/a><\/span><\/div>\n<nav><ul class='ez-toc-list ez-toc-list-level-1 eztoc-toggle-hide-by-default' ><li class='ez-toc-page-1 ez-toc-heading-level-2'><a class=\"ez-toc-link ez-toc-heading-1\" href=\"https:\/\/gvgarden.asia\/?product=hoa-hong-hoa-diem\/#hoa_hong_hoa_diem_da_lat_%e2%80%93_ve_dep_nong_nan_va_cuon_hut\" >Hoa H\u1ed3ng H\u1ecfa Di\u1ec7m \u0110\u00e0 L\u1ea1t \u2013 V\u1ebb \u0110\u1eb9p N\u1ed3ng N\u00e0n V\u00e0 Cu\u1ed1n H\u00fat<\/a><ul class='ez-toc-list-level-3' ><li class='ez-toc-heading-level-3'><a class=\"ez-toc-link ez-toc-heading-2\" href=\"https:\/\/gvgarden.asia\/?product=hoa-hong-hoa-diem\/#gioi_thieu_ve_hoa_hong_hoa_diem\" >Gi\u1edbi thi\u1ec7u v\u1ec1 hoa h\u1ed3ng H\u1ecfa Di\u1ec7m<\/a><ul class='ez-toc-list-level-4' ><li class='ez-toc-heading-level-4'><a class=\"ez-toc-link ez-toc-heading-3\" href=\"https:\/\/gvgarden.asia\/?product=hoa-hong-hoa-diem\/#xuat_xu_va_ten_goi\" >Xu\u1ea5t x\u1ee9 v\u00e0 t\u00ean g\u1ecdi<\/a><\/li><li class='ez-toc-page-1 ez-toc-heading-level-4'><a class=\"ez-toc-link ez-toc-heading-4\" href=\"https:\/\/gvgarden.asia\/?product=hoa-hong-hoa-diem\/#vi_tri_tren_thi_truong_hoa_tuoi\" >V\u1ecb tr\u00ed tr\u00ean th\u1ecb tr\u01b0\u1eddng hoa t\u01b0\u01a1i<\/a><\/li><\/ul><\/li><li class='ez-toc-page-1 ez-toc-heading-level-3'><a class=\"ez-toc-link ez-toc-heading-5\" href=\"https:\/\/gvgarden.asia\/?product=hoa-hong-hoa-diem\/#y_nghia_cua_hoa_hong_hoa_diem\" >\u00dd ngh\u0129a c\u1ee7a hoa h\u1ed3ng H\u1ecfa Di\u1ec7m<\/a><ul class='ez-toc-list-level-4' ><li class='ez-toc-heading-level-4'><a class=\"ez-toc-link ez-toc-heading-6\" href=\"https:\/\/gvgarden.asia\/?product=hoa-hong-hoa-diem\/#bieu_tuong_cua_tinh_yeu_chay_bong\" >Bi\u1ec3u t\u01b0\u1ee3ng c\u1ee7a t\u00ecnh y\u00eau ch\u00e1y b\u1ecfng<\/a><\/li><li class='ez-toc-page-1 ez-toc-heading-level-4'><a class=\"ez-toc-link ez-toc-heading-7\" href=\"https:\/\/gvgarden.asia\/?product=hoa-hong-hoa-diem\/#y_nghia_trong_phong_thuy_va_doi_song\" >\u00dd ngh\u0129a trong phong th\u1ee7y v\u00e0 \u0111\u1eddi s\u1ed1ng<\/a><\/li><\/ul><\/li><li class='ez-toc-page-1 ez-toc-heading-level-3'><a class=\"ez-toc-link ez-toc-heading-8\" href=\"https:\/\/gvgarden.asia\/?product=hoa-hong-hoa-diem\/#dac_diem_noi_bat_cua_hoa_hong_hoa_diem\" >\u0110\u1eb7c \u0111i\u1ec3m n\u1ed5i b\u1eadt c\u1ee7a hoa h\u1ed3ng H\u1ecfa Di\u1ec7m<\/a><ul class='ez-toc-list-level-4' ><li class='ez-toc-heading-level-4'><a class=\"ez-toc-link ez-toc-heading-9\" href=\"https:\/\/gvgarden.asia\/?product=hoa-hong-hoa-diem\/#hinh_dang_va_mau_sac\" >H\u00ecnh d\u00e1ng v\u00e0 m\u00e0u s\u1eafc<\/a><\/li><li class='ez-toc-page-1 ez-toc-heading-level-4'><a class=\"ez-toc-link ez-toc-heading-10\" href=\"https:\/\/gvgarden.asia\/?product=hoa-hong-hoa-diem\/#do_ben_va_huong_thom\" >\u0110\u1ed9 b\u1ec1n v\u00e0 h\u01b0\u01a1ng th\u01a1m<\/a><\/li><li class='ez-toc-page-1 ez-toc-heading-level-4'><a class=\"ez-toc-link ez-toc-heading-11\" href=\"https:\/\/gvgarden.asia\/?product=hoa-hong-hoa-diem\/#mua_vu_va_cach_cham_soc\" >M\u00f9a v\u1ee5 v\u00e0 c\u00e1ch ch\u0103m s\u00f3c<\/a><\/li><\/ul><\/li><li class='ez-toc-page-1 ez-toc-heading-level-3'><a class=\"ez-toc-link ez-toc-heading-12\" href=\"https:\/\/gvgarden.asia\/?product=hoa-hong-hoa-diem\/#ung_dung_cua_hoa_hong_hoa_diem_trong_cuoc_song\" >\u1ee8ng d\u1ee5ng c\u1ee7a hoa h\u1ed3ng H\u1ecfa Di\u1ec7m trong cu\u1ed9c s\u1ed1ng<\/a><ul class='ez-toc-list-level-4' ><li class='ez-toc-heading-level-4'><a class=\"ez-toc-link ez-toc-heading-13\" href=\"https:\/\/gvgarden.asia\/?product=hoa-hong-hoa-diem\/#lam_hoa_tang_va_bo_hoa_nghe_thuat\" >L\u00e0m hoa t\u1eb7ng v\u00e0 b\u00f3 hoa ngh\u1ec7 thu\u1eadt<\/a><\/li><li class='ez-toc-page-1 ez-toc-heading-level-4'><a class=\"ez-toc-link ez-toc-heading-14\" href=\"https:\/\/gvgarden.asia\/?product=hoa-hong-hoa-diem\/#trang_tri_khong_gian_cao_cap\" >Trang tr\u00ed kh\u00f4ng gian cao c\u1ea5p<\/a><\/li><li class='ez-toc-page-1 ez-toc-heading-level-4'><a class=\"ez-toc-link ez-toc-heading-15\" href=\"https:\/\/gvgarden.asia\/?product=hoa-hong-hoa-diem\/#nguyen_lieu_trong_thiet_ke_su_kien\" >Nguy\u00ean li\u1ec7u trong thi\u1ebft k\u1ebf s\u1ef1 ki\u1ec7n<\/a><\/li><\/ul><\/li><li class='ez-toc-page-1 ez-toc-heading-level-3'><a class=\"ez-toc-link ez-toc-heading-16\" href=\"https:\/\/gvgarden.asia\/?product=hoa-hong-hoa-diem\/#ket_luan\" >K\u1ebft lu\u1eadn<\/a><\/li><\/ul><\/li><\/ul><\/nav><\/div>\n<h2><span class=\"ez-toc-section\" id=\"hoa_hong_hoa_diem_da_lat_%e2%80%93_ve_dep_nong_nan_va_cuon_hut\"><\/span><strong>Hoa H\u1ed3ng H\u1ecfa Di\u1ec7m \u0110\u00e0 L\u1ea1t \u2013 V\u1ebb \u0110\u1eb9p N\u1ed3ng N\u00e0n V\u00e0 Cu\u1ed1n H\u00fat<\/strong><span class=\"ez-toc-section-end\"><\/span><\/h2>\n<h3><span class=\"ez-toc-section\" id=\"gioi_thieu_ve_hoa_hong_hoa_diem\"><\/span><strong>Gi\u1edbi thi\u1ec7u v\u1ec1 hoa h\u1ed3ng H\u1ecfa Di\u1ec7m<\/strong><span class=\"ez-toc-section-end\"><\/span><\/h3>\n<h4><span class=\"ez-toc-section\" id=\"xuat_xu_va_ten_goi\"><\/span><strong>Xu\u1ea5t x\u1ee9 v\u00e0 t\u00ean g\u1ecdi<\/strong><span class=\"ez-toc-section-end\"><\/span><\/h4>\n<div>Hoa h\u1ed3ng H\u1ecfa Di\u1ec7m l\u00e0 m\u1ed9t trong nh\u1eefng gi\u1ed1ng h\u1ed3ng lai qu\u00fd hi\u1ebfm \u0111\u01b0\u1ee3c tr\u1ed3ng ph\u1ed5 bi\u1ebfn t\u1ea1i \u0110\u00e0 L\u1ea1t \u2013 n\u01a1i c\u00f3 kh\u00ed h\u1eadu l\u00fd t\u01b0\u1edfng cho c\u00e1c gi\u1ed1ng hoa nh\u1eadp kh\u1ea9u. V\u1edbi s\u1eafc \u0111\u1ecf pha cam ch\u00e1y r\u1ef1c r\u1ee1, t\u00ean g\u1ecdi \u201cH\u1ecfa Di\u1ec7m\u201d g\u1ee3i l\u00ean h\u00ecnh \u1ea3nh ng\u1ecdn l\u1eeda b\u00f9ng ch\u00e1y m\u00e3nh li\u1ec7t, \u0111\u00fang v\u1edbi v\u1ebb \u0111\u1eb9p v\u00e0 th\u1ea7n th\u00e1i c\u1ee7a lo\u00e0i hoa n\u00e0y.<\/div>\n<h4><span class=\"ez-toc-section\" id=\"vi_tri_tren_thi_truong_hoa_tuoi\"><\/span><strong>V\u1ecb tr\u00ed tr\u00ean th\u1ecb tr\u01b0\u1eddng hoa t\u01b0\u01a1i<\/strong><span class=\"ez-toc-section-end\"><\/span><\/h4>\n<div>H\u1ecfa Di\u1ec7m hi\u1ec7n \u0111\u01b0\u1ee3c \u01b0a chu\u1ed9ng t\u1ea1i c\u00e1c shop hoa ngh\u1ec7 thu\u1eadt, s\u1ef1 ki\u1ec7n c\u01b0\u1edbi, ti\u1ec7c cao c\u1ea5p hay trang tr\u00ed showroom b\u1edfi m\u00e0u s\u1eafc n\u1ed5i b\u1eadt v\u00e0 \u0111\u1ed9 b\u1ec1n t\u1ed1t. GV Garden l\u00e0 \u0111\u01a1n v\u1ecb cung c\u1ea5p hoa h\u1ed3ng H\u1ecfa Di\u1ec7m \u0110\u00e0 L\u1ea1t ch\u1ea5t l\u01b0\u1ee3ng cao tr\u00ean to\u00e0n qu\u1ed1c.<\/div>\n<h3><span class=\"ez-toc-section\" id=\"y_nghia_cua_hoa_hong_hoa_diem\"><\/span><strong>\u00dd ngh\u0129a c\u1ee7a hoa h\u1ed3ng H\u1ecfa Di\u1ec7m<\/strong><span class=\"ez-toc-section-end\"><\/span><\/h3>\n<h4><span class=\"ez-toc-section\" id=\"bieu_tuong_cua_tinh_yeu_chay_bong\"><\/span><strong>Bi\u1ec3u t\u01b0\u1ee3ng c\u1ee7a t\u00ecnh y\u00eau ch\u00e1y b\u1ecfng<\/strong><span class=\"ez-toc-section-end\"><\/span><\/h4>\n<div>S\u1eafc \u0111\u1ecf cam r\u1ef1c r\u1ee1 t\u01b0\u1ee3ng tr\u01b0ng cho s\u1ef1 \u0111am m\u00ea, t\u00ecnh y\u00eau b\u1ec1n b\u1ec9 v\u00e0 s\u1ee9c s\u1ed1ng m\u00e3nh li\u1ec7t. H\u1ecfa Di\u1ec7m l\u00e0 l\u1ef1a ch\u1ecdn l\u00fd t\u01b0\u1edfng \u0111\u1ec3 th\u1ec3 hi\u1ec7n s\u1ef1 ng\u01b0\u1ee1ng m\u1ed9, t\u00ecnh c\u1ea3m s\u00e2u s\u1eafc ho\u1eb7c g\u1eedi g\u1eafm l\u1eddi t\u1ecf t\u00ecnh \u0111\u1ea7y \u1ea5n t\u01b0\u1ee3ng.<\/div>\n<h4><span class=\"ez-toc-section\" id=\"y_nghia_trong_phong_thuy_va_doi_song\"><\/span><strong>\u00dd ngh\u0129a trong phong th\u1ee7y v\u00e0 \u0111\u1eddi s\u1ed1ng<\/strong><span class=\"ez-toc-section-end\"><\/span><\/h4>\n<div>Theo phong th\u1ee7y, hoa m\u00e0u cam \u0111\u1ecf nh\u01b0 H\u1ecfa Di\u1ec7m gi\u00fap k\u00edch ho\u1ea1t n\u0103ng l\u01b0\u1ee3ng t\u00edch c\u1ef1c, thu h\u00fat may m\u1eafn v\u00e0 gi\u00fap kh\u00f4ng gian tr\u1edf n\u00ean \u1ea5m c\u00fang, s\u1ed1ng \u0111\u1ed9ng. \u0110\u00e2y l\u00e0 lo\u00e0i hoa l\u00fd t\u01b0\u1edfng \u0111\u1ec3 \u0111\u1eb7t trong ph\u00f2ng kh\u00e1ch, qu\u1ea7y l\u1ec5 t\u00e2n, b\u00e0n l\u00e0m vi\u1ec7c\u2026<\/div>\n<h3><span class=\"ez-toc-section\" id=\"dac_diem_noi_bat_cua_hoa_hong_hoa_diem\"><\/span><strong>\u0110\u1eb7c \u0111i\u1ec3m n\u1ed5i b\u1eadt c\u1ee7a hoa h\u1ed3ng H\u1ecfa Di\u1ec7m<\/strong><span class=\"ez-toc-section-end\"><\/span><\/h3>\n<h4><span class=\"ez-toc-section\" id=\"hinh_dang_va_mau_sac\"><\/span><strong>H\u00ecnh d\u00e1ng v\u00e0 m\u00e0u s\u1eafc<\/strong><span class=\"ez-toc-section-end\"><\/span><\/h4>\n<div>Hoa c\u00f3 form tr\u00f2n xo\u1eafn nhi\u1ec1u l\u1edbp, c\u00e1nh d\u00e0y, s\u1eafc cam \u0111\u1ecf ch\u00e1y r\u1ef1c t\u1eeb trong ra ngo\u00e0i. Khi n\u1edf ho\u00e0n to\u00e0n, hoa bung \u0111\u1ec1u, t\u1ea1o hi\u1ec7u \u1ee9ng b\u00f4ng l\u1edbn v\u00e0 r\u1ea5t thu h\u00fat \u00e1nh nh\u00ecn.<\/div>\n<h4><span class=\"ez-toc-section\" id=\"do_ben_va_huong_thom\"><\/span><strong>\u0110\u1ed9 b\u1ec1n v\u00e0 h\u01b0\u01a1ng th\u01a1m<\/strong><span class=\"ez-toc-section-end\"><\/span><\/h4>\n<div>H\u1ecfa Di\u1ec7m n\u1ed5i b\u1eadt v\u1edbi kh\u1ea3 n\u0103ng gi\u1eef t\u01b0\u01a1i t\u1eeb 5\u20137 ng\u00e0y sau c\u1eaft, c\u00e1nh hoa kh\u00f4ng d\u1ec5 r\u1ee5ng, th\u00edch h\u1ee3p \u0111\u1ec3 c\u1eafm b\u00ecnh, b\u00f3 hoa ho\u1eb7c thi\u1ebft k\u1ebf l\u1eb5ng hoa trang tr\u00ed. H\u01b0\u01a1ng th\u01a1m d\u1ecbu nh\u1eb9, thoang tho\u1ea3ng, r\u1ea5t d\u1ec5 ch\u1ecbu.<\/div>\n<h4><span class=\"ez-toc-section\" id=\"mua_vu_va_cach_cham_soc\"><\/span><strong>M\u00f9a v\u1ee5 v\u00e0 c\u00e1ch ch\u0103m s\u00f3c<\/strong><span class=\"ez-toc-section-end\"><\/span><\/h4>\n<div>Hoa n\u1edf quanh n\u0103m, \u0111\u1eb7c bi\u1ec7t \u0111\u1eb9p v\u00e0o m\u00f9a thu v\u00e0 m\u00f9a \u0111\u00f4ng. \u0110\u1ec3 gi\u1eef hoa t\u01b0\u01a1i l\u00e2u, n\u00ean thay n\u01b0\u1edbc h\u1eb1ng ng\u00e0y, c\u1eaft v\u00e1t c\u00e0nh v\u00e0 tr\u00e1nh \u0111\u1ec3 hoa d\u01b0\u1edbi \u00e1nh n\u1eafng tr\u1ef1c ti\u1ebfp.<\/div>\n<h3><span class=\"ez-toc-section\" id=\"ung_dung_cua_hoa_hong_hoa_diem_trong_cuoc_song\"><\/span><strong>\u1ee8ng d\u1ee5ng c\u1ee7a hoa h\u1ed3ng H\u1ecfa Di\u1ec7m trong cu\u1ed9c s\u1ed1ng<\/strong><span class=\"ez-toc-section-end\"><\/span><\/h3>\n<h4><span class=\"ez-toc-section\" id=\"lam_hoa_tang_va_bo_hoa_nghe_thuat\"><\/span><strong>L\u00e0m hoa t\u1eb7ng v\u00e0 b\u00f3 hoa ngh\u1ec7 thu\u1eadt<\/strong><span class=\"ez-toc-section-end\"><\/span><\/h4>\n<div>H\u1ecfa Di\u1ec7m l\u00e0 l\u1ef1a ch\u1ecdn ph\u1ed5 bi\u1ebfn \u0111\u1ec3 l\u00e0m b\u00f3 hoa t\u1eb7ng sinh nh\u1eadt, l\u1ec5 k\u1ef7 ni\u1ec7m, hoa c\u01b0\u1edbi ho\u1eb7c l\u1eddi ch\u00fac may m\u1eafn. M\u00e0u s\u1eafc \u1ea5n t\u01b0\u1ee3ng gi\u00fap b\u00f3 hoa tr\u1edf n\u00ean n\u1ed5i b\u1eadt v\u00e0 \u0111\u1eadm d\u1ea5u \u1ea5n c\u00e1 nh\u00e2n.<\/div>\n<h4><span class=\"ez-toc-section\" id=\"trang_tri_khong_gian_cao_cap\"><\/span><strong>Trang tr\u00ed kh\u00f4ng gian cao c\u1ea5p<\/strong><span class=\"ez-toc-section-end\"><\/span><\/h4>\n<div>C\u00e1c kh\u00e1ch s\u1ea1n, nh\u00e0 h\u00e0ng, spa cao c\u1ea5p hay showroom n\u1ed9i th\u1ea5t th\u01b0\u1eddng d\u00f9ng hoa H\u1ecfa Di\u1ec7m \u0111\u1ec3 t\u1ea1o \u0111i\u1ec3m nh\u1ea5n sang tr\u1ecdng v\u00e0 \u1ea5m c\u00fang cho kh\u00f4ng gian.<\/div>\n<h4><span class=\"ez-toc-section\" id=\"nguyen_lieu_trong_thiet_ke_su_kien\"><\/span><strong>Nguy\u00ean li\u1ec7u trong thi\u1ebft k\u1ebf s\u1ef1 ki\u1ec7n<\/strong><span class=\"ez-toc-section-end\"><\/span><\/h4>\n<div>V\u1edbi form hoa \u0111\u1eb9p v\u00e0 \u0111\u1ed9 b\u1ec1n cao, H\u1ecfa Di\u1ec7m l\u00e0 nguy\u00ean li\u1ec7u kh\u00f4ng th\u1ec3 thi\u1ebfu trong c\u00e1c s\u1ef1 ki\u1ec7n l\u1edbn nh\u01b0 ti\u1ec7c c\u01b0\u1edbi, h\u1ed9i ngh\u1ecb, ra m\u1eaft s\u1ea3n ph\u1ea9m, s\u00e0n di\u1ec5n th\u1eddi trang,\u2026<\/div>\n<h3><span class=\"ez-toc-section\" id=\"ket_luan\"><\/span><strong>K\u1ebft lu\u1eadn<\/strong><span class=\"ez-toc-section-end\"><\/span><\/h3>\n<div>Hoa h\u1ed3ng H\u1ecfa Di\u1ec7m \u0110\u00e0 L\u1ea1t kh\u00f4ng ch\u1ec9 l\u00e0 bi\u1ec3u t\u01b0\u1ee3ng c\u1ee7a v\u1ebb \u0111\u1eb9p r\u1ef1c ch\u00e1y m\u00e0 c\u00f2n l\u00e0 l\u1ef1a ch\u1ecdn tinh t\u1ebf cho m\u1ecdi kh\u00f4ng gian v\u00e0 d\u1ecbp \u0111\u1eb7c bi\u1ec7t. GV Garden h\u00e2n h\u1ea1nh mang \u0111\u1ebfn cho b\u1ea1n nh\u1eefng b\u00f4ng H\u1ecfa Di\u1ec7m chu\u1ea9n form, chu\u1ea9n m\u00e0u, lu\u00f4n t\u01b0\u01a1i m\u1edbi m\u1ed7i ng\u00e0y.<\/div>\n<p>&nbsp;<\/p>\n","protected":false},"excerpt":{"rendered":"<p>Hoa H\u1ed3ng H\u1ecfa Di\u1ec7m \u0110\u00e0 L\u1ea1t \u2013 V\u1ebb \u0110\u1eb9p N\u1ed3ng N\u00e0n V\u00e0 Cu\u1ed1n H\u00fat Gi\u1edbi thi\u1ec7u v\u1ec1 hoa h\u1ed3ng H\u1ecfa Di\u1ec7m Xu\u1ea5t x\u1ee9 v\u00e0 t\u00ean g\u1ecdi Hoa h\u1ed3ng H\u1ecfa Di\u1ec7m l\u00e0 m\u1ed9t trong nh\u1eefng gi\u1ed1ng h\u1ed3ng lai qu\u00fd hi\u1ebfm \u0111\u01b0\u1ee3c tr\u1ed3ng ph\u1ed5 bi\u1ebfn t\u1ea1i \u0110\u00e0 L\u1ea1t \u2013 n\u01a1i c\u00f3 kh\u00ed h\u1eadu l\u00fd t\u01b0\u1edfng cho c\u00e1c [&#8230;]\n","protected":false},"featured_media":4390,"comment_status":"open","ping_status":"closed","template":"","meta":[],"product_brand":[],"product_cat":[298,273],"product_tag":[402,401,400,404,315,403],"class_list":{"0":"post-4354","1":"product","2":"type-product","3":"status-publish","4":"has-post-thumbnail","6":"product_cat-hoa-hong-da-lat-hoa-noi-dia-viet-nam-2","7":"product_cat-hoa-noi-dia-viet-nam","8":"product_tag-hoa-hong-canh-xoan","9":"product_tag-hoa-hong-do-cam","10":"product_tag-hoa-hong-hoa-diem-da-lat","11":"product_tag-hoa-su-kien-dep","12":"product_tag-hoa-tang-cao-cap","13":"product_tag-mua-hoa-hoa-diem","15":"first","16":"instock","17":"shipping-taxable","18":"product-type-simple"},"_links":{"self":[{"href":"https:\/\/gvgarden.asia\/index.php?rest_route=\/wp\/v2\/product\/4354","targetHints":{"allow":["GET"]}}],"collection":[{"href":"https:\/\/gvgarden.asia\/index.php?rest_route=\/wp\/v2\/product"}],"about":[{"href":"https:\/\/gvgarden.asia\/index.php?rest_route=\/wp\/v2\/types\/product"}],"replies":[{"embeddable":true,"href":"https:\/\/gvgarden.asia\/index.php?rest_route=%2Fwp%2Fv2%2Fcomments&post=4354"}],"version-history":[{"count":3,"href":"https:\/\/gvgarden.asia\/index.php?rest_route=\/wp\/v2\/product\/4354\/revisions"}],"predecessor-version":[{"id":5647,"href":"https:\/\/gvgarden.asia\/index.php?rest_route=\/wp\/v2\/product\/4354\/revisions\/5647"}],"wp:featuredmedia":[{"embeddable":true,"href":"https:\/\/gvgarden.asia\/index.php?rest_route=\/wp\/v2\/media\/4390"}],"wp:attachment":[{"href":"https:\/\/gvgarden.asia\/index.php?rest_route=%2Fwp%2Fv2%2Fmedia&parent=4354"}],"wp:term":[{"taxonomy":"product_brand","embeddable":true,"href":"https:\/\/gvgarden.asia\/index.php?rest_route=%2Fwp%2Fv2%2Fproduct_brand&post=4354"},{"taxonomy":"product_cat","embeddable":true,"href":"https:\/\/gvgarden.asia\/index.php?rest_route=%2Fwp%2Fv2%2Fproduct_cat&post=4354"},{"taxonomy":"product_tag","embeddable":true,"href":"https:\/\/gvgarden.asia\/index.php?rest_route=%2Fwp%2Fv2%2Fproduct_tag&post=4354"}],"curies":[{"name":"wp","href":"https:\/\/api.w.org\/{rel}","templated":true}]}}